000
CXUS56 KPQR 011625
CLMSPB


CLIMATE REPORT
NATIONAL WEATHER SERVICE PORTLAND OREGON
925 AM PDT WED NOV 1 2017

...................................

...THE SCAPPOOSE OR CLIMATE SUMMARY FOR THE MONTH OF OCTOBER 2017...

CLIMATE NORMAL PERIOD 1981 TO 2010
CLIMATE RECORD PERIOD 9999 TO 9999

WEATHER         OBSERVED          NORMAL  DEPART  LAST YEAR`S
                 VALUE   DATE(S)  VALUE   FROM    VALUE  DATE(S)
                                          NORMAL
................................................................
TEMPERATURE (F)
HIGHEST            76                                 67  10/28
                                                          10/11
                                                          10/08
LOWEST             30                                 35  10/11
AVG. MAXIMUM     64.1              63.2     0.9     60.9
AVG. MINIMUM     39.2              41.0    -1.8     47.5
MEAN             51.6              52.1    -0.5     54.2
DAYS MAX >= 90      0               0.0     0.0        0
DAYS MAX <= 32      0               0.0     0.0        0
DAYS MIN <= 32      1               2.1    -1.1        0
DAYS MIN <= 0       0               0.0     0.0        0

PRECIPITATION (INCHES)
RECORD
 MAXIMUM           MM   MM
 MINIMUM           MM   MM
TOTALS           4.58              3.03    1.55    10.69
DAYS >= .01        10                MM      MM       28
DAYS >= .10         6                MM      MM       19
DAYS >= .50         2                MM      MM        7
DAYS >= 1.00        1                MM      MM        1
GREATEST
 24 HR. TOTAL    2.38   10/21 TO 10/21

DEGREE_DAYS
HEATING TOTAL     408               400       8      326
 SINCE 7/1        523               606     -83      503
COOLING TOTAL       0                 1      -1        0
 SINCE 1/1        503               251     252      362
.................................................................

WIND (MPH)
AVERAGE WIND SPEED              2.9
RESULTANT WIND SPEED/DIRECTION   0/281
HIGHEST WIND SPEED/DIRECTION    18/150    DATE  10/21
HIGHEST GUST SPEED/DIRECTION    27/150    DATE  10/21

SKY COVER
POSSIBLE SUNSHINE (PERCENT)   MM
AVERAGE SKY COVER           0.40

AVERAGE RH (PERCENT)     77

WEATHER CONDITIONS. NUMBER OF DAYS WITH
THUNDERSTORM              0     MIXED PRECIP               0
HEAVY RAIN                2     RAIN                       4
LIGHT RAIN               13     FREEZING RAIN              0
LT FREEZING RAIN          0     HAIL                       0
HEAVY SNOW                0     SNOW                       0
LIGHT SNOW                0     SLEET                      0
FOG                      25     FOG W/VIS <= 1/4 MILE     10
HAZE                      0

-  INDICATES NEGATIVE NUMBERS.
R  INDICATES RECORD WAS SET OR TIED.
MM INDICATES DATA IS MISSING.
T  INDICATES TRACE AMOUNT.

$$
