000
CXUS53 KEAX 010713
CLMSTJ

CLIMATE REPORT
NATIONAL WEATHER SERVICE KANSAS CITY/PLEASANT HILL MO
106 AM CST WED FEB 1 2017

...................................

...THE ST. JOSEPH MO CLIMATE SUMMARY FOR THE MONTH OF JANUARY 2017...

CLIMATE NORMAL PERIOD 1981 TO 2010
CLIMATE RECORD PERIOD 1892 TO 2017

WEATHER         OBSERVED          NORMAL  DEPART  LAST YEAR`S
                 VALUE   DATE(S)  VALUE   FROM    VALUE  DATE(S)
                                          NORMAL
................................................................
TEMPERATURE (F)
RECORD
 HIGH              73   MM
 LOW              -17   01/04/2010
HIGHEST            61   01/30        60       1       63  01/29
LOWEST             -6   01/07        -3      -3      -10  01/18
AVG. MAXIMUM     40.7              37.1     3.6     37.1
AVG. MINIMUM     24.5              17.4     7.1     17.5
MEAN             33.6              27.2     6.4     27.3
DAYS MAX >= 90      0               0.0     0.0        0
DAYS MAX <= 32      6              10.5    -4.5       11
DAYS MIN <= 32     22              28.9    -6.9       30
DAYS MIN <= 0       1               3.0    -2.0        2

PRECIPITATION (INCHES)
RECORD
 MAXIMUM         4.55   1949
 MINIMUM         0.00   2000
TOTALS           0.97              0.56    0.41     0.59
DAILY AVG.       0.03              0.02    0.01     0.02
DAYS >= .01         7               4.9     2.1        3
DAYS >= .10         3               1.9     1.1        2
DAYS >= .50         0               0.2    -0.2        0
DAYS >= 1.00        0               0.0     0.0        0
GREATEST
 24 HR. TOTAL    0.61   01/15 TO 01/16

DEGREE_DAYS
HEATING TOTAL     812              1170    -358     1163
 SINCE 7/1       2632              3383    -751     2825
COOLING TOTAL       0                 0       0        0
 SINCE 1/1          0                 0       0        0
.................................................................

WIND (MPH)
AVERAGE WIND SPEED              8.6
HIGHEST WIND SPEED/DIRECTION    30/MM     DATE   MM
HIGHEST GUST SPEED/DIRECTION    39/MM     DATE   MM

SKY COVER
POSSIBLE SUNSHINE (PERCENT)    0
AVERAGE SKY COVER           0.50
NUMBER OF DAYS FAIR           11
NUMBER OF DAYS PC             10
NUMBER OF DAYS CLOUDY         10

AVERAGE RH (PERCENT)     71

WEATHER CONDITIONS. NUMBER OF DAYS WITH
THUNDERSTORM              1     MIXED PRECIP               0
HEAVY RAIN                1     RAIN                       2
LIGHT RAIN                7     FREEZING RAIN              0
LT FREEZING RAIN          2     HAIL                       0
HEAVY SNOW                0     SNOW                       0
LIGHT SNOW                1     SLEET                      0
FOG                      17     FOG W/VIS <= 1/4 MILE      6
HAZE                      1

-  INDICATES NEGATIVE NUMBERS.
R  INDICATES RECORD WAS SET OR TIED.
MM INDICATES DATA IS MISSING.
T  INDICATES TRACE AMOUNT.

$$
