000
CXUS54 KBMX 011253
CLMTCL


CLIMATE REPORT
NATIONAL WEATHER SERVICE BIRMINGHAM, AL
752 AM CDT MON JUN 1 2015

...................................

...THE TUSCALOOSA CLIMATE SUMMARY FOR THE MONTH OF MAY 2015...

CLIMATE NORMAL PERIOD 1994 TO 1994
CLIMATE RECORD PERIOD 1994 TO 2015

WEATHER         OBSERVED          NORMAL  DEPART  LAST YEAR`S
                 VALUE   DATE(S)  VALUE   FROM    VALUE  DATE(S)
                                          NORMAL
................................................................
TEMPERATURE (F)
RECORD
 HIGH              98   05/31/1951
 LOW               36   05/04/1976
HIGHEST            91   05/10        MM      MM       91  05/26
                                                          05/25
LOWEST             46   05/02        MM      MM       46  05/03
AVG. MAXIMUM     84.3              83.4     0.9     83.3
AVG. MINIMUM     61.6              59.9     1.7     59.8
MEAN             72.9                               71.6
DAYS MAX >= 90      1               4.0    -3.0        5
DAYS MAX <= 32      0               0.0     0.0        0
DAYS MIN <= 32      0               0.0     0.0        0
DAYS MIN <= 0       0               0.0     0.0        0

PRECIPITATION (INCHES)
RECORD
 MAXIMUM        11.13   1965
 MINIMUM         0.06   2007
TOTALS           2.32              3.98   -1.66     1.58
DAILY AVG.       0.07              0.13   -0.06
DAYS >= .01         9               9.5    -0.5
DAYS >= .10         7               6.7     0.3
DAYS >= .50         1               3.2    -2.2
DAYS >= 1.00        0               1.5    -1.5

DEGREE_DAYS
COOLING TOTAL     264               223      41      233
 SINCE 1/1        361               311      50      290
.................................................................

WIND (MPH)
AVERAGE WIND SPEED              4.6
HIGHEST WIND SPEED/DIRECTION    31/150    DATE  05/27
HIGHEST GUST SPEED/DIRECTION    43/150    DATE  05/27

AVERAGE RH (PERCENT)     69

WEATHER CONDITIONS. NUMBER OF DAYS WITH
THUNDERSTORM              0     MIXED PRECIP               0
HEAVY RAIN                7     RAIN                       6
LIGHT RAIN               10     FREEZING RAIN              0
LT FREEZING RAIN          0     HAIL                       0
HEAVY SNOW                0     SNOW                       0
LIGHT SNOW                0     SLEET                      0
FOG                      26     FOG W/VIS <= 1/4 MILE      3
HAZE                     12

-  INDICATES NEGATIVE NUMBERS.
R  INDICATES RECORD WAS SET OR TIED.
MM INDICATES DATA IS MISSING.
T  INDICATES TRACE AMOUNT.

$$
