000
CXUS52 KTAE 102038
CLMTLH

CLIMATE REPORT
NATIONAL WEATHER SERVICE TALLAHASSEE FL
734 AM EST WED MAR 1 2017

...................................

...THE TALLAHASSEE CLIMATE SUMMARY FOR THE MONTH OF FEBRUARY 2017...

CLIMATE NORMAL PERIOD 1981 TO 2010
CLIMATE RECORD PERIOD 1896 TO 2017

WEATHER         OBSERVED          NORMAL  DEPART  LAST YEAR`S
                 VALUE   DATE(S)  VALUE   FROM    VALUE  DATE(S)
                                          NORMAL
................................................................
TEMPERATURE (F)
RECORD
 HIGH              89   02/28/1948
 LOW               -2   02/13/1899
HIGHEST            83   02/28                         79  02/01
                        02/24
LOWEST             32   02/17                         27  02/10
AVG. MAXIMUM     76.1              67.5     8.6     68.5
AVG. MINIMUM     48.1              41.9     6.2     41.1
MEAN             62.1              54.7     7.4     54.8
DAYS MAX >= 90      0               0.0     0.0        0
DAYS MAX <= 32      0               0.0     0.0        0
DAYS MIN <= 32      1               5.7    -4.7        6
DAYS MIN <= 0       0               0.0     0.0        0

PRECIPITATION (INCHES)
RECORD
 MAXIMUM        12.36   2013
 MINIMUM         0.45   1911
TOTALS           2.72              4.85   -2.13     4.45
DAILY AVG.       0.10              0.17   -0.07     0.15
DAYS >= .01         4               8.4    -4.4        5
DAYS >= .10         2               5.6    -3.6        4
DAYS >= .50         2               3.0    -1.0        4
DAYS >= 1.00        2               1.5     0.5        2
GREATEST
 24 HR. TOTAL    1.39   02/07 TO 02/07

SNOWFALL (INCHES)
RECORDS
 TOTAL            2.8   1958
TOTALS            0.0
SINCE 7/1         0.0               0.1    -0.1      0.0
SNOWDEPTH AVG.      0
DAYS >= 1.0         0               0.0     0.0        0
GREATEST
 SNOW DEPTH         0
 24 HR TOTAL      0.0

DEGREE_DAYS
HEATING TOTAL     105               297    -192      293
 SINCE 7/1        648              1343    -695      845
COOLING TOTAL      30                 9      21        3
 SINCE 1/1         60                14      46        3
.................................................................

WIND (MPH)
AVERAGE WIND SPEED              5.8
HIGHEST WIND SPEED/DIRECTION    41/290    DATE  02/07
HIGHEST GUST SPEED/DIRECTION    54/290    DATE  02/07

SKY COVER
AVERAGE SKY COVER           0.40

AVERAGE RH (PERCENT)     69

WEATHER CONDITIONS. NUMBER OF DAYS WITH
THUNDERSTORM              0     MIXED PRECIP               0
HEAVY RAIN                2     RAIN                       3
LIGHT RAIN                6     FREEZING RAIN              0
LT FREEZING RAIN          0     HAIL                       0
HEAVY SNOW                0     SNOW                       0
LIGHT SNOW                0     SLEET                      0
FOG                      19     FOG W/VIS <= 1/4 MILE      8
HAZE                      3

-  INDICATES NEGATIVE NUMBERS.
R  INDICATES RECORD WAS SET OR TIED.
MM INDICATES DATA IS MISSING.
T  INDICATES TRACE AMOUNT.

$$
