000
CXUS52 KTAE 160633
CLMTLH

CLIMATE REPORT
NATIONAL WEATHER SERVICE TALLAHASSEE FL
233 AM EDT SAT SEP 16 2017

...................................

...THE TALLAHASSEE CLIMATE SUMMARY FOR THE MONTH OF AUGUST 2017...

CLIMATE NORMAL PERIOD 1981 TO 2010
CLIMATE RECORD PERIOD 1896 TO 2017

WEATHER         OBSERVED          NORMAL  DEPART  LAST YEAR`S
                 VALUE   DATE(S)  VALUE   FROM    VALUE  DATE(S)
                                          NORMAL
................................................................
TEMPERATURE (F)
RECORD
 HIGH             103   08/15/1995
 LOW               57   08/23/1997
HIGHEST            98   08/18                        100  08/23
LOWEST             64   08/01                         73  08/15
AVG. MAXIMUM     91.3              91.5    -0.2     93.5
AVG. MINIMUM     74.1              72.1     2.0     75.9
MEAN             82.7              81.8     0.9     84.7
DAYS MAX >= 90     23              22.0     1.0       27
DAYS MAX <= 32      0               0.0     0.0        0
DAYS MIN <= 32      0               0.0     0.0        0
DAYS MIN <= 0       0               0.0     0.0        0

PRECIPITATION (INCHES)
RECORD
 MAXIMUM        16.52   2008
 MINIMUM         2.03   2011
TOTALS           7.57              7.35    0.22     7.60
DAILY AVG.       0.24              0.24    0.00     0.25
DAYS >= .01        16              14.4     1.6       16
DAYS >= .10        11               9.5     1.5       12
DAYS >= .50         5               4.8     0.2        5
DAYS >= 1.00        2               2.3    -0.3        3
GREATEST
 24 HR. TOTAL    2.06   08/13 TO 08/13

SNOWFALL (INCHES)
RECORDS
 TOTAL            0.0
TOTALS            0.0
SINCE 7/1         0.0               0.0     0.0      0.0
SNOWDEPTH AVG.      0
DAYS >= 1.0         0               0.0     0.0        0
GREATEST
 SNOW DEPTH         0
 24 HR TOTAL      0.0

DEGREE_DAYS
HEATING TOTAL       0                 0       0        0
 SINCE 7/1          0                 0       0        0
COOLING TOTAL     554               521      33      619
 SINCE 1/1       2178              1953     225     2405
.................................................................

WIND (MPH)
AVERAGE WIND SPEED              4.4
HIGHEST WIND SPEED/DIRECTION    25/190    DATE  08/13
HIGHEST GUST SPEED/DIRECTION    31/190    DATE  08/13

SKY COVER
AVERAGE SKY COVER           0.50

AVERAGE RH (PERCENT)     78

WEATHER CONDITIONS. NUMBER OF DAYS WITH
THUNDERSTORM              0     MIXED PRECIP               0
HEAVY RAIN                8     RAIN                       9
LIGHT RAIN               18     FREEZING RAIN              0
LT FREEZING RAIN          0     HAIL                       0
HEAVY SNOW                0     SNOW                       0
LIGHT SNOW                0     SLEET                      0
FOG                      19     FOG W/VIS <= 1/4 MILE      1
HAZE                      1

-  INDICATES NEGATIVE NUMBERS.
R  INDICATES RECORD WAS SET OR TIED.
MM INDICATES DATA IS MISSING.
T  INDICATES TRACE AMOUNT.

$$
