000
CXUS52 KTAE 011235
CLMTLH

CLIMATE REPORT
NATIONAL WEATHER SERVICE TALLAHASSEE FL
732 AM EST MON JAN 1 2018

...................................

...THE TALLAHASSEE CLIMATE SUMMARY FOR THE MONTH OF DECEMBER 2017...

CLIMATE NORMAL PERIOD 1981 TO 2010
CLIMATE RECORD PERIOD 1896 TO 2017

WEATHER         OBSERVED          NORMAL  DEPART  LAST YEAR`S
                 VALUE   DATE(S)  VALUE   FROM    VALUE  DATE(S)
                                          NORMAL
................................................................
TEMPERATURE (F)
RECORD
 HIGH              84   12/07/2013
                        12/16/1971
                        12/14/1931
 LOW               10   12/13/1962
HIGHEST            80   12/18
LOWEST             26   12/11
                        12/10
AVG. MAXIMUM     65.7              65.3     0.4
AVG. MINIMUM     45.3              41.1     4.2
MEAN             55.5              53.2     2.3
DAYS MAX >= 90      0               0.0     0.0
DAYS MAX <= 32      0               0.0     0.0
DAYS MIN <= 32      4               7.9    -3.9
DAYS MIN <= 0       0               0.0     0.0

PRECIPITATION (INCHES)
RECORD
 MAXIMUM        12.78   1907
 MINIMUM         0.00   1889
TOTALS           1.99              3.90   -1.91
DAILY AVG.       0.06              0.13   -0.07
DAYS >= .01         9               8.1     0.9
DAYS >= .10         6               5.5     0.5
DAYS >= .50         1               2.5    -1.5
DAYS >= 1.00        0               1.1    -1.1
GREATEST
 24 HR. TOTAL    0.58   12/08 TO 12/08

SNOWFALL (INCHES)
RECORDS
 TOTAL            1.0   1989
TOTALS            0.0
SINCE 7/1         0.0               0.1    -0.1
SNOWDEPTH AVG.      0
DAYS >= 1.0         0               0.0     0.0
GREATEST
 SNOW DEPTH         0
 24 HR TOTAL      0.0

DEGREE_DAYS
HEATING TOTAL     316               379     -63
 SINCE 7/1        488               615    -127
COOLING TOTAL      30                13      17
 SINCE 1/1       2968              2593     375
.................................................................

WIND (MPH)
AVERAGE WIND SPEED              5.5
HIGHEST WIND SPEED/DIRECTION    25/330    DATE  12/26
HIGHEST GUST SPEED/DIRECTION    32/090    DATE  12/13

SKY COVER
AVERAGE SKY COVER           0.60

AVERAGE RH (PERCENT)     77

WEATHER CONDITIONS. NUMBER OF DAYS WITH
THUNDERSTORM              0     MIXED PRECIP               0
HEAVY RAIN                3     RAIN                       4
LIGHT RAIN               11     FREEZING RAIN              0
LT FREEZING RAIN          0     HAIL                       0
HEAVY SNOW                0     SNOW                       0
LIGHT SNOW                0     SLEET                      0
FOG                      22     FOG W/VIS <= 1/4 MILE     10
HAZE                      2

-  INDICATES NEGATIVE NUMBERS.
R  INDICATES RECORD WAS SET OR TIED.
MM INDICATES DATA IS MISSING.
T  INDICATES TRACE AMOUNT.

$$
