000
CXUS55 KLKN 091929
CLMTPH

CLIMATE REPORT...EDITED
NATIONAL WEATHER SERVICE ELKO NV
1200 PM PDT MON OCT 9 2017

...................................

...THE TONOPAH AIRPORT NV CLIMATE SUMMARY FOR THE MONTH OF
SEPTEMBER 2017...

CLIMATE NORMAL PERIOD 1981 TO 2010
CLIMATE RECORD PERIOD 1954 TO 2017

WEATHER         OBSERVED          NORMAL  DEPART  LAST YEAR`S
                 VALUE   DATE(S)  VALUE   FROM    VALUE  DATE(S)
                                          NORMAL
................................................................
TEMPERATURE (F)
RECORD
 HIGH              96   09/02/2017
                        09/02/1959
                        07/18/1998
 LOW               24   09/30/1982
HIGHEST            96R  09/02        91       5       91  09/01
LOWEST             31   09/24        37      -6       36  09/14
AVG. MAXIMUM     78.9              80.8    -1.9     80.7
AVG. MINIMUM     49.7              48.1     1.6     48.1
MEAN             64.3              64.5    -0.2     64.4
DAYS MAX >= 90      5               2.1     2.9        2
DAYS MAX <= 32      0               0.0     0.0        0
DAYS MIN <= 32      1               0.3     0.7        0
DAYS MIN <= 0       0               0.0     0.0        0

PRECIPITATION (INCHES)
RECORD
 MAXIMUM         2.05   1978
 MINIMUM         0.00   2001
                        1996
                        1987
TOTALS           0.09              0.38   -0.29     1.21
DAILY AVG.       0.00              0.01   -0.01     0.04
DAYS >= .01         3               2.7     0.3        4
DAYS >= .10         0               1.2    -1.2        1
DAYS >= .50         0               0.1    -0.1        1
DAYS >= 1.00        0               0.0     0.0        1
GREATEST
 24 HR. TOTAL    0.07   09/13 TO 09/13              1.14

DEGREE_DAYS
HEATING TOTAL     132                85      47       69
 SINCE 7/1        132                91      41       69
COOLING TOTAL     117                68      49       59
 SINCE 1/1       1222               781     441     1022
.................................................................

WIND (MPH)
AVERAGE WIND SPEED              9.4
HIGHEST WIND SPEED/DIRECTION    39/170    DATE  09/05
HIGHEST GUST SPEED/DIRECTION    54/160    DATE  09/05

AVERAGE RH (PERCENT)     46

WEATHER CONDITIONS. NUMBER OF DAYS WITH
THUNDERSTORM              7     MIXED PRECIP               0
HEAVY RAIN                0     RAIN                       1
LIGHT RAIN               11     FREEZING RAIN              0
LT FREEZING RAIN          0     HAIL                       0
HEAVY SNOW                0     SNOW                       0
LIGHT SNOW                0     SLEET                      0
FOG                       1     FOG W/VIS <= 1/4 MILE      0
HAZE                      0

-  INDICATES NEGATIVE NUMBERS.
R  INDICATES RECORD WAS SET OR TIED.
MM INDICATES DATA IS MISSING.
T  INDICATES TRACE AMOUNT.

&&

=====================================================================

A RECORD DAILY MAXIMUM TEMP OF 96 WAS TIED ON THE 2ND.
THIS TIED THE ALL TIME WARMEST SEPTEMBER HIGH ON RECORD.

A RECORD DAILY PRECIP OF 0.07 INCHES WAS SET ON THE 13TH.

$$

DS
