000
CXUS56 KPQR 011447
CLMTTD


CLIMATE REPORT
NATIONAL WEATHER SERVICE PORTLAND OREGON
746 AM PDT MON AUG 1 2016

...................................

...THE TROUTDALE OR CLIMATE SUMMARY FOR THE MONTH OF JULY 2016...

CLIMATE NORMAL PERIOD 1981 TO 2010
CLIMATE RECORD PERIOD 1948 TO 2016

WEATHER         OBSERVED          NORMAL  DEPART  LAST YEAR`S
                 VALUE   DATE(S)  VALUE   FROM    VALUE  DATE(S)
                                          NORMAL
................................................................
TEMPERATURE (F)
HIGHEST            95                                104  07/30
LOWEST             53                                 54  07/28
                                                          07/17
AVG. MAXIMUM     79.5              81.4    -1.9     87.6
AVG. MINIMUM     58.0              54.0     4.0     59.8
MEAN             68.8              67.7     1.1     73.7
DAYS MAX >= 90      2               5.6    -3.6       12
DAYS MAX <= 32      0               0.0     0.0        0
DAYS MIN <= 32      0               0.0     0.0        0
DAYS MIN <= 0       0               0.0     0.0        0

PRECIPITATION (INCHES)
RECORD
 MAXIMUM           MM   MM
 MINIMUM           MM   MM
TOTALS           0.76              0.74    0.02     0.56
DAYS >= .01         6               3.9     2.1        3
DAYS >= .10         3               2.3     0.7        2
DAYS >= .50         0               0.5    -0.5        0
DAYS >= 1.00        0               0.0     0.0        0
GREATEST
 24 HR. TOTAL    0.32   07/22 TO 07/22
                        07/21 TO 07/22
                        07/22 TO 07/22

DEGREE_DAYS
HEATING TOTAL       6                33     -27        1
 SINCE 7/1          6                33     -27        1
COOLING TOTAL     130               116      14      281
 SINCE 1/1        287               175              464
.................................................................

WIND (MPH)
AVERAGE WIND SPEED              3.5
RESULTANT WIND SPEED/DIRECTION   0/154
HIGHEST WIND SPEED/DIRECTION    18/250    DATE  07/21
HIGHEST GUST SPEED/DIRECTION    24/180    DATE  07/09

SKY COVER
POSSIBLE SUNSHINE (PERCENT)   MM
AVERAGE SKY COVER           0.50
NUMBER OF DAYS FAIR           12
NUMBER OF DAYS PC             11
NUMBER OF DAYS CLOUDY          8

AVERAGE RH (PERCENT)     64

WEATHER CONDITIONS. NUMBER OF DAYS WITH
THUNDERSTORM              0     MIXED PRECIP               0
HEAVY RAIN                0     RAIN                       3
LIGHT RAIN                6     FREEZING RAIN              0
LT FREEZING RAIN          0     HAIL                       0
HEAVY SNOW                0     SNOW                       0
LIGHT SNOW                0     SLEET                      0
FOG                       3     FOG W/VIS <= 1/4 MILE      0
HAZE                      0

-  INDICATES NEGATIVE NUMBERS.
R  INDICATES RECORD WAS SET OR TIED.
MM INDICATES DATA IS MISSING.
T  INDICATES TRACE AMOUNT.

$$
