943
CXUS51 KPHI 011145
CLMTTN


CLIMATE REPORT
NATIONAL WEATHER SERVICE MOUNT HOLLY NJ
743 AM EDT FRI SEP 1 2017

...................................

...THE TRENTON NJ CLIMATE SUMMARY FOR THE MONTH OF AUGUST 2017...

CLIMATE NORMAL PERIOD 1981 TO 2010
CLIMATE RECORD PERIOD 1865 TO 2017

WEATHER         OBSERVED          NORMAL  DEPART  LAST YEAR`S
                 VALUE   DATE(S)  VALUE   FROM    VALUE
                                          NORMAL
.............................................................
TEMPERATURE (F)
RECORD
 HIGH             105   08/07/1918
 LOW               41   08/30/1986
                        08/29/1986
HIGHEST            91                MM      MM       96
LOWEST             55                MM      MM       56
AVG. MAXIMUM     81.6              83.6    -2.0     87.9
AVG. MINIMUM     63.6              64.2    -0.6     68.1
MEAN             72.6              73.9    -1.3     78.0
DAYS MAX >= 90      2               4.7    -2.7       12
DAYS MAX <= 32      0               0.0     0.0        0
DAYS MIN <= 32      0               0.0     0.0        0
DAYS MIN <= 0       0               0.0     0.0        0

PRECIPITATION (INCHES)
RECORD
 MAXIMUM        16.10   2011
 MINIMUM         0.47   1964
TOTALS           3.09              4.10   -1.01     1.19
DAILY AVG.       0.10              0.13   -0.03     0.04
DAYS >= .01        10                MM      MM        8
DAYS >= .10         8                MM      MM        4
DAYS >= .50         3                MM      MM        0
DAYS >= 1.00        0                MM      MM        0
GREATEST
 24 HR. TOTAL    0.82   08/07 TO 08/07              0.42

DEGREE_DAYS
HEATING TOTAL       1                 3      -2        0
 SINCE 7/1          1                 3      -2        0
COOLING TOTAL     247               279     -32      411
 SINCE 1/1        920               856      64     1151
..............................................................

WIND (MPH)
AVERAGE WIND SPEED              5.4
HIGHEST WIND SPEED/DIRECTION    26/200    DATE  08/03
HIGHEST GUST SPEED/DIRECTION    35/210    DATE  08/03

SKY COVER
POSSIBLE SUNSHINE (PERCENT)   MM
AVERAGE SKY COVER           0.30
NUMBER OF DAYS FAIR           19
NUMBER OF DAYS PC              9
NUMBER OF DAYS CLOUDY          3

AVERAGE RH (PERCENT)     73

WEATHER CONDITIONS. NUMBER OF DAYS WITH
THUNDERSTORM              0     MIXED PRECIP               0
HEAVY RAIN                5     RAIN                       7
LIGHT RAIN               13     FREEZING RAIN              0
LT FREEZING RAIN          0     HEAVY SNOW                 0
SNOW                      0     LIGHT SNOW                 0
SLEET                     0     FOG                       14
FOG W/VIS <= 1/4 MILE     2     HAZE                       4

-  INDICATES NEGATIVE NUMBERS.
R  INDICATES RECORD WAS SET OR TIED.
MM INDICATES DATA IS MISSING.
T  INDICATES TRACE AMOUNT.

$$
