000
CXUS54 KTSA 011123
CLMTUL

CLIMATE REPORT
NATIONAL WEATHER SERVICE TULSA OK
623 AM CDT WED OCT 1 2014

...................................

...THE TULSA OKLAHOMA CLIMATE SUMMARY FOR THE MONTH OF SEPTEMBER 2014...

CLIMATE NORMAL PERIOD 1981 TO 2010
CLIMATE RECORD PERIOD 1882 TO 2014

WEATHER         OBSERVED          NORMAL  DEPART  LAST YEAR`S
                 VALUE   DATE(S)  VALUE   FROM    VALUE  DATE(S)
                                          NORMAL
................................................................
TEMPERATURE (F)
RECORD
 HIGH             109   09/03/1939
                        09/02/1939
 LOW               35   09/30/1984
                        09/27/1942
HIGHEST            97   09/04        84      13       99  09/08
                        09/01                             09/07
LOWEST             51   09/22        62     -11       50  09/30
                        09/14
AVG. MAXIMUM     84.7              83.9     0.8     88.4
AVG. MINIMUM     62.8              62.1     0.7     64.3
MEAN             73.8              73.0     0.8     76.4
DAYS MAX >= 90      7               7.6    -0.6       15
DAYS MAX <= 32      0               0.0     0.0        0
DAYS MIN <= 32      0               0.0     0.0        0
DAYS MIN <= 0       0               0.0     0.0        0

PRECIPITATION (INCHES)
RECORD
 MAXIMUM        18.81   1971
 MINIMUM         0.00   1888
TOTALS           2.19              4.26   -2.07     2.50
DAILY AVG.       0.07              0.14   -0.07     0.08
DAYS >= .01         7               8.0    -1.0        6
DAYS >= .10         4               5.6    -1.6        3
DAYS >= .50         1               2.8    -1.8        2
DAYS >= 1.00        1               1.3    -0.3        1
GREATEST
 24 HR. TOTAL    1.07   09/02 TO 09/02

DEGREE_DAYS
HEATING TOTAL      12                24     -12        1
 SINCE 7/1         13                24     -11        1
COOLING TOTAL     281               264      17      348
 SINCE 1/1       1934              1965     -31     1977
.................................................................

WIND (MPH)
AVERAGE WIND SPEED              9.0
HIGHEST WIND SPEED/DIRECTION    26/190    DATE  09/10
HIGHEST GUST SPEED/DIRECTION    35/190    DATE  09/10

SKY COVER
POSSIBLE SUNSHINE (PERCENT)   MM
AVERAGE SKY COVER           0.50
NUMBER OF DAYS FAIR           11
NUMBER OF DAYS PC             12
NUMBER OF DAYS CLOUDY          7

AVERAGE RH (PERCENT)     69

WEATHER CONDITIONS. NUMBER OF DAYS WITH
THUNDERSTORM              0     MIXED PRECIP               0
HEAVY RAIN                3     RAIN                       3
LIGHT RAIN               10     FREEZING RAIN              0
LT FREEZING RAIN          0     HAIL                       0
HEAVY SNOW                0     SNOW                       0
LIGHT SNOW                0     SLEET                      0
FOG                      13     FOG W/VIS <= 1/4 MILE      0
HAZE                      4

-  INDICATES NEGATIVE NUMBERS.
R  INDICATES RECORD WAS SET OR TIED.
MM INDICATES DATA IS MISSING.
T  INDICATES TRACE AMOUNT.

&&
-------------------------------------------------------------------
 YEARLY PRECIPITATION (INCHES):
 TOTAL.....................20.71
 DEPARTURE FROM NORMAL.....-11.03
$$
