000
CXUS54 KTSA 011344
CLMTUL

CLIMATE REPORT
NATIONAL WEATHER SERVICE TULSA OK
447 AM CST WED FEB 1 2017

...................................

...THE TULSA OKLAHOMA CLIMATE SUMMARY FOR THE MONTH OF JANUARY 2017...

CLIMATE NORMAL PERIOD 1981 TO 2010
CLIMATE RECORD PERIOD 1882 TO 2017

WEATHER         OBSERVED          NORMAL  DEPART  LAST YEAR`S
                 VALUE   DATE(S)  VALUE   FROM    VALUE  DATE(S)
                                          NORMAL
................................................................
TEMPERATURE (F)
RECORD
 HIGH              82   01/28/1909
 LOW              -16   01/22/1930
HIGHEST            78   01/11        47      31       75  01/29
LOWEST              7   01/07        26     -19       10  01/10
AVG. MAXIMUM     53.5              48.0     5.5     48.4
AVG. MINIMUM     30.5              27.5     3.0     27.8
MEAN             42.0              37.7     4.3     38.1
DAYS MAX >= 90      0               0.0     0.0        0
DAYS MAX <= 32      2               3.5    -1.5        2
DAYS MIN <= 32     18              21.6    -3.6       20
DAYS MIN <= 0       0               0.1    -0.1        0

PRECIPITATION (INCHES)
RECORD
 MAXIMUM         6.74   MM
 MINIMUM         0.00   MM
TOTALS           3.42              1.66    1.76     0.61
DAILY AVG.       0.11              0.05    0.06     0.02
DAYS >= .01         6               6.1    -0.1        4
DAYS >= .10         5               3.3     1.7        2
DAYS >= .50         3               1.1     1.9        0
DAYS >= 1.00        1               0.3     0.7        0
GREATEST
 24 HR. TOTAL    1.67   01/22 TO 01/22
                        01/21 TO 01/22
                        01/22 TO 01/22

SNOWFALL (INCHES)
RECORDS
 TOTAL           12.7   1979
TOTALS            0.2               2.7    -2.5      2.5
SINCE 7/1         0.7               5.7    -5.0      3.0
SNOWDEPTH AVG.      0                MM      MM        0
DAYS >= 1.0         0               0.8    -0.8        1
GREATEST
 SNOW DEPTH         0   MM                             1  01/10
 24 HR TOTAL      0.2   MM

DEGREE_DAYS
HEATING TOTAL     705               845    -140      826
 SINCE 7/1       1828              2273    -445     1862
.................................................................

WIND (MPH)
AVERAGE WIND SPEED              9.9
HIGHEST WIND SPEED/DIRECTION    33/190    DATE  01/10
HIGHEST GUST SPEED/DIRECTION    46/190    DATE  01/10

SKY COVER
POSSIBLE SUNSHINE (PERCENT)   MM
AVERAGE SKY COVER           0.60
NUMBER OF DAYS FAIR            6
NUMBER OF DAYS PC             12
NUMBER OF DAYS CLOUDY         13

AVERAGE RH (PERCENT)     66

WEATHER CONDITIONS. NUMBER OF DAYS WITH
THUNDERSTORM              0     MIXED PRECIP               0
HEAVY RAIN                3     RAIN                       3
LIGHT RAIN                8     FREEZING RAIN              2
LT FREEZING RAIN          2     HAIL                       0
HEAVY SNOW                0     SNOW                       0
LIGHT SNOW                2     SLEET                      0
FOG                      11     FOG W/VIS <= 1/4 MILE      3
HAZE                      2

-  INDICATES NEGATIVE NUMBERS.
R  INDICATES RECORD WAS SET OR TIED.
MM INDICATES DATA IS MISSING.
T  INDICATES TRACE AMOUNT.

&&
-------------------------------------------------------------------
 YEARLY PRECIPITATION (INCHES):
 TOTAL..................... 3.42
 DEPARTURE FROM NORMAL.....+1.76
$$
