000
CXUS54 KMEG 020034
CLMTUP


CLIMATE REPORT
NATIONAL WEATHER SERVICE MEMPHIS TN
731 PM CDT SAT AUG 1 2015

...................................

...THE TUPELO CLIMATE SUMMARY FOR THE MONTH OF JULY 2015...

CLIMATE NORMAL PERIOD 1981 TO 2010
CLIMATE RECORD PERIOD 1930 TO 2015

WEATHER         OBSERVED          NORMAL  DEPART  LAST YEAR`S
                 VALUE   DATE(S)  VALUE   FROM    VALUE  DATE(S)
                                          NORMAL
................................................................
TEMPERATURE (F)
RECORD
 HIGH             109   07/29/1930
 LOW               50   07/01/1937
HIGHEST            98   07/28        91       7       94  07/14
LOWEST             66   07/31        71      -5       58  07/30
AVG. MAXIMUM     92.1              91.7     0.4     86.4
AVG. MINIMUM     73.8              71.2     2.6     66.7
MEAN             83.0              81.4     1.6     76.5
DAYS MAX >= 90     25              20.7     4.3       12
DAYS MAX <= 32      0               0.0     0.0        0
DAYS MIN <= 32      0               0.0     0.0        0
DAYS MIN <= 0       0               0.0     0.0        0

PRECIPITATION (INCHES)
RECORD
 MAXIMUM        12.24   1964
 MINIMUM         0.48   1986
TOTALS          10.28              3.90    6.38     6.06
DAILY AVG.       0.33              0.13    0.20     0.20
DAYS >= .01        11               9.0     2.0        6
DAYS >= .10         6               6.4    -0.4        4
DAYS >= .50         4               3.0     1.0        3
DAYS >= 1.00        2               0.9     1.1        1
GREATEST
 24 HR. TOTAL    7.13   07/03 TO 07/04

SNOWFALL (INCHES)
RECORDS
 TOTAL             MM   MM
TOTALS            0.0               0.0     0.0      0.0
SINCE 7/1         0.0               0.0     0.0      0.0
SNOWDEPTH AVG.      0                MM      MM        0
DAYS >= 1.0         0               0.0     0.0        0
GREATEST
 SNOW DEPTH         0   MM                             0  MM
 24 HR TOTAL      0.0   07/31 TO 07/31

DEGREE_DAYS
HEATING TOTAL       0                 0       0        0
 SINCE 7/1          0                 0       0        0
COOLING TOTAL     563               510      53      365
 SINCE 1/1       1301              1182     119     1059
.................................................................

WIND (MPH)
AVERAGE WIND SPEED              4.7
HIGHEST WIND SPEED/DIRECTION    38/020    DATE  07/14
HIGHEST GUST SPEED/DIRECTION    46/030    DATE  07/14

SKY COVER
POSSIBLE SUNSHINE (PERCENT)   MM
AVERAGE SKY COVER           0.20
NUMBER OF DAYS FAIR           25
NUMBER OF DAYS PC              5
NUMBER OF DAYS CLOUDY          1

AVERAGE RH (PERCENT)     73

WEATHER CONDITIONS. NUMBER OF DAYS WITH
THUNDERSTORM              0     MIXED PRECIP               0
HEAVY RAIN                6     RAIN                       6
LIGHT RAIN                9     FREEZING RAIN              0
LT FREEZING RAIN          0     HAIL                       0
HEAVY SNOW                0     SNOW                       0
LIGHT SNOW                0     SLEET                      0
FOG                      13     FOG W/VIS <= 1/4 MILE      1
HAZE                      4

-  INDICATES NEGATIVE NUMBERS.
R  INDICATES RECORD WAS SET OR TIED.
MM INDICATES DATA IS MISSING.
T  INDICATES TRACE AMOUNT.

$$
