000
CXUS55 KREV 010903
CLMTVL

CLIMATE REPORT
NATIONAL WEATHER SERVICE RENO NV
157 AM PDT WED JUL 1 2015

...................................

...THE SOUTH LAKE TAHOE CA CLIMATE SUMMARY FOR THE MONTH OF JUNE 2015...

THE AVERAGE TEMPERATURE FOR JUNE 2015 AT SOUTH LAKE TAHOE WAS 61.5
DEGREES WHICH IS 6.8 DEGREES ABOVE NORMAL.  THE HIGHEST TEMPERATURE
FOR JUNE WAS 90 DEGREES WHICH OCCURRED ON THE 25TH.  THE LOWEST
TEMPERATURE FOR THE MONTH WAS 35 DEGREES WHICH WAS RECORDED ON THE
16TH.

FOR JUNE 2015 A TOTAL OF 1.35 INCHES OF PRECIPITATION WAS RECORDED
AT SOUTH LAKE TAHOE.  THIS IS 0.76 INCH ABOVE NORMAL.  NO SNOWFALL
WAS REPORTED IN JUNE.

THE AVERAGE WIND SPEED FOR THE MONTH WAS 4.9 MPH.  THE PEAK WIND
GUST FOR THE MONTH WAS 38 MPH FROM THE SOUTH WHICH OCCURRED ON THE
13TH.


CLIMATE NORMAL PERIOD 1981 TO 2010
CLIMATE RECORD PERIOD 1968 TO 2015

WEATHER         OBSERVED          NORMAL  DEPART
                 VALUE   DATE(S)  VALUE   FROM
                                          NORMAL
................................................
TEMPERATURE (F)
RECORD
 HIGH              90   06/25/2015
                        06/25/1988
                        07/11/2002
 LOW               21   06/09/1988
HIGHEST            90R  06/25        90       0
LOWEST             35   06/16        21      14
AVG. MAXIMUM     79.5              72.3     7.2
AVG. MINIMUM     43.6              37.1     6.5
MEAN             61.5              54.7     6.8
DAYS MAX >= 90      1               0.0     1.0
DAYS MAX <= 32      0               0.0     0.0
DAYS MIN <= 32      0               5.5    -5.5
DAYS MIN <= 0       0               0.0     0.0

PRECIPITATION (INCHES)
RECORD
 MAXIMUM           MM   MM
 MINIMUM           MM   MM
TOTALS           1.35              0.59    0.76
DAILY AVG.       0.05              0.02    0.03
DAYS >= .01         6                MM      MM
DAYS >= .10         4                MM      MM
DAYS >= .50         1                MM      MM
DAYS >= 1.00        0                MM      MM
GREATEST
 24 HR. TOTAL    0.55   06/29 TO 06/29
                        06/28 TO 06/29
                        06/29 TO 06/29
 STORM TOTAL       MM
 (MM/DD(HH))            MM

SNOWFALL (INCHES)
 LIQUID EQUIV    0.00                MM      MM
 LIQUID 7/1      2.17
GREATEST
 SNOW DEPTH         0   MM

DEGREE_DAYS
HEATING TOTAL     125               310    -185
 SINCE 7/1       5774              7732   -1958
COOLING TOTAL      28                 1      27
 SINCE 1/1         28                 1      27

FREEZE DATES
RECORD
 EARLIEST     MM
 LATEST       MM
EARLIEST      10/01             09/16
LATEST        05/06             05/18
.................................................

WIND (MPH)
AVERAGE WIND SPEED              4.9
HIGHEST WIND SPEED/DIRECTION    29/180    DATE  06/13
HIGHEST GUST SPEED/DIRECTION    38/190    DATE  06/13

AVERAGE RH (PERCENT)     48

WEATHER CONDITIONS. NUMBER OF DAYS WITH
THUNDERSTORM              7     MIXED PRECIP               0
HEAVY RAIN                2     RAIN                       6
LIGHT RAIN                7     FREEZING RAIN              0
LT FREEZING RAIN          0     HAIL                       0
HEAVY SNOW                0     SNOW                       0
LIGHT SNOW                0     SLEET                      0
FOG                       6     FOG W/VIS <= 1/4 MILE      2
HAZE                      1

-  INDICATES NEGATIVE NUMBERS.
R  INDICATES RECORD WAS SET OR TIED.
MM INDICATES DATA IS MISSING.
T  INDICATES TRACE AMOUNT.

$$
