000
CXUS54 KJAN 011850
CLMTVR


CLIMATE REPORT
NATIONAL WEATHER SERVICE JACKSON MS
149 PM CDT MON AUG 1 2016

...................................

...THE VICKSBURG CLIMATE SUMMARY FOR THE MONTH OF JULY 2016...

CLIMATE NORMAL PERIOD 1981 TO 2010
CLIMATE RECORD PERIOD 1948 TO 2016

WEATHER         OBSERVED          NORMAL  DEPART  LAST YEAR`S
                 VALUE   DATE(S)  VALUE   FROM    VALUE
                                          NORMAL
.............................................................
TEMPERATURE (F)
RECORD
 HIGH             104   07/16/1954
 LOW               54   07/15/1967
HIGHEST           101   07/22        MM      MM      100
LOWEST             67   07/01        MM      MM       68
AVG. MAXIMUM     94.3              92.0     2.3     94.1
AVG. MINIMUM     74.0              70.9     3.1     73.6
MEAN             84.2              81.4     2.8     83.8
DAYS MAX >= 90     28              22.1     5.9       28
DAYS MAX <= 32      0               0.0     0.0        0
DAYS MIN <= 32      0               0.0     0.0        0
DAYS MIN <= 0       0               0.0     0.0        0

PRECIPITATION (INCHES)
RECORD
 MAXIMUM         8.88   2009
 MINIMUM         0.05   2008
TOTALS           5.70              3.63    2.07     1.72
DAILY AVG.       0.18              0.12    0.06     0.06
DAYS >= .01        10                MM      MM        5
DAYS >= .10         8                MM      MM        4
DAYS >= .50         4                MM      MM        2
DAYS >= 1.00        3                MM      MM        0
GREATEST
 24 HR. TOTAL    2.28   07/27 TO 07/28              0.65

SNOWFALL (INCHES)
TOTALS            0.0

DEGREE_DAYS
HEATING TOTAL       0                 0       0        0
 SINCE 7/1          0                 0       0        0
COOLING TOTAL     604               510      94      593
 SINCE 1/1       1638              1298     340     1523
..............................................................

WIND (MPH)
AVERAGE WIND SPEED              3.5
HIGHEST WIND SPEED/DIRECTION    26/170    DATE  07/31
HIGHEST GUST SPEED/DIRECTION    35/310    DATE  07/14

SKY COVER
POSSIBLE SUNSHINE (PERCENT)   MM
AVERAGE SKY COVER           0.20
NUMBER OF DAYS FAIR           28
NUMBER OF DAYS PC              3
NUMBER OF DAYS CLOUDY          0

AVERAGE RH (PERCENT)     73

WEATHER CONDITIONS. NUMBER OF DAYS WITH
THUNDERSTORM             15     MIXED PRECIP               0
HEAVY RAIN                9     RAIN                       8
LIGHT RAIN               11     FREEZING RAIN              0
LT FREEZING RAIN          0     HAIL                       0
HEAVY SNOW                0     SNOW                       0
LIGHT SNOW                0     SLEET                      0
FOG                      22     FOG W/VIS <= 1/4 MILE      0
HAZE                      1

-  INDICATES NEGATIVE NUMBERS.
R  INDICATES RECORD WAS SET OR TIED.
MM INDICATES DATA IS MISSING.
T  INDICATES TRACE AMOUNT.

$$
