000
CXUS54 KJAN 011246
CLMTVR


CLIMATE REPORT
NATIONAL WEATHER SERVICE JACKSON MS
643 AM CST SUN MAR 1 2015

...................................

...THE VICKSBURG CLIMATE SUMMARY FOR THE MONTH OF FEBRUARY 2015...

CLIMATE NORMAL PERIOD 1981 TO 2010
CLIMATE RECORD PERIOD 1948 TO 2015

WEATHER         OBSERVED          NORMAL  DEPART  LAST YEAR`S
                 VALUE   DATE(S)  VALUE   FROM    VALUE
                                          NORMAL
.............................................................
TEMPERATURE (F)
RECORD
 HIGH              84   02/27/2011
                        02/18/2009
                        02/21/1986
 LOW              -12   02/02/1951
HIGHEST            75   02/08        MM      MM       80
LOWEST             21   02/06        MM      MM       17
AVG. MAXIMUM     53.2              60.2    -7.0     57.5
AVG. MINIMUM     31.2              39.4    -8.2     35.5
MEAN             42.2              49.8    -7.6     46.5
DAYS MAX >= 90      0               0.0     0.0        0
DAYS MAX <= 32      1               0.1     0.9        1
DAYS MIN <= 32     19               6.2    12.8       15
DAYS MIN <= 0       0               0.0     0.0        0

PRECIPITATION (INCHES)
RECORD
 MAXIMUM        13.04   1966
 MINIMUM         1.07   1999
TOTALS           5.68              5.27    0.41     3.16
DAILY AVG.       0.20              0.19    0.01     0.11
DAYS >= .01         7                MM      MM        9
DAYS >= .10         6                MM      MM        8
DAYS >= .50         5                MM      MM        3
DAYS >= 1.00        2                MM      MM        0
GREATEST
 24 HR. TOTAL    2.15   02/21 TO 02/22              0.96

SNOWFALL (INCHES)
TOTALS              M

DEGREE_DAYS
HEATING TOTAL     631               432     199      516
 SINCE 7/1       2258              1976     282     2409
COOLING TOTAL       0                 6      -6        7
 SINCE 1/1          0                 9      -9        7
..............................................................

WIND (MPH)
AVERAGE WIND SPEED              8.3
HIGHEST WIND SPEED/DIRECTION    28/170    DATE  02/21
HIGHEST GUST SPEED/DIRECTION    37/190    DATE  02/21

SKY COVER
POSSIBLE SUNSHINE (PERCENT)   MM
AVERAGE SKY COVER           0.50
NUMBER OF DAYS FAIR           12
NUMBER OF DAYS PC              8
NUMBER OF DAYS CLOUDY          8

AVERAGE RH (PERCENT)     67

WEATHER CONDITIONS. NUMBER OF DAYS WITH
THUNDERSTORM              3     MIXED PRECIP               0
HEAVY RAIN                6     RAIN                       5
LIGHT RAIN               10     FREEZING RAIN              0
LT FREEZING RAIN          0     HAIL                       0
HEAVY SNOW                0     SNOW                       0
LIGHT SNOW                2     SLEET                      1
FOG                       9     FOG W/VIS <= 1/4 MILE      0
HAZE                      1

-  INDICATES NEGATIVE NUMBERS.
R  INDICATES RECORD WAS SET OR TIED.
MM INDICATES DATA IS MISSING.
T  INDICATES TRACE AMOUNT.

$$
