000
CXUS53 KLOT 011131
CLMUGN


CLIMATE REPORT
NATIONAL WEATHER SERVICE CHICAGO IL
625 AM CDT MON AUG 1 2016

...................................

...THE WAUKEGAN   CLIMATE SUMMARY FOR THE MONTH OF JULY 2016...

CLIMATE NORMAL PERIOD 1981 TO 2010
CLIMATE RECORD PERIOD 2000 TO 2016

WEATHER         OBSERVED          NORMAL  DEPART  LAST YEAR`S
                 VALUE   DATE(S)  VALUE   FROM    VALUE
                                          NORMAL
.............................................................
TEMPERATURE (F)
RECORD
 HIGH             104   07/05/2012
                        07/04/2012
                        12/25/2031
 LOW               35   07/30/2011
HIGHEST            94   07/24                         89
LOWEST             50   07/03                         45
AVG. MAXIMUM     83.0              80.3     2.7     78.0
AVG. MINIMUM     63.2              62.2     1.0     58.5
MEAN             73.1              71.3     1.8     68.3

PRECIPITATION (INCHES)
RECORD
 MAXIMUM         7.81   2011
 MINIMUM         0.64   2002
TOTALS           2.97              3.88   -0.91     4.29

DEGREE_DAYS
HEATING TOTAL      10                12      -2       45
 SINCE 7/1         10                12      -2       45
COOLING TOTAL     268               205      63      154
 SINCE 1/1        443               335     108      233
..............................................................

WIND (MPH)
AVERAGE WIND SPEED              6.5
HIGHEST WIND SPEED/DIRECTION    32/210    DATE  07/24
HIGHEST GUST SPEED/DIRECTION    45/180    DATE  07/17

AVERAGE RH (PERCENT)     74


-  INDICATES NEGATIVE NUMBERS.
R  INDICATES RECORD WAS SET OR TIED.
MM INDICATES DATA IS MISSING.
T  INDICATES TRACE AMOUNT.

$$
