000
CXUS56 KSEW 011032
CLMUIL


CLIMATE REPORT
NATIONAL WEATHER SERVICE SEATTLE WA
331 AM PDT TUE APR 1 2014

...................................

...THE QUILLAYUTE WA AIRPORT CLIMATE SUMMARY FOR THE MONTH OF MARCH 2014...

CLIMATE NORMAL PERIOD 1981 TO 2010
CLIMATE RECORD PERIOD 1966 TO 2014

WEATHER         OBSERVED          NORMAL  DEPART  LAST YEAR`S
                 VALUE   DATE(S)  VALUE   FROM    VALUE  DATE(S)
                                          NORMAL
................................................................
TEMPERATURE (F)
RECORD
 HIGH              73   03/30/2013
 LOW               19   03/03/1989
                        03/01/1971
HIGHEST            67   03/24        MM      MM       73  03/30
LOWEST             29   03/23        MM      MM       29  03/04
                        03/22
AVG. MAXIMUM     52.3              51.4     0.9     53.2
AVG. MINIMUM     39.4              36.8     2.6     38.6
MEAN             45.8              44.1     1.7     45.9
DAYS MAX >= 90      0               0.0     0.0        0
DAYS MAX <= 32      0               0.0     0.0        0
DAYS MIN <= 32      5               6.4    -1.4        4
DAYS MIN <= 0       0               0.0     0.0        0

PRECIPITATION (INCHES)
RECORD
 MAXIMUM        23.23   2007
 MINIMUM         1.84   1992
TOTALS          15.81             10.83    4.98    15.99
DAILY AVG.       0.51              0.35    0.16     0.52
DAYS >= .01        25              21.9     3.1       21
DAYS >= .10        17              17.0     0.0       14
DAYS >= .50        11               8.0     3.0        9
DAYS >= 1.00        6               3.0     3.0        5
GREATEST
 24 HR. TOTAL    2.70   03/08 TO 03/08

DEGREE_DAYS
HEATING TOTAL     586               648     -62      583
 SINCE 7/1       3780              4493    -713     4276
COOLING TOTAL       0                 0       0        0
 SINCE 1/1          0                 0       0        0
.................................................................

WIND (MPH)
AVERAGE WIND SPEED              6.7
HIGHEST WIND SPEED/DIRECTION    25/210    DATE  03/29
HIGHEST GUST SPEED/DIRECTION    41/190    DATE  03/06

SKY COVER
POSSIBLE SUNSHINE (PERCENT)   MM
AVERAGE SKY COVER           0.70
NUMBER OF DAYS FAIR            5
NUMBER OF DAYS PC              4
NUMBER OF DAYS CLOUDY         22

AVERAGE RH (PERCENT)     83

WEATHER CONDITIONS. NUMBER OF DAYS WITH
THUNDERSTORM              0     MIXED PRECIP               0
HEAVY RAIN               12     RAIN                      18
LIGHT RAIN               26     FREEZING RAIN              0
LT FREEZING RAIN          0     HAIL                       0
HEAVY SNOW                0     SNOW                       0
LIGHT SNOW                0     SLEET                      0
FOG                      29     FOG W/VIS <= 1/4 MILE      3
HAZE                      2

-  INDICATES NEGATIVE NUMBERS.
R  INDICATES RECORD WAS SET OR TIED.
MM INDICATES DATA IS MISSING.
T  INDICATES TRACE AMOUNT.

$$
