000
CXUS56 KSEW 011041
CLMUIL


CLIMATE REPORT
NATIONAL WEATHER SERVICE SEATTLE WA
240 AM PST WED FEB 1 2017

...................................

...THE QUILLAYUTE WA AIRPORT CLIMATE SUMMARY FOR THE MONTH OF JANUARY 2017...

CLIMATE NORMAL PERIOD 1981 TO 2010
CLIMATE RECORD PERIOD 1966 TO 2017

WEATHER         OBSERVED          NORMAL  DEPART  LAST YEAR`S
                 VALUE   DATE(S)  VALUE   FROM    VALUE  DATE(S)
                                          NORMAL
................................................................
TEMPERATURE (F)
RECORD
 HIGH              69   01/21/2005
 LOW                7   01/23/1969
HIGHEST            53   01/27        MM      MM       56  01/27
                        01/17
                        01/16
LOWEST             16   01/05        MM      MM       20  01/04
AVG. MAXIMUM     44.9              47.1    -2.2     50.4
AVG. MINIMUM     30.5              36.0    -5.5     37.6
MEAN             37.7              41.6    -3.9     44.0
DAYS MAX >= 90      0               0.0     0.0        0
DAYS MAX <= 32      0               0.2    -0.2        0
DAYS MIN <= 32     17               9.3     7.7        8
DAYS MIN <= 0       0               0.0     0.0        0

PRECIPITATION (INCHES)
RECORD
 MAXIMUM        24.02   2006
 MINIMUM         1.22   1985
TOTALS           8.28             14.61   -6.33    15.73
DAILY AVG.       0.27              0.47   -0.20     0.51
DAYS >= .01        11              22.8   -11.8       21
DAYS >= .10         7              18.8   -11.8       18
DAYS >= .50         5               9.8    -4.8       10
DAYS >= 1.00        3               4.9    -1.9        5
GREATEST
 24 HR. TOTAL    2.73   01/17 TO 01/17

DEGREE_DAYS
HEATING TOTAL     838               727     111      641
 SINCE 7/1       3126              3205     -79     2620
COOLING TOTAL       0                 0       0        0
 SINCE 1/1          0                 0       0        0
.................................................................

WIND (MPH)
AVERAGE WIND SPEED              7.0
HIGHEST WIND SPEED/DIRECTION    30/030    DATE  01/04
HIGHEST GUST SPEED/DIRECTION    43/160    DATE  01/17

SKY COVER
POSSIBLE SUNSHINE (PERCENT)   MM
AVERAGE SKY COVER           0.50
NUMBER OF DAYS FAIR           15
NUMBER OF DAYS PC              5
NUMBER OF DAYS CLOUDY         11

AVERAGE RH (PERCENT)     75

WEATHER CONDITIONS. NUMBER OF DAYS WITH
THUNDERSTORM              0     MIXED PRECIP               0
HEAVY RAIN                2     RAIN                       7
LIGHT RAIN               15     FREEZING RAIN              0
LT FREEZING RAIN          0     HAIL                       0
HEAVY SNOW                0     SNOW                       0
LIGHT SNOW                0     SLEET                      0
FOG                      12     FOG W/VIS <= 1/4 MILE      0
HAZE                      0

-  INDICATES NEGATIVE NUMBERS.
R  INDICATES RECORD WAS SET OR TIED.
MM INDICATES DATA IS MISSING.
T  INDICATES TRACE AMOUNT.

$$
