000
CXUS53 KLSX 011406
CLMUIN


CLIMATE REPORT
NATIONAL WEATHER SERVICE ST LOUIS MO
843 AM CDT FRI APR 1 2016

...................................

...THE QUINCY IL CLIMATE SUMMARY FOR THE MONTH OF MARCH 2016...

CLIMATE NORMAL PERIOD 1981 TO 2010
CLIMATE RECORD PERIOD 1901 TO 2016

WEATHER         OBSERVED          NORMAL  DEPART  LAST YEAR`S
                 VALUE   DATE(S)  VALUE   FROM    VALUE
                                          NORMAL
.............................................................
TEMPERATURE (F)
RECORD
 HIGH              88   03/21/1907
 LOW              -13   03/05/1960
HIGHEST            77   03/15                         78
LOWEST             16   03/02                          7
AVG. MAXIMUM     58.2              51.4     6.8     51.9
AVG. MINIMUM     38.0              32.4     5.6     31.5
MEAN             48.1              41.9     6.2     41.7
DAYS MAX >= 90      0               0.0     0.0        0
DAYS MAX <= 32      0               1.7    -1.7        3
DAYS MIN <= 32      8              15.7    -7.7       16
DAYS MIN <= 0       0               0.1    -0.1        0

PRECIPITATION (INCHES)
RECORD
 MAXIMUM        11.45   1973
 MINIMUM         0.15   1910
TOTALS           1.08              2.46   -1.38     0.95
DAILY AVG.       0.03              0.08   -0.05     0.03
DAYS >= .01        11              10.1     0.9        8
DAYS >= .10         5               5.9    -0.9        4
DAYS >= .50         0               1.4    -1.4        0
DAYS >= 1.00        0               0.4    -0.4        0
GREATEST
 24 HR. TOTAL    0.33   03/08 TO 03/08

DEGREE_DAYS
HEATING TOTAL     520               718    -198      712
 SINCE 7/1       4117              5060    -943     5378
COOLING TOTAL       2                 2       0        0
 SINCE 1/1          2                 2       0        0
..............................................................

WIND (MPH)
HIGHEST WIND SPEED/DIRECTION    37/130    DATE  03/08
HIGHEST GUST SPEED/DIRECTION    45/140    DATE  03/08

SKY COVER
AVERAGE SKY COVER           0.50
NUMBER OF DAYS FAIR           13
NUMBER OF DAYS PC              9
NUMBER OF DAYS CLOUDY          9


WEATHER CONDITIONS. NUMBER OF DAYS WITH
THUNDERSTORM              2     MIXED PRECIP               0
HEAVY RAIN                0     RAIN                       4
LIGHT RAIN               13     FREEZING RAIN              0
LT FREEZING RAIN          0     HEAVY SNOW                 0
SNOW                      0     LIGHT SNOW                 3
SLEET                     0     FOG                       17
FOG W/VIS <= 1/4 MILE     4     HAZE                       5

-  INDICATES NEGATIVE NUMBERS.
R  INDICATES RECORD WAS SET OR TIED.
MM INDICATES DATA IS MISSING.
T  INDICATES TRACE AMOUNT.

$$

..................................................................

MONTHLY RECORDS

10TH WARMEST MARCH ON RECORD

20TH DRIEST MARCH ON RECORD

TIED 7TH LEAST NUMBER OF OCCURRENCES OF MINIMUM TEMPERATURE LESS
THAN OR EQUAL TO 32 DEGREES
