000
CXUS54 KCRP 011746
CLMVCT

CLIMATE REPORT
NATIONAL WEATHER SERVICE CORPUS CHRISTI TX
1120 AM CST SUN MAR 1 2015

...................................

...THE VICTORIA CLIMATE SUMMARY FOR THE MONTH OF FEBRUARY 2015...

CLIMATE NORMAL PERIOD 1981 TO 2010
CLIMATE RECORD PERIOD 1893 TO 2015

WEATHER         OBSERVED          NORMAL  DEPART  LAST YEAR`S
                 VALUE   DATE(S)  VALUE   FROM    VALUE  DATE(S)
                                          NORMAL
................................................................
TEMPERATURE (F)
RECORD
 HIGH              96   02/28/1940
 LOW               15   02/02/1951
                        02/13/1905
HIGHEST            83   02/09        67      16       85  02/23
                                                          02/14
LOWEST             30   02/18        47     -17       30  02/13
AVG. MAXIMUM     65.2              68.1    -2.9     66.9
AVG. MINIMUM     44.4              46.4    -2.0     45.9
MEAN             54.8              57.3    -2.5     56.4
DAYS MAX >= 90      0               0.0     0.0        0
DAYS MAX <= 32      0               0.0     0.0        0
DAYS MIN <= 32      1               2.0    -1.0        2
DAYS MIN <= 0       0               0.0     0.0        0

PRECIPITATION (INCHES)
RECORD
 MAXIMUM         9.08   1992
 MINIMUM         0.00   1916
TOTALS           0.98              2.08   -1.10     0.52
DAILY AVG.       0.04              0.07   -0.03     0.02
DAYS >= .01         7               8.1    -1.1        8
DAYS >= .10         2               3.6    -1.6        2
DAYS >= .50         1               1.1    -0.1        0
DAYS >= 1.00        0               0.7    -0.7        0
GREATEST
 24 HR. TOTAL    0.60   02/03 TO 02/04

SNOWFALL (INCHES)
RECORDS
 TOTAL            3.4   1958
 24 HR TOTAL      3.4   02/12/1958 TO 02/12/1958
TOTALS            0.0               0.0     0.0      0.0
SINCE 7/1         0.0               0.1    -0.1        T
SNOWDEPTH AVG.      0                MM      MM        0
DAYS >= 1.0         0               0.0     0.0        0
GREATEST
 SNOW DEPTH         0   MM                             0
 24 HR TOTAL      0.0   MM                           0.0

DEGREE_DAYS
HEATING TOTAL     290               241      49      288
 SINCE 7/1       1080              1093     -13     1253
COOLING TOTAL      14                24     -10       55
 SINCE 1/1         15                38     -23       58
.........................................................

WIND (MPH)
AVERAGE WIND SPEED              9.7
HIGHEST WIND SPEED/DIRECTION    33/170    DATE  02/20
HIGHEST GUST SPEED/DIRECTION    44/180    DATE  02/20

SKY COVER
AVERAGE SKY COVER           0.60

AVERAGE RH (PERCENT)     76

WEATHER CONDITIONS. NUMBER OF DAYS WITH
THUNDERSTORM              0     MIXED PRECIP               0
HEAVY RAIN                1     RAIN                       3
LIGHT RAIN               12     FREEZING RAIN              0
LT FREEZING RAIN          0     HAIL                       0
HEAVY SNOW                0     SNOW                       0
LIGHT SNOW                0     SLEET                      0
FOG                      22     FOG W/VIS <= 1/4 MILE      9
HAZE                      5

-  INDICATES NEGATIVE NUMBERS.
R  INDICATES RECORD WAS SET OR TIED.
MM INDICATES DATA IS MISSING.
T  INDICATES TRACE AMOUNT.

$$
