371
CXUS53 KLBF 011133 CCB
CLMVTN

CLIMATE REPORT
NATIONAL WEATHER SERVICE NORTH PLATTE
525 AM CST WED MAR 1 2017

...................................

...THE VALENTINE NE CLIMATE SUMMARY FOR THE MONTH OF FEBRUARY 2017...

CLIMATE NORMAL PERIOD 1981 TO 2010
CLIMATE RECORD PERIOD 1885 TO 2017

WEATHER         OBSERVED          NORMAL  DEPART  LAST YEAR`S
                 VALUE   DATE(S)  VALUE   FROM    VALUE  DATE(S)
                                          NORMAL
................................................................
TEMPERATURE (F)
RECORD
 HIGH              78   02/18/2016
                        02/22/1982

 LOW              -37   02/11/1899
HIGHEST            75   02/21        64      11       78  02/18
LOWEST             -5   02/03       -12       7        9  02/03
AVG. MAXIMUM     44.9              40.0     4.9     47.3
AVG. MINIMUM     17.9              14.4     3.5     23.2
MEAN             31.4              27.2     4.2     35.3
DAYS MAX >= 90      0               0.0     0.0        0
DAYS MAX <= 32      8               8.3    -0.3        2
DAYS MIN <= 32     22              27.0    -5.0       27
DAYS MIN <= 0       4               4.1    -0.1        0

PRECIPITATION (INCHES)
RECORD
 MAXIMUM         2.27   2012
 MINIMUM            T   1949
TOTALS           1.16              0.48    0.68     0.16
DAILY AVG.       0.04              0.02    0.02     0.01
DAYS >= .01         8               5.0     3.0        5
DAYS >= .10         3               1.4     1.6        0
DAYS >= .50         1               0.1     0.9        0
DAYS >= 1.00        0               0.0     0.0        0
GREATEST
 24 HR. TOTAL    0.64   02/23 TO 02/24

SNOWFALL (INCHES)
RECORDS
 TOTAL           20.3   1936
TOTALS           18.6               5.6    13.0      1.0
SINCE 7/1        41.8              22.1    19.7     31.2
SNOWDEPTH AVG.      2                 2       0        0
DAYS >= 1.0         5               2.0     3.0        1
GREATEST
 SNOW DEPTH        12   02/24
 24 HR TOTAL     11.2R  02/23 TO 02/23

DEGREE_DAYS
HEATING TOTAL     935              1058    -123      856
 SINCE 7/1       4759              5236    -477     4686
COOLING TOTAL       0                 0       0        0
 SINCE 1/1          0                 0       0        0
......................................................

WIND (MPH)
AVERAGE WIND SPEED              10.0
HIGHEST WIND SPEED/DIRECTION    35/270    DATE  02/21
HIGHEST GUST SPEED/DIRECTION    41/280    DATE  02/21

SKY COVER
POSSIBLE SUNSHINE (PERCENT)   MM
AVERAGE SKY COVER           0.30
NUMBER OF DAYS FAIR           19
NUMBER OF DAYS PC              4
NUMBER OF DAYS CLOUDY          5

AVERAGE RH (PERCENT)     65

WEATHER CONDITIONS. NUMBER OF DAYS WITH
THUNDERSTORM              0     MIXED PRECIP               0
HEAVY RAIN                0     RAIN                       0
LIGHT RAIN                2     FREEZING RAIN              0
LT FREEZING RAIN          0     HAIL                       0
HEAVY SNOW                1     SNOW                       3
LIGHT SNOW                7     SLEET                      0
FOG                       9     FOG W/VIS <= 1/4 MILE      2
HAZE                      5

-  INDICATES NEGATIVE NUMBERS.
R  INDICATES RECORD WAS SET OR TIED.
MM INDICATES DATA IS MISSING.
T  INDICATES TRACE AMOUNT.

$$
