000
CXUS53 KLBF 011059
CLMVTN

CLIMATE REPORT
NATIONAL WEATHER SERVICE NORTH PLATTE
556 AM CDT SAT AUG 1 2015

...................................

...THE VALENTINE NE CLIMATE SUMMARY FOR THE MONTH OF JULY 2015...

CLIMATE NORMAL PERIOD 1981 TO 2010
CLIMATE RECORD PERIOD 1885 TO 2015

WEATHER         OBSERVED          NORMAL  DEPART  LAST YEAR`S
                 VALUE   DATE(S)  VALUE   FROM    VALUE  DATE(S)
                                          NORMAL
................................................................
TEMPERATURE (F)
RECORD
 HIGH             114   07/02/1990
 LOW               38   07/30/1971
HIGHEST           102   07/23       103      -1      105  07/21
LOWEST             46   07/29        47      -1       41  07/15
AVG. MAXIMUM     87.6              88.7    -1.1     85.9
AVG. MINIMUM     59.2              60.4    -1.2     57.4
MEAN             73.4              74.5    -1.1     71.6
DAYS MAX >= 90     13              13.8    -0.8        7
DAYS MAX <= 32      0               0.0     0.0        0
DAYS MIN <= 32      0               0.0     0.0        0
DAYS MIN <= 0       0               0.0     0.0        0

PRECIPITATION (INCHES)
RECORD
 MAXIMUM         8.96   1983
 MINIMUM         0.04   1936
TOTALS           3.25              3.21    0.04     0.58
DAILY AVG.       0.10              0.10    0.00     0.02
DAYS >= .01         7               9.5    -2.5        4
DAYS >= .10         4               5.6    -1.6        2
DAYS >= .50         2               1.9     0.1        0
DAYS >= 1.00        1               0.8     0.2        0
GREATEST
 24 HR. TOTAL    2.07   07/05 TO 07/06           07/07 TO 07/07
                                                          07/07 TO 07/07
                                                          07/07 TO 07/07

SNOWFALL (INCHES)
RECORDS
 TOTAL            0.0   2002
TOTALS            0.0               0.0     0.0      0.0
SINCE 7/1         0.0               0.0     0.0      0.0
SNOWDEPTH AVG.      0                MM      MM        0
DAYS >= 1.0         0               0.0     0.0        0
GREATEST
 SNOW DEPTH         0   MM                             0  MM
 24 HR TOTAL      0.0   07/31 TO 07/31

DEGREE_DAYS
HEATING TOTAL       2                 8      -6       19
 SINCE 7/1          2                 8      -6       19
COOLING TOTAL     272               304     -32      230
 SINCE 1/1        418               475     -57      402
........................................................

WIND (MPH)
AVERAGE WIND SPEED              8.6
HIGHEST WIND SPEED/DIRECTION    46/200    DATE  07/04
HIGHEST GUST SPEED/DIRECTION    62/200    DATE  07/04

SKY COVER
POSSIBLE SUNSHINE (PERCENT)   MM
AVERAGE SKY COVER           0.20
NUMBER OF DAYS FAIR           24
NUMBER OF DAYS PC              7
NUMBER OF DAYS CLOUDY          0

AVERAGE RH (PERCENT)     65

WEATHER CONDITIONS. NUMBER OF DAYS WITH
THUNDERSTORM              0     MIXED PRECIP               0
HEAVY RAIN                3     RAIN                       4
LIGHT RAIN               12     FREEZING RAIN              0
LT FREEZING RAIN          0     HAIL                       0
HEAVY SNOW                0     SNOW                       0
LIGHT SNOW                0     SLEET                      0
FOG                       7     FOG W/VIS <= 1/4 MILE      0
HAZE                      1

-  INDICATES NEGATIVE NUMBERS.
R  INDICATES RECORD WAS SET OR TIED.
MM INDICATES DATA IS MISSING.
T  INDICATES TRACE AMOUNT.

$$
