353
CXAK57 PAJK 011355
CLMYAK

CLIMATE REPORT
NATIONAL WEATHER SERVICE JUNEAU, AK
545 AM AKDT WED NOV 1 2017

...................................

...THE YAKUTAT CLIMATE SUMMARY FOR THE MONTH OF OCTOBER 2017...

CLIMATE NORMAL PERIOD 1981 TO 2010
CLIMATE RECORD PERIOD 1917 TO 2017

WEATHER         OBSERVED          NORMAL  DEPART  LAST YEAR`S
                 VALUE   DATE(S)  VALUE   FROM    VALUE
                                          NORMAL
.............................................................
TEMPERATURE (F)
RECORD
 HIGH              63   10/01/1967
                        10/03/1918
 LOW                6   10/24/1966
HIGHEST            58   10/01        MM      MM
LOWEST             27   10/22        MM      MM
AVG. MAXIMUM     49.5              47.4     2.1
AVG. MINIMUM     36.1              34.7     1.4
MEAN             42.8              41.0     1.8
DAYS MAX >= 90      0               0.0     0.0
DAYS MAX <= 32      0               0.1    -0.1
DAYS MIN <= 32     10              11.1    -1.1
DAYS MIN <= 0       0               0.0     0.0

PRECIPITATION (INCHES)
RECORD
 MAXIMUM        48.81   1987
 MINIMUM         3.00   2016
TOTALS          20.83             21.98   -1.15
DAILY AVG.       0.67              0.71   -0.04
DAYS >= .01        21              24.0    -3.0
DAYS >= .10        19              20.7    -1.7
DAYS >= .50        12              13.5    -1.5
DAYS >= 1.00        8               8.2    -0.2
GREATEST
 24 HR. TOTAL    4.21   10/03 TO 10/03

SNOWFALL (INCHES)
RECORDS
 TOTAL           36.0   1966
 24 HR TOTAL     12.9   10/16/1996 TO 10/16/1996
 SNOW DEPTH        26   10/27/1966
TOTALS            0.1               2.5    -2.4
SINCE 7/1         0.1               2.5    -2.4
SNOWDEPTH AVG.      0                 0       0
DAYS >= TRACE       1               1.7    -0.7
DAYS >= 1.0         0               1.0    -1.0        0
GREATEST
 SNOW DEPTH         0   MM
 24 HR TOTAL      0.1   10/20 TO 10/20

DEGREE_DAYS
HEATING TOTAL     684               733     -49
 SINCE 7/1       1655              1907    -252
COOLING TOTAL       0                 0       0
 SINCE 1/1          0                 0       0

FREEZE DATES
EARLIEST      10/10             09/16
LATEST                          05/25
..............................................................

WIND (MPH)
AVERAGE WIND SPEED              4.6
HIGHEST WIND SPEED/DIRECTION    26/130    DATE  10/08
HIGHEST GUST SPEED/DIRECTION   398/120    DATE  10/08


WEATHER CONDITIONS. NUMBER OF DAYS WITH
THUNDERSTORM              0     MIXED PRECIP               0
HEAVY RAIN                7     RAIN                      12
LIGHT RAIN               25     FREEZING RAIN              0
LT FREEZING RAIN          0     HAIL                       0
HEAVY SNOW                0     SNOW                       0
LIGHT SNOW                2     SLEET                      0
FOG                      28     FOG W/VIS <= 1/4 MILE      1
HAZE                      2

-  INDICATES NEGATIVE NUMBERS.
R  INDICATES RECORD WAS SET OR TIED.
MM INDICATES DATA IS MISSING.
T  INDICATES TRACE AMOUNT.

$$
...BELOW NORMAL PRECIPITATION FOR OCTOBER IN SPITE OF AN
ATMOSPHERIC RIVER EVENT FOR SOUTHEAST ALASKA...

THE MOST IMPACTFUL EVENT OF OCTOBER 2017 CAME LATE IN THE MONTH WHEN
AN ATMOSPHERIC RIVER PRODUCED RECORD RAINFALL IN MANY LOCATIONS.
MOST NOTABLE WAS THE RECORD FLOODING ON JORDAN CREEK NEAR JUNEAU.
FLOOD WATERS THERE COVERED OLD GLACIER HIGHWAY WITH 6 OR MORE INCHES
OF RUNNING WATER. THE CREST OF 10.97 FEET LATE IN THE DAY OF THE
27TH OF OCTOBER WAS THE HIGHEST RECORDED SINCE THE JORDAN WAS
GAUGED. 48 HOUR RAINFALL TOTALS OF 3 OR MORE INCHES WERE RECORDED AT
29 SITES WITH POWDER PATCH AT THE EAGLECREST SKI AREA RECEIVING 7.94
INCHES. IN SPITE OF THIS VERY IMPRESSIVE RAIN EVENT, FEW LOCATIONS
ACROSS THE PANHANDLE RECORDED ABOVE NORMAL PRECIPITATION FOR THE
MONTH. THOSE THAT DID INCLUDE THE GREATER JUNEAU AREA, GUSTAVUS,
PELICAN, AND HOONAH.

TEMPERATURES FOR OCTOBER TRENDED AROUND NORMAL WITH A FEW EXCURSIONS
ABOVE NORMAL, AND A FEW MORE BELOW NORMAL. TEMPERATURES FELL BELOW
FREEZING AT LEAST 7 TIMES IN JUNEAU AND 8 TIMES IN YAKUTAT. THE
FIRST FREEZE OF THE SEASON HAS YET TO ARRIVE IN ANNETTE OR SITKA. A
TENTH OF AN INCH OF SNOW WAS RECORDED AT YAKUTAT ON THE 20TH OF THE
MONTH.

$$
