000
CXUS53 KABR 021754
CLSABR

FSDCLMABE 000
TTAA00 KABR 021751


CLIMATE REPORT
NATIONAL WEATHER SERVICE ABERDEEN SD
1250 PM CDT WED SEP 2 2015

...................................

...THE ABERDEEN SD CLIMATE SUMMARY FOR THE SEASON, FROM
6/1/2015 TO 8/31/2015...

CLIMATE NORMAL PERIOD 1981 TO 2010
CLIMATE RECORD PERIOD 1893 TO 2015

WEATHER         OBSERVED          NORMAL  DEPART  LAST YEAR`S
                 VALUE   DATE(S)  VALUE   FROM    VALUE  DATE(S)
                                          NORMAL
................................................................
TEMPERATURE (F)
RECORD
 HIGH             115   07/09/1936
                        07/06/1936
 LOW               28   06/07/1901
HIGHEST            98   06/09        MM      MM       91  07/05
LOWEST             41   08/25        MM      MM       37  06/13
AVG. MAXIMUM     82.9              80.9     2.0     77.9
AVG. MINIMUM     57.4              56.3     1.1     54.2
MEAN             70.1              68.6     1.5     66.0
DAYS MAX >= 90     17              11.2     5.8        2
DAYS MAX <= 32      0               0.0     0.0        0
DAYS MIN <= 32      0               0.0     0.0        0
DAYS MIN <= 0       0               0.0     0.0        0

PRECIPITATION (INCHES)
RECORD
 MAXIMUM        17.99   1993
 MINIMUM         2.33   1976
TOTALS           9.10              9.15   -0.05    10.20
DAYS >= .01        27              29.2    -2.2       32
DAYS >= .10        16              17.6    -1.6       22
DAYS >= .50         6               5.8     0.2        5
DAYS >= 1.00        2               2.0     0.0        2

SNOWFALL (INCHES)
RECORDS
 TOTAL             MM   MM
 SNOW DEPTH        MM   MM
TOTALS            0.0               0.0     0.0      0.0
SINCE 7/1         0.0               0.0     0.0      0.0
SNOWDEPTH AVG.      0                MM      MM        0
DAYS >= TRACE       0               0.0     0.0        0
DAYS >= 1.0         0               0.0     0.0        0
GREATEST
 SNOW DEPTH         0   MM                             0  MM

DEGREE_DAYS
HEATING TOTAL      56               126     -70      145
 SINCE 7/1         42                51      -9       62
COOLING TOTAL     549               461      88      262
 SINCE 1/1        563               483      80      304

FREEZE DATES
RECORD
 EARLIEST     MM
 LATEST       MM
EARLIEST                        MM
LATEST                          MM
.................................................................

WIND (MPH)
AVERAGE WIND SPEED              9.1
RESULTANT WIND SPEED/DIRECTION   1/179
HIGHEST WIND SPEED/DIRECTION    38/290    DATE  08/22
HIGHEST GUST SPEED/DIRECTION    64/270    DATE  06/21

SKY COVER
POSSIBLE SUNSHINE (PERCENT)   MM
AVERAGE SKY COVER           0.20
NUMBER OF DAYS FAIR           71
NUMBER OF DAYS PC             19
NUMBER OF DAYS CLOUDY          2

AVERAGE RH (PERCENT)     69

WEATHER CONDITIONS. NUMBER OF DAYS WITH
THUNDERSTORM              0     MIXED PRECIP               0
HEAVY RAIN               13     RAIN                      12
LIGHT RAIN               36     FREEZING RAIN              0
LT FREEZING RAIN          0     HAIL                       0
HEAVY SNOW                0     SNOW                       0
LIGHT SNOW                0     SLEET                      0
FOG                      44     FOG W/VIS <= 1/4 MILE      6
HAZE                     23

-  INDICATES NEGATIVE NUMBERS.
R  INDICATES RECORD WAS SET OR TIED.
MM INDICATES DATA IS MISSING.
T  INDICATES TRACE AMOUNT.

$$
