000
CXUS51 KALY 011355
CLSALB

ALBCLMALB 000
TTAA00 KALY 011354


CLIMATE REPORT
NATIONAL WEATHER SERVICE ALBANY NY
950 AM EDT THU JUN 1 2017

...................................

...THE ALBANY NY CLIMATE SUMMARY FOR THE SEASON, FROM
3/1/2017 TO 5/31/2017...

CLIMATE NORMAL PERIOD 1981 TO 2010
CLIMATE RECORD PERIOD 1874 TO 2017

WEATHER         OBSERVED          NORMAL  DEPART  LAST YEAR`S
                 VALUE   DATE(S)  VALUE   FROM    VALUE  DATE(S)
                                          NORMAL
................................................................
TEMPERATURE (F)
RECORD
 HIGH              97   05/22/1911
 LOW              -21   03/06/1948
HIGHEST            94   05/18                         93  05/28
LOWEST              5   03/05                         14  04/05
AVG. MAXIMUM     56.9              57.4    -0.5     60.1
AVG. MINIMUM     37.9              36.7     1.2     38.6
MEAN             47.4              47.0     0.4     49.4
DAYS MAX >= 90      2               0.4     1.6        1
DAYS MAX <= 32      8               3.7     4.3        2
DAYS MIN <= 32     25              31.4    -6.4       26
DAYS MIN <= 0       0               0.3    -0.3        0

PRECIPITATION (INCHES)
RECORD
 MAXIMUM        19.54   1983
 MINIMUM         3.46   1860
TOTALS          12.93              9.99    2.94     5.45
DAILY AVG.       0.14              0.11    0.03     0.06
DAYS >= .01        45              37.1     7.9       28
DAYS >= .10        26              21.2     4.8       15
DAYS >= .50         9               6.8     2.2        2
DAYS >= 1.00        2               1.6     0.4        0
GREATEST
 24 HR. TOTAL    1.58   03/14 TO 03/14

SNOWFALL (INCHES)
RECORDS
 24 HR TOTAL     30.4   03/12/1888 TO 03/12/1888
 SNOW DEPTH        28   03/28/1993
TOTALS           19.6              13.4     6.2      6.6
SNOWDEPTH AVG.      1
DAYS >= TRACE      15               6.9     8.1
DAYS >= 1.0         2               3.0    -1.0
GREATEST
 SNOW DEPTH        15   03/15                          4  04/05
 24 HR TOTAL     17.0   03/14 TO 03/14

DEGREE_DAYS
HEATING TOTAL    1654              1684     -30
 SINCE 7/1         MM              6628      MM
COOLING TOTAL      50                30      20
 SINCE 1/1         50                30      20

FREEZE DATES
RECORD
 EARLIEST     09/24/1963
 LATEST       05/27/1969
EARLIEST                        10/10
LATEST                          04/28
.................................................................

WIND (MPH)
AVERAGE WIND SPEED              8.9
HIGHEST WIND SPEED/DIRECTION    38/280    DATE  05/18
HIGHEST GUST SPEED/DIRECTION    54/270    DATE  03/02


WEATHER CONDITIONS. NUMBER OF DAYS WITH
THUNDERSTORM              5     MIXED PRECIP               0
HEAVY RAIN                2     RAIN                      16
LIGHT RAIN               51     FREEZING RAIN              1
LT FREEZING RAIN          0     HAIL                       1
HEAVY SNOW                3     SNOW                       5
LIGHT SNOW               14     SLEET                      5
FOG                      38     FOG W/VIS <= 1/4 MILE      1
HAZE                      8

-  INDICATES NEGATIVE NUMBERS.
R  INDICATES RECORD WAS SET OR TIED.
MM INDICATES DATA IS MISSING.
T  INDICATES TRACE AMOUNT.

$$
