626
CXUS51 KCTP 011321
CLSAOO

CLIMATE REPORT
NATIONAL WEATHER SERVICE STATE COLLEGE PA
846 AM EDT THU SEP 1 2016

...................................

...THE ALTOONA CLIMATE SUMMARY FOR THE SEASON, FROM
6/1/2016 TO 8/31/2016...

CLIMATE NORMAL PERIOD 1981 TO 2010
CLIMATE RECORD PERIOD 1948 TO 2016

WEATHER         OBSERVED          NORMAL  DEPART  LAST YEAR`S
                 VALUE   DATE(S)  VALUE   FROM    VALUE  DATE(S)
                                          NORMAL
................................................................
TEMPERATURE (F)
RECORD
 HIGH             103   07/22/2011
 LOW               32   06/01/1966
HIGHEST            95   08/10        MM      MM       91  08/17
                        07/25
                        07/24
LOWEST             47   06/09        MM      MM       47  06/07
AVG. MAXIMUM     83.1              79.6     3.5     79.8
AVG. MINIMUM     60.8              58.2     2.6     59.0
MEAN             71.9              69.0     2.9     69.4
DAYS MAX >= 90     12                MM      MM        1
DAYS MAX <= 32      0                MM      MM        0
DAYS MIN <= 32      0                MM      MM        0
DAYS MIN <= 0       0                MM      MM        0

PRECIPITATION (INCHES)
RECORD
 MAXIMUM        17.77   1972
 MINIMUM         5.05   1966
TOTALS           7.68                MM      MM    14.66
DAILY AVG.       0.08              0.11   -0.03     0.16
DAYS >= .01        30                MM      MM       37
DAYS >= .10        19                MM      MM       26
DAYS >= .50         5                MM      MM       10
DAYS >= 1.00        0                MM      MM        4
GREATEST
 24 HR. TOTAL    0.78

DEGREE_DAYS
HEATING TOTAL      27                83     -56       53
 SINCE 7/1          4                24     -20       14
COOLING TOTAL     693               447     246      481
 SINCE 1/1        744               473     271      585

FREEZE DATES
RECORD
 EARLIEST     09/21/1956
 LATEST       06/01/1966
..................................................

WIND (MPH)
AVERAGE WIND SPEED              5.5
RESULTANT WIND SPEED/DIRECTION   2/251
HIGHEST WIND SPEED/DIRECTION    31/300    DATE  06/08
HIGHEST GUST SPEED/DIRECTION    43/320    DATE  06/12

SKY COVER
POSSIBLE SUNSHINE (PERCENT)   MM
AVERAGE SKY COVER           0.30
NUMBER OF DAYS FAIR           57
NUMBER OF DAYS PC             29
NUMBER OF DAYS CLOUDY          6

AVERAGE RH (PERCENT)     70

WEATHER CONDITIONS. NUMBER OF DAYS WITH
THUNDERSTORM             21     MIXED PRECIP               0
HEAVY RAIN               20     RAIN                      22
LIGHT RAIN               37     FREEZING RAIN              0
LT FREEZING RAIN          0     HAIL                       0
HEAVY SNOW                0     SNOW                       0
LIGHT SNOW                0     SLEET                      0
FOG                      55     FOG W/VIS <= 1/4 MILE     11
HAZE                      7

-  INDICATES NEGATIVE NUMBERS.
R  INDICATES RECORD WAS SET OR TIED.
MM INDICATES DATA IS MISSING.
T  INDICATES TRACE AMOUNT.

$$
