000
CXUS51 KGYX 022308
CLSAUG

PWMCLMAUG 000
TTAA00 KGYX 022300


CLIMATE REPORT
NATIONAL WEATHER SERVICE GRAY ME
700 PM EDT WED SEP 2 2015

...................................

...THE AUGUSTA CLIMATE SUMMARY FOR THE SUMMER SEASON, FROM
6/1/2015 TO 8/31/2015...

CLIMATE NORMAL PERIOD 1981 TO 2010
CLIMATE RECORD PERIOD 1948 TO 2015

WEATHER         OBSERVED          NORMAL  DEPART  LAST YEAR`S
                 VALUE   DATE(S)  VALUE   FROM    VALUE  DATE(S)
                                          NORMAL
................................................................
TEMPERATURE (F)
RECORD
 HIGH             100   08/05/1955
 LOW               36   06/09/1955
HIGHEST            89   08/18        93      -4       88  07/02
LOWEST             41   06/05        44      -3       45  06/01
AVG. MAXIMUM     75.3              77.1    -1.8     76.8
AVG. MINIMUM     57.5              57.6    -0.1     57.5
MEAN             66.4              67.3    -0.9     67.1
DAYS MAX >= 90      0               4.0    -4.0        0
DAYS MAX <= 32      0               0.0     0.0        0
DAYS MIN <= 32      0               0.0     0.0        0
DAYS MIN <= 0       0               0.0     0.0        0

PRECIPITATION (INCHES)
RECORD
 MAXIMUM        18.94   2009
 MINIMUM         4.76   1949
TOTALS          12.78             10.29    2.49    16.51
DAILY AVG.       0.14              0.11    0.03     0.18
DAYS >= .01        35              34.9     0.1       33
DAYS >= .10        25              19.6     5.4       23
DAYS >= .50         6               6.3    -0.3       13
DAYS >= 1.00        4               2.1     1.9        6
GREATEST
 24 HR. TOTAL    1.56   08/21 TO 08/22

DEGREE_DAYS
HEATING TOTAL     169               137      32       95
 SINCE 7/1         18                42     -24       19
COOLING TOTAL     323               348     -25      314
 SINCE 1/1        357               357       0      314
.................................................................

WIND (MPH)
AVERAGE WIND SPEED              5.8
HIGHEST WIND SPEED/DIRECTION    35/330    DATE  08/01
HIGHEST GUST SPEED/DIRECTION    47/290    DATE  08/01

SKY COVER
AVERAGE SKY COVER           0.40

AVERAGE RH (PERCENT)     74

WEATHER CONDITIONS. NUMBER OF DAYS WITH
THUNDERSTORM              0     HEAVY RAIN                13
RAIN                     21     LIGHT RAIN                39
FREEZING RAIN             0     LT FREEZING RAIN           0
HEAVY SNOW                0     SNOW                       0
LIGHT SNOW                0     FOG                       58
FOG W/VIS <= 1/4 MILE    28     HAZE                       5

-  INDICATES NEGATIVE NUMBERS.
R  INDICATES RECORD WAS SET OR TIED.
MM INDICATES DATA IS MISSING.
T  INDICATES TRACE AMOUNT.

$$
