000
CXUS53 KGRR 040456
CLSAZO

CLIMATE REPORT
NATIONAL WEATHER SERVICE GRAND RAPIDS, MI
1156 PM EST THU MAR 3 2016

...................................

...THE KALAMAZOO MI CLIMATE SUMMARY FOR THE SEASON, FROM
12/1/2015 TO 2/29/2016...

CLIMATE NORMAL PERIOD 1981 TO 2010
CLIMATE RECORD PERIOD 1998 TO 2016

WEATHER         OBSERVED          NORMAL  DEPART  LAST YEAR`S
                 VALUE   DATE(S)  VALUE   FROM    VALUE  DATE(S)
                                          NORMAL
................................................................
TEMPERATURE (F)
HIGHEST            63   12/13        MM      MM       53  12/23
                        12/12                             12/14
                                                          12/15
LOWEST             -6   02/13        MM      MM      -15  02/20
AVG. MAXIMUM     38.7              33.3     5.4     30.0
AVG. MINIMUM     25.1              20.2     4.9     15.4
MEAN             31.9              26.7     5.2     22.7
DAYS MAX >= 90      0               0.0     0.0        0
DAYS MAX <= 32     27              43.1   -16.1       49
DAYS MIN <= 32     69              77.5    -8.5       79
DAYS MIN <= 0       2               3.6    -1.6       13

PRECIPITATION (INCHES)
TOTALS           4.75              5.22   -0.47     2.59
DAILY AVG.       0.05              0.06   -0.01     0.03
DAYS >= .01        38                MM      MM       25
DAYS >= .10        11                MM      MM        5
DAYS >= .50         3                MM      MM        2
DAYS >= 1.00        0                MM      MM        0
GREATEST
 24 HR. TOTAL      MM

DEGREE_DAYS
HEATING TOTAL    2983              3446    -463     3756
 SINCE 7/1       4048              4808    -760     5286
COOLING TOTAL       0                 0       0        0
 SINCE 1/1          0                 0       0        0

FREEZE DATES
EARLIEST                        MM
LATEST                          MM
.....................................................

WIND (MPH)
AVERAGE WIND SPEED              9.5
RESULTANT WIND SPEED/DIRECTION   4/234
HIGHEST WIND SPEED/DIRECTION    39/250    DATE  02/19
HIGHEST GUST SPEED/DIRECTION    52/250    DATE  02/19

SKY COVER
POSSIBLE SUNSHINE (PERCENT)   MM
AVERAGE SKY COVER           0.70
NUMBER OF DAYS FAIR           17
NUMBER OF DAYS PC             25
NUMBER OF DAYS CLOUDY         49

AVERAGE RH (PERCENT)     73

WEATHER CONDITIONS. NUMBER OF DAYS WITH
THUNDERSTORM              1     MIXED PRECIP               0
HEAVY RAIN                1     RAIN                       7
LIGHT RAIN               27     FREEZING RAIN              1
LT FREEZING RAIN          1     HAIL                       0
HEAVY SNOW                3     SNOW                      10
LIGHT SNOW               43     SLEET                      1
FOG                      58     FOG W/VIS <= 1/4 MILE      9
HAZE                     35

-  INDICATES NEGATIVE NUMBERS.
R  INDICATES RECORD WAS SET OR TIED.
MM INDICATES DATA IS MISSING.
T  INDICATES TRACE AMOUNT.

$$

CAS
