000
CXUS53 KPAH 011537 CCA
CLSCGI

CLIMATE REPORT...CORRECTED
NATIONAL WEATHER SERVICE PADUCAH KY
1036 AM CDT WED JUN 1 2016

...................................

...THE CAPE GIRARDEAU MO CLIMATE SUMMARY FOR THE SEASON, FROM
3/1/2016 TO 5/31/2016...

CLIMATE NORMAL PERIOD 1981 TO 2010
CLIMATE RECORD PERIOD 1960 TO 2016

WEATHER         OBSERVED          NORMAL  DEPART
                 VALUE   DATE(S)  VALUE   FROM
                                          NORMAL
................................................
TEMPERATURE (F)
RECORD
 HIGH              97   05/24/1996
 LOW               -8   03/06/2015
HIGHEST            88   05/30        MM      MM
                        05/07
LOWEST             26   03/02        MM      MM
AVG. MAXIMUM     69.6              68.3     1.3
AVG. MINIMUM     47.7              45.7     2.0
MEAN             58.7              57.0     1.7
DAYS MAX >= 90      0               1.1    -1.1
DAYS MAX <= 32      0               0.4    -0.4
DAYS MIN <= 32      7              14.6    -7.6
DAYS MIN <= 0       0               0.0     0.0

PRECIPITATION (INCHES)
RECORD
 MAXIMUM        34.79   1973
 MINIMUM         5.24   2012
TOTALS          18.50             14.22    4.28
DAILY AVG.       0.20              0.15    0.05
DAYS >= .01        39              33.9     5.1
DAYS >= .10        24              22.3     1.7
DAYS >= .50        12               9.1     2.9
DAYS >= 1.00        4               3.7     0.3
GREATEST
 24 HR. TOTAL    4.64   MM
 STORM TOTAL       MM
 (MM/DD(HH))            MM

SNOWFALL (INCHES)
RECORDS
 TOTAL              M   MM
 24 HR TOTAL        M   MM
TOTALS            0.0               1.2    -1.2
 LIQUID EQUIV    0.00              0.10   -0.10
SINCE 7/1         0.0              11.4   -11.4
 LIQUID 7/1      0.00
DAYS >= TRACE       0               1.2    -1.2
DAYS >= 1.0         0               0.3    -0.3
GREATEST
 SNOW DEPTH         0   MM
 24 HR TOTAL      0.0   MM
 STORM TOTAL       MM
 (MM/DD(HH))            MM

DEGREE_DAYS
HEATING TOTAL     679               889    -210
 SINCE 7/1       3571              4386    -815
COOLING TOTAL     121               152     -31
 SINCE 1/1        121               152     -31

FREEZE DATES
RECORD
 EARLIEST     MM
 LATEST       MM
EARLIEST                        MM
LATEST                          MM
.................................................

WIND (MPH)
AVERAGE WIND SPEED              8.5
HIGHEST WIND SPEED/DIRECTION    40/350    DATE  04/07
HIGHEST GUST SPEED/DIRECTION    49/240    DATE  05/09

SKY COVER
POSSIBLE SUNSHINE (PERCENT)   MM
AVERAGE SKY COVER           0.40
NUMBER OF DAYS FAIR           51
NUMBER OF DAYS PC             24
NUMBER OF DAYS CLOUDY         17

AVERAGE RH (PERCENT)     70

WEATHER CONDITIONS. NUMBER OF DAYS WITH
THUNDERSTORM              0     MIXED PRECIP               0
HEAVY RAIN               14     RAIN                      18
LIGHT RAIN               41     FREEZING RAIN              0
LT FREEZING RAIN          0     HAIL                       0
HEAVY SNOW                0     SNOW                       0
LIGHT SNOW                0     SLEET                      0
FOG                      46     FOG W/VIS <= 1/4 MILE      5
HAZE                     12

-  INDICATES NEGATIVE NUMBERS.
R  INDICATES RECORD WAS SET OR TIED.
MM INDICATES DATA IS MISSING.
T  INDICATES TRACE AMOUNT.

$$
