000
CXUS53 KDDC 020133
CLSDDC


CLIMATE REPORT
NATIONAL WEATHER SERVICE DODGE CITY KS
816 PM CDT THU JUN 1 2017

...................................

...THE DODGE CITY KS CLIMATE SUMMARY FOR THE SEASON, FROM
3/1/2017 TO 5/31/2017...

CLIMATE NORMAL PERIOD 1981 TO 2010
CLIMATE RECORD PERIOD 1875 TO 2017

WEATHER         OBSERVED          NORMAL  DEPART  LAST YEAR`S
                 VALUE   DATE(S)  VALUE   FROM    VALUE  DATE(S)
                                          NORMAL
................................................................
TEMPERATURE (F)
RECORD
 HIGH             106   05/29/2011
 LOW              -15   03/11/1948
HIGHEST            94   03/19        MM      MM       MM  MM
LOWEST             17   03/02        MM      MM       MM  MM
AVG. MAXIMUM     69.2              67.4     1.8       MM
AVG. MINIMUM     42.1              40.9     1.2       MM
MEAN             55.7              54.2     1.5       MM
DAYS MAX >= 90      2               3.7    -1.7       MM
DAYS MAX <= 32      0               1.4    -1.4       MM
DAYS MIN <= 32     15              22.0    -7.0       MM
DAYS MIN <= 0       0               0.1    -0.1       MM

PRECIPITATION (INCHES)
RECORD
 MAXIMUM        15.70   1881
 MINIMUM         1.35   1893
TOTALS          14.86              6.26    8.60       MM
DAILY AVG.       0.16              0.07    0.09       MM
DAYS >= .01        26              22.5     3.5       MM
DAYS >= .10        18              12.6     5.4       MM
DAYS >= .50        11               4.2     6.8       MM
DAYS >= 1.00        6               1.2     4.8       MM
GREATEST
 24 HR. TOTAL    2.51   04/01 TO 04/01                MM

SNOWFALL (INCHES)
RECORDS
 TOTAL           25.8   1970
 24 HR TOTAL     13.3   03/16/1924
 SNOW DEPTH        14   03/13/1999
                        03/26/1957
                        03/25/1957
TOTALS            2.5               6.0    -3.5       MM
 LIQUID EQUIV    0.25              0.60   -0.35       MM
SINCE 7/1         7.5              21.1   -13.6       MM
 LIQUID 7/1      0.75              2.10   -1.35       MM
SNOWDEPTH AVG.      0                MM      MM       MM
DAYS >= TRACE       2               2.9    -0.9       MM
DAYS >= 1.0         1               1.6    -0.6       MM
GREATEST
 SNOW DEPTH         0   MM                            MM  MM
 24 HR TOTAL      2.5   MM                            MM

DEGREE_DAYS
HEATING TOTAL     936              1107    -171       MM
 SINCE 7/1       4113              4954    -841       MM
COOLING TOTAL     102               109      -7       MM
 SINCE 1/1        102               109      -7       MM
.................................................................

WIND (MPH)
AVERAGE WIND SPEED              13.9
RESULTANT WIND SPEED/DIRECTION   1/147
HIGHEST WIND SPEED/DIRECTION    54/180    DATE  03/23
HIGHEST GUST SPEED/DIRECTION    68/170    DATE  03/23

SKY COVER
POSSIBLE SUNSHINE (PERCENT)   MM
AVERAGE SKY COVER           0.30
NUMBER OF DAYS FAIR           52
NUMBER OF DAYS PC             30
NUMBER OF DAYS CLOUDY         10

AVERAGE RH (PERCENT)     62

WEATHER CONDITIONS. NUMBER OF DAYS WITH
THUNDERSTORM             17     MIXED PRECIP               0
HEAVY RAIN               13     RAIN                      17
LIGHT RAIN               31     FREEZING RAIN              0
LT FREEZING RAIN          0     HAIL                       0
HEAVY SNOW                0     SNOW                       1
LIGHT SNOW                2     SLEET                      0
FOG                      35     FOG W/VIS <= 1/4 MILE      6
HAZE                     14

-  INDICATES NEGATIVE NUMBERS.
R  INDICATES RECORD WAS SET OR TIED.
MM INDICATES DATA IS MISSING.
T  INDICATES TRACE AMOUNT.

$$
