000
CXUS55 KLKN 011838
CLSEKO


CLIMATE REPORT
NATIONAL WEATHER SERVICE ELKO NV
1123 AM PDT THU JUN 1 2017

...................................

...THE ELKO AIRPORT NV CLIMATE SUMMARY FOR THE SEASON, FROM
3/1/2017 TO 5/31/2017...

CLIMATE NORMAL PERIOD 1981 TO 2010
CLIMATE RECORD PERIOD 1888 TO 2017

WEATHER         OBSERVED          NORMAL  DEPART  LAST YEAR`S
                 VALUE   DATE(S)  VALUE   FROM    VALUE
                                          NORMAL
.............................................................
TEMPERATURE (F)
RECORD
 HIGH              97   05/28/2003
 LOW              -15   03/02/1890
HIGHEST            88   05/30        85       3       83
LOWEST             19   03/01        12       7       20
AVG. MAXIMUM     62.8              60.1     2.7     62.2
AVG. MINIMUM     34.2              31.6     2.6     35.5
MEAN             48.5              45.8     2.7     48.8
DAYS MAX >= 90      0               0.3    -0.3        0
DAYS MAX <= 32      0               0.5    -0.5        0
DAYS MIN <= 32     40              47.4    -7.4       38
DAYS MIN <= 0       0               0.0     0.0        0

PRECIPITATION (INCHES)
RECORD
 MAXIMUM         6.60   1904
 MINIMUM         0.62   1924
TOTALS           3.17              2.93    0.24     4.49
DAILY AVG.       0.03              0.03    0.00     0.05
DAYS >= .01        24              25.7    -1.7       36
DAYS >= .10        13               9.9     3.1       19
DAYS >= .50         1               0.6     0.4        0
DAYS >= 1.00        0               0.0     0.0        0

SNOWFALL (INCHES)
RECORDS
 TOTAL           38.5   1902
TOTALS            1.9               8.8    -6.9      7.5
DAYS >= 1.0         0               3.4    -3.4        3

DEGREE_DAYS
HEATING TOTAL    1498              1767    -269     1463
COOLING TOTAL       4                 4       0        0
..............................................................

WIND (MPH)
AVERAGE WIND SPEED              6.4
HIGHEST WIND SPEED/DIRECTION    39/260    DATE  03/30
HIGHEST GUST SPEED/DIRECTION    50/250    DATE  03/30

AVERAGE RH (PERCENT)     55

WEATHER CONDITIONS. NUMBER OF DAYS WITH
THUNDERSTORM              0     MIXED PRECIP               2
HEAVY RAIN                3     RAIN                      10
LIGHT RAIN               30     FREEZING RAIN              0
LT FREEZING RAIN          0     HAIL                       0
HEAVY SNOW                1     SNOW                       2
LIGHT SNOW               16     SLEET                      0
FOG                      16     FOG W/VIS <= 1/4 MILE      3
HAZE                      6

-  INDICATES NEGATIVE NUMBERS.
R  INDICATES RECORD WAS SET OR TIED.
MM INDICATES DATA IS MISSING.
T  INDICATES TRACE AMOUNT.

&&

=====================================================================

...TIED 5TH WARMEST METEOROLOGICAL SPRING (MARCH - MAY) ON RECORD IN
   ELKO WITH AN AVERAGE TEMPERATURE OF 48.5 DEGREES...

...MARCH WAS THE 2ND WARMEST ON RECORD WITH AN AVERAGE TEMPERATURE
   OF 44.4 DEGREES...

$$

DS
