000
CXUS55 KLKN 032124
CLSELY


CLIMATE REPORT
NATIONAL WEATHER SERVICE ELKO NV
127 PM PDT WED JUN 3 2015

...................................

...THE ELY AIRPORT NV CLIMATE SUMMARY FOR THE SEASON, FROM
3/1/2015 TO 5/31/2015...

CLIMATE NORMAL PERIOD 1981 TO 2010
CLIMATE RECORD PERIOD 1893 TO 2015

WEATHER         OBSERVED          NORMAL  DEPART  LAST YEAR`S
                 VALUE   DATE(S)  VALUE   FROM    VALUE
                                          NORMAL
.............................................................
TEMPERATURE (F)
RECORD
 HIGH              95   05/31/1910
 LOW              -13   03/03/1952
HIGHEST            85   05/31        82       3       87
LOWEST              2   03/04         3      -1       10
AVG. MAXIMUM     61.8              58.6     3.2     61.4
AVG. MINIMUM     28.9              27.7     1.2     27.8
MEAN             45.3              43.2     2.1     44.6
DAYS MAX >= 90      0               0.1    -0.1        0
DAYS MAX <= 32      1               0.8     0.2        0
DAYS MIN <= 32     57              64.0    -7.0       65
DAYS MIN <= 0       0               0.3    -0.3        0

PRECIPITATION (INCHES)
RECORD
 MAXIMUM         6.80   1896
 MINIMUM         0.50   1910
TOTALS           2.81              2.98   -0.17     2.44
DAILY AVG.       0.03              0.03    0.00     0.03
DAYS >= .01        22              22.8    -0.8       16
DAYS >= .10        11               9.6     1.4        5
DAYS >= .50         1               0.9     0.1        2
DAYS >= 1.00        0               0.0     0.0        0

SNOWFALL (INCHES)
RECORDS
 TOTAL           50.0   1964
TOTALS            8.7              15.8    -7.1     12.7
DAYS >= 1.0         5               5.4    -0.4        3
GREATEST
 SNOW DEPTH         8   03/13                          2

DEGREE_DAYS
HEATING TOTAL    1794              2010    -216     1857
COOLING TOTAL       3                 1       2        2
..............................................................

WIND (MPH)
AVERAGE WIND SPEED              10.0
HIGHEST WIND SPEED/DIRECTION    41/290    DATE  04/14
HIGHEST GUST SPEED/DIRECTION    55/210    DATE  04/14

AVERAGE RH (PERCENT)     50

WEATHER CONDITIONS. NUMBER OF DAYS WITH
THUNDERSTORM              0     MIXED PRECIP               0
HEAVY RAIN                5     RAIN                       6
LIGHT RAIN               25     FREEZING RAIN              0
LT FREEZING RAIN          0     HAIL                       1
HEAVY SNOW                0     SNOW                       5
LIGHT SNOW               11     SLEET                      0
FOG                      17     FOG W/VIS <= 1/4 MILE      1
HAZE                     11

-  INDICATES NEGATIVE NUMBERS.
R  INDICATES RECORD WAS SET OR TIED.
MM INDICATES DATA IS MISSING.
T  INDICATES TRACE AMOUNT.

&&

==============================================================

...10TH WARMEST METEOROLOGICAL SPRING ON RECORD IN ELY...
...46TH WETTEST METEOROLOGICAL SPRING ON RECORD IN ELY...
...25TH LEAST SNOWY METEOROLOGICAL SPRING ON RECORD IN ELY...

THE AVERAGE TEMPERATURE IN ELY DURING METEOROLOGICAL SPRING
(MARCH-MAY) 2015 WAS 45.3 DEGREES...WHICH IS 2.1
DEGREES ABOVE THE 1981-2010 CLIMATOLOGICAL NORMAL OF 43.2
DEGREES. THIS MAKES METEOROLOGICAL SPRING 2015 THE 10TH
WARMEST ON RECORD. THE TOTAL PRECIPITATION WAS 2.81 INCHES...
WHICH IS 0.17 INCHES BELOW OR 94 PERCENT OF THE 1981-2010
CLIMATOLOGICAL NORMAL OF 2.98 INCHES. THIS MAKES SPRING 2015
THE 46TH WETTEST ON RECORD. THE TOTAL SNOWFALL WAS 8.7 INCHES.
WHICH IS 7.1 INCHES BELOW OR 55 PERCENT OF THE 1981-2010
CLIMATOLOGICAL NORMAL OF 15.8 INCHES. THIS MAKES SPRING 2015
THE 25TH LEAST SNOWY ON RECORD.

MARCH 2015 WAS THE WARMEST MARCH ON RECORD WITH AN
AVERAGE TEMPERATURE OF 42.3 DEGREES.

$$

DS/DTK/JRM
