000
CXUS53 KFGF 011024
CLSFAR

CLIMATE REPORT
NATIONAL WEATHER SERVICE EASTERN NORTH DAKOTA/GRAND FORKS
524 AM CDT TUE SEP 1 2015

...................................

...THE FARGO HECTOR INTL AP ND CLIMATE SUMMARY FOR THE SEASON, FROM
6/1/2015 TO 8/31/2015...

CLIMATE NORMAL PERIOD 1981 TO 2010
CLIMATE RECORD PERIOD 1881 TO 2015

WEATHER         OBSERVED          NORMAL  DEPART  LAST YEAR`S
                 VALUE   DATE(S)  VALUE   FROM    VALUE  DATE(S)
                                          NORMAL
................................................................
TEMPERATURE (F)
RECORD
 HIGH             114   07/06/1936
 LOW               28   06/01/1888
HIGHEST            96   08/14        80      16       93  07/21
                                                          07/05
                                                          07/20
LOWEST             42   08/25        55     -13       44  06/08
                        07/07
AVG. MAXIMUM     81.3              80.4     0.9     79.2
AVG. MINIMUM     58.2              57.3     0.9     58.1
MEAN             69.7              68.8     0.9     68.7
DAYS MAX >= 90      8               9.9    -1.9        3
DAYS MAX <= 32      0               0.0     0.0        0
DAYS MIN <= 32      0               0.0     0.0        0
DAYS MIN <= 0       0               0.0     0.0        0

PRECIPITATION (INCHES)
RECORD
 MAXIMUM        18.88   1944
 MINIMUM         1.86   1936
TOTALS           6.82              9.25   -2.43     9.44
DAILY AVG.       0.07              0.10   -0.03     0.10
DAYS >= .01        29              30.3    -1.3       34
DAYS >= .10        16              16.9    -0.9       19
DAYS >= .50         5               5.3    -0.3       10
DAYS >= 1.00        0               2.1    -2.1        1
GREATEST
 24 HR. TOTAL    0.92   MM                       08/31 TO 08/31
                                                          08/31 TO 08/31
                                                          08/31 TO 08/31
 STORM TOTAL       MM                                 MM
 (MM/DD(HH))            MM                    08/31(00) TO 08/31(00)
                                                 08/31(00) TO 08/31(00)1
                                                 08/31(00) TO 08/31(00)1

SNOWFALL (INCHES)
RECORDS
 TOTAL             MM   MM
 24 HR TOTAL       MM
 SNOW DEPTH        MM   MM
TOTALS            0.0               0.0     0.0      0.0
 LIQUID EQUIV    0.00              0.00    0.00     0.00
SINCE 7/1         0.0               0.0     0.0      0.0
 LIQUID 7/1      0.00              0.00    0.00     0.00
SNOWDEPTH AVG.      0                MM      MM        0
DAYS >= TRACE       0               0.0     0.0        0
DAYS >= 1.0         0               0.0     0.0        0
GREATEST
 SNOW DEPTH         0   MM                             0  MM
 24 HR TOTAL      0.0   MM                       08/31 TO 08/31
                                                          08/31 TO 08/31
                                                          08/31 TO 08/31
 STORM TOTAL       MM                                 MM
 (MM/DD(HH))            MM                    08/31(00) TO 08/31(00)
                                                 08/31(00) TO 08/31(00)1
                                                 08/31(00) TO 08/31(00)1

DEGREE_DAYS
HEATING TOTAL      67               122     -55       62
 SINCE 7/1         44                50      -6       32
COOLING TOTAL     527               474      53      417
 SINCE 1/1        542               505      37      496

FREEZE DATES
RECORD
 EARLIEST     MM
 LATEST       MM
EARLIEST                        MM
LATEST                          MM
..................................................

WIND (MPH)
AVERAGE WIND SPEED              9.5
RESULTANT WIND SPEED/DIRECTION   3/197
HIGHEST WIND SPEED/DIRECTION    39/300    DATE  08/23
HIGHEST GUST SPEED/DIRECTION    49/300    DATE  08/23

SKY COVER
POSSIBLE SUNSHINE (PERCENT)   MM
AVERAGE SKY COVER           0.20
NUMBER OF DAYS FAIR           67
NUMBER OF DAYS PC             23
NUMBER OF DAYS CLOUDY          2

AVERAGE RH (PERCENT)     68

WEATHER CONDITIONS. NUMBER OF DAYS WITH
THUNDERSTORM              0     MIXED PRECIP               0
HEAVY RAIN               13     RAIN                      13
LIGHT RAIN               32     FREEZING RAIN              0
LT FREEZING RAIN          0     HAIL                       0
HEAVY SNOW                0     SNOW                       0
LIGHT SNOW                0     SLEET                      0
FOG                      38     FOG W/VIS <= 1/4 MILE      5
HAZE                     17

-  INDICATES NEGATIVE NUMBERS.
R  INDICATES RECORD WAS SET OR TIED.
MM INDICATES DATA IS MISSING.
T  INDICATES TRACE AMOUNT.

&&

SUMMER 2015 AT FARGO HECTOR INTL AP WAS SLIGHTLY WARMER THAN AVERAGE
AND A BIT DRIER THAN AVERAGE.  THE MEAN TEMPERATURE OF 69.7 DEGREES
FOR THE SEASON WAS 0.9 DEGREES ABOVE AVERAGE. THE 6.82 INCHES OF
RAINFALL WAS 2.43 INCHES BELOW AVERAGE.  HOWEVER...THE OBSERVED
TEMPERATURES AND PRECIPITATION WERE NOT AMONG THE WARMEST OR DRIEST
SUMMER SEASONS ON RECORD.

REMEMBER...THIS DATA IS PROVISIONAL AND SUBJECT TO CHANGE. THE FINAL
AND OFFICIAL RECORDS WILL BE AVAILABLE FROM THE NATIONAL CENTERS FOR
ENVIRONMENTAL INFORMATION (FORMERLY THE NATIONAL CLIMATE DATA
CENTER).

$$
