000
CXUS53 KDDC 041548 CCA
CLSGCK

CLIMATE REPORT
NATIONAL WEATHER SERVICE DODGE CITY KS
1022 AM CST FRI DEC 1 2017

...................................

...THE GARDEN CITY REGIONAL ARPT KS CLIMATE SUMMARY FOR THE SEASON, FROM
9/1/2017 TO 11/30/2017...

CLIMATE NORMAL PERIOD 1981 TO 2010
CLIMATE RECORD PERIOD 1948 TO 2017

WEATHER         OBSERVED          NORMAL  DEPART  LAST YEAR`S
                 VALUE   DATE(S)  VALUE   FROM    VALUE  DATE(S)
                                          NORMAL
................................................................
TEMPERATURE (F)
RECORD
 HIGH             106   09/01/2011
 LOW               -5   11/28/1976
HIGHEST            98   09/19        MM      MM      100  10/17
                        09/15
LOWEST             16   10/28        MM      MM       12  11/19
AVG. MAXIMUM     71.6              69.1     2.5     76.3
AVG. MINIMUM     41.8              41.1     0.7     44.2
MEAN             56.7              55.1     1.6     60.2
DAYS MAX >= 90      9               8.4     0.6       18
DAYS MAX <= 32      0               1.4    -1.4        0
DAYS MIN <= 32     28              25.6     2.4       16
DAYS MIN <= 0       0               0.0     0.0        0

PRECIPITATION (INCHES)
RECORD
 MAXIMUM        10.58   1969
 MINIMUM         0.26   2016
TOTALS           5.75              3.30    2.45     0.26
DAILY AVG.       0.06              0.04    0.02        T
DAYS >= .01        14              14.8    -0.8        3
DAYS >= .10         7               7.1    -0.1        1
DAYS >= .50         3               1.9     1.1        0
DAYS >= 1.00        3               0.5     2.5        0
GREATEST
 24 HR. TOTAL    1.96   09/25 TO 09/25           09/06 TO 09/06

DEGREE_DAYS
HEATING TOTAL     956              1085    -129      688
 SINCE 7/1        956              1089    -133      688
COOLING TOTAL     226               183      43      277
 SINCE 1/1       1373              1298      75     1433
.......................................................

WIND (MPH)
AVERAGE WIND SPEED              12.2
RESULTANT WIND SPEED/DIRECTION   2/162
HIGHEST WIND SPEED/DIRECTION    45/320    DATE  10/06
HIGHEST GUST SPEED/DIRECTION    59/320    DATE  10/06

SKY COVER
POSSIBLE SUNSHINE (PERCENT)   MM
NUMBER OF DAYS FAIR           63
NUMBER OF DAYS PC             20
NUMBER OF DAYS CLOUDY          8

AVERAGE RH (PERCENT)     60

WEATHER CONDITIONS. NUMBER OF DAYS WITH
THUNDERSTORM              7     MIXED PRECIP               0
HEAVY RAIN                5     RAIN                       6
LIGHT RAIN               16     FREEZING RAIN              0
LT FREEZING RAIN          0     HAIL                       0
HEAVY SNOW                0     SNOW                       0
LIGHT SNOW                2     SLEET                      0
FOG                      28     FOG W/VIS <= 1/4 MILE      5
HAZE                     15

-  INDICATES NEGATIVE NUMBERS.
R  INDICATES RECORD WAS SET OR TIED.
MM INDICATES DATA IS MISSING.
T  INDICATES TRACE AMOUNT.

$$
