000
CXUS53 KILX 011659
CLSLWV

CLIMATE REPORT
NATIONAL WEATHER SERVICE LINCOLN IL
1147 AM CDT THU SEP 1 2016

...................................

...THE LAWRENCEVILLE IL AIRPORT CLIMATE SUMMARY FOR THE SEASON, FROM
6/1/2016 TO 8/31/2016...

CLIMATE NORMAL PERIOD 1981 TO 2010
CLIMATE RECORD PERIOD 9999 TO 9999

WEATHER         OBSERVED          NORMAL  DEPART  LAST YEAR`S
                 VALUE   DATE(S)  VALUE   FROM    VALUE
                                          NORMAL
.............................................................
TEMPERATURE (F)
RECORD
 HIGH              MM   MM
 LOW               MM   MM
HIGHEST            97   06/26        MM      MM       93
LOWEST             54   06/08        MM      MM       52
AVG. MAXIMUM     87.2              87.0     0.2     84.5
AVG. MINIMUM     68.1              65.5     2.6     65.4
MEAN             77.7              76.3     1.4     74.9
DAYS MAX >= 90     35              31.0     4.0       15
DAYS MAX <= 32      0               0.0     0.0        0
DAYS MIN <= 32      0               0.0     0.0        0
DAYS MIN <= 0       0               0.0     0.0        0

PRECIPITATION (INCHES)
RECORD
 MAXIMUM           MM   MM
 MINIMUM           MM   MM
TOTALS          14.59             11.79    2.80    14.98
DAILY AVG.       0.16                               0.16
DAYS >= .01        26                MM      MM       35
DAYS >= .10        17                MM      MM       20
DAYS >= .50        10                MM      MM        9
DAYS >= 1.00        4                MM      MM        6
GREATEST
 24 HR. TOTAL    3.78   08/13 TO 08/14              3.52

DEGREE_DAYS
HEATING TOTAL       0                 8      -8        8
 SINCE 7/1          0                 1      -1        0
COOLING TOTAL    1171              1044     127      948
 SINCE 1/1       1291              1183     108     1103

FREEZE DATES
RECORD
 EARLIEST     MM
 LATEST       MM
EARLIEST                        MM
LATEST                          MM
..............................................................

WIND (MPH)
AVERAGE WIND SPEED              6.1
HIGHEST WIND SPEED/DIRECTION    40/020    DATE  07/06
HIGHEST GUST SPEED/DIRECTION    55/020    DATE  07/06

SKY COVER
POSSIBLE SUNSHINE (PERCENT)   MM
AVERAGE SKY COVER           0.30
NUMBER OF DAYS FAIR           62
NUMBER OF DAYS PC             26
NUMBER OF DAYS CLOUDY          4

AVERAGE RH (PERCENT)     75

WEATHER CONDITIONS. NUMBER OF DAYS WITH
THUNDERSTORM             21     MIXED PRECIP               0
HEAVY RAIN               20     RAIN                      15
LIGHT RAIN               36     FREEZING RAIN              0
LT FREEZING RAIN          0     HAIL                       0
HEAVY SNOW                0     SNOW                       0
LIGHT SNOW                0     SLEET                      0
FOG                      58     FOG W/VIS <= 1/4 MILE      8
HAZE                     13

-  INDICATES NEGATIVE NUMBERS.
R  INDICATES RECORD WAS SET OR TIED.
MM INDICATES DATA IS MISSING.
T  INDICATES TRACE AMOUNT.

$$
