000
CXUS51 KRNK 011926 CCA
CLSLYH

CLIMATE REPORT
NATIONAL WEATHER SERVICE BLACKSBURG VA
221 PM EST FRI DEC 1 2017

...................................

...THE LYNCHBURG VA CLIMATE SUMMARY FOR THE SEASON, FROM
9/1/2017 TO 11/30/2017...

CLIMATE NORMAL PERIOD 1981 TO 2010
CLIMATE RECORD PERIOD 1893 TO 2017

WEATHER         OBSERVED          NORMAL  DEPART  LAST YEAR`S
                 VALUE   DATE(S)  VALUE   FROM    VALUE
                                          NORMAL
.............................................................
TEMPERATURE (F)
RECORD
 HIGH             102   09/01/1932
 LOW                8   11/25/1970
HIGHEST            89   09/28                         94
                        09/27
LOWEST             23   11/24                         21
                        11/11
AVG. MAXIMUM     69.7              68.4     1.3     72.3
AVG. MINIMUM     46.2              44.9     1.3     49.6
MEAN             58.0              56.7     1.3     60.9
DAYS MAX >= 90      0               2.0    -2.0        7
DAYS MAX <= 32      0               0.0     0.0        0
DAYS MIN <= 32     18              14.7     3.3       13
DAYS MIN <= 0       0               0.0     0.0        0

PRECIPITATION (INCHES)
RECORD
 MAXIMUM        20.09   1996
 MINIMUM         1.85   1931
TOTALS           5.50             10.40   -4.90     6.28
DAILY AVG.       0.06              0.11   -0.05     0.07
DAYS >= .01        28              23.7     4.3       14
DAYS >= .10        14              14.9    -0.9       10
DAYS >= .50         4               7.0    -3.0        5
DAYS >= 1.00        0               3.2    -3.2        2
GREATEST
 24 HR. TOTAL    0.72                               1.53

SNOWFALL (INCHES)
TOTALS            0.0                                0.0
DAYS >= TRACE       0                                  0
DAYS >= 1.0         0                                  0
GREATEST
 24 HR TOTAL      0.0                                0.0

DEGREE_DAYS
HEATING TOTAL     813               891     -78      630
COOLING TOTAL     196               133      63      280
..............................................................

WIND (MPH)
AVERAGE WIND SPEED              4.3
HIGHEST WIND SPEED/DIRECTION    24/150    DATE  10/23
HIGHEST GUST SPEED/DIRECTION    33/200    DATE  11/18

SKY COVER
AVERAGE SKY COVER           0.30

AVERAGE RH (PERCENT)     71

WEATHER CONDITIONS. NUMBER OF DAYS WITH
THUNDERSTORM              2     MIXED PRECIP               0
HEAVY RAIN                6     RAIN                      14
LIGHT RAIN               34     FREEZING RAIN              0
LT FREEZING RAIN          0     HAIL                       0
HEAVY SNOW                0     SNOW                       0
LIGHT SNOW                0     SLEET                      0
FOG                      45     FOG W/VIS <= 1/4 MILE     10
HAZE                      0

-  INDICATES NEGATIVE NUMBERS.
R  INDICATES RECORD WAS SET OR TIED.
MM INDICATES DATA IS MISSING.
T  INDICATES TRACE AMOUNT.

$$

RAB
