000
CXUS51 KRNK 012232
CLSLYH


CLIMATE REPORT
NATIONAL WEATHER SERVICE BLACKSBURG VA
626 PM EDT THU SEP 1 2016

...................................

...THE LYNCHBURG VA CLIMATE SUMMARY FOR THE SEASON, FROM
6/1/2016 TO 8/31/2016...

CLIMATE NORMAL PERIOD 1981 TO 2010
CLIMATE RECORD PERIOD 1893 TO 2016

WEATHER         OBSERVED          NORMAL  DEPART  LAST YEAR`S
                 VALUE   DATE(S)  VALUE   FROM    VALUE
                                          NORMAL
.............................................................
TEMPERATURE (F)
RECORD
 HIGH             106   07/10/1936
 LOW                7   06/17/2015
HIGHEST            95   07/26                         92
                        07/24
LOWEST             48   06/09                         53
AVG. MAXIMUM     85.8              85.0     0.8     84.3
AVG. MINIMUM     65.6              62.4     3.2     63.9
MEAN             75.7              73.7     2.0     74.1
DAYS MAX >= 90     26              19.1     6.9       12
DAYS MAX <= 32      0               0.0     0.0        0
DAYS MIN <= 32      0               0.0     0.0        0
DAYS MIN <= 0       0               0.0     0.0        0

PRECIPITATION (INCHES)
RECORD
 MAXIMUM        22.66   1989
 MINIMUM         3.89   1930
TOTALS          13.46             11.24    2.22    11.36
DAILY AVG.       0.15              0.12    0.03     0.12
DAYS >= .01        34              31.1     2.9       34
DAYS >= .10        14              19.1    -5.1       26
DAYS >= .50         8               7.5     0.5        9
DAYS >= 1.00        3               2.9     0.1        1
GREATEST
 24 HR. TOTAL    3.56                               1.44

SNOWFALL (INCHES)
TOTALS            0.0                                0.0
DAYS >= TRACE       0                                  0
DAYS >= 1.0         0                                  0
GREATEST
 24 HR TOTAL      0.0                                0.0

DEGREE_DAYS
HEATING TOTAL       1                17     -16       13
COOLING TOTAL    1007               817     190      877
..............................................................

WIND (MPH)
AVERAGE WIND SPEED              4.0
HIGHEST WIND SPEED/DIRECTION    24/330    DATE  06/16
HIGHEST GUST SPEED/DIRECTION    39/310    DATE  06/16

SKY COVER
AVERAGE SKY COVER           0.30

AVERAGE RH (PERCENT)     75

WEATHER CONDITIONS. NUMBER OF DAYS WITH
THUNDERSTORM             28     MIXED PRECIP               0
HEAVY RAIN               12     RAIN                      13
LIGHT RAIN               44     FREEZING RAIN              0
LT FREEZING RAIN          0     HAIL                       1
HEAVY SNOW                0     SNOW                       0
LIGHT SNOW                0     SLEET                      0
FOG                      38     FOG W/VIS <= 1/4 MILE      8
HAZE                      0

-  INDICATES NEGATIVE NUMBERS.
R  INDICATES RECORD WAS SET OR TIED.
MM INDICATES DATA IS MISSING.
T  INDICATES TRACE AMOUNT.

$$

PW
