000
CXUS53 KMKX 020157 CCA
CLSMKE

CLIMATE REPORT
NATIONAL WEATHER SERVICE IN MILWAUKEE
800 PM CST WED MAR 1 2017

...................................

...THE MILWAUKEE WI CLIMATE SUMMARY FOR THE SEASON, FROM
12/1/2016 TO 2/28/2017...

CLIMATE NORMAL PERIOD 1981 TO 2010
CLIMATE RECORD PERIOD 1871 TO 2017

WEATHER         OBSERVED          NORMAL  DEPART  LAST YEAR`S
                 VALUE   DATE(S)  VALUE   FROM    VALUE  DATE(S)
                                          NORMAL
................................................................
TEMPERATURE (F)
RECORD
 HIGH              71   02/22/2017
 LOW              -26   02/03/1996
                        01/17/1982
HIGHEST            71R  02/22        55      16       61  02/28
LOWEST             -7   12/19       -13       6       -5  01/18
AVG. MAXIMUM     36.6              31.4     5.2     35.6
AVG. MINIMUM     22.9              18.3     4.6     23.9
MEAN             29.7              24.9     4.8     29.8
DAYS MAX >= 90      0               0.0     0.0        0
DAYS MAX <= 32     31              44.0   -13.0       33
DAYS MIN <= 32     66              80.7   -14.7       69
DAYS MIN <= 0       4               6.8    -2.8        6

PRECIPITATION (INCHES)
RECORD
 MAXIMUM        11.13   1875
                        1876
 MINIMUM         1.53   2002
                        2003
TOTALS           5.94              5.45    0.49     5.13
DAILY AVG.       0.07              0.06    0.01     0.05
DAYS >= .01        32              32.0     0.0       27
DAYS >= .10        16              14.2     1.8       13
DAYS >= .50         2               2.8    -0.8        3
DAYS >= 1.00        0               0.7    -0.7        0
GREATEST
 24 HR. TOTAL    1.20   02/23 TO 02/24              1.24

SNOWFALL (INCHES)
RECORDS
 TOTAL           89.8   1885
                        1886
TOTALS           24.0              35.1   -11.1     22.2
SINCE 7/1        24.0              37.8   -13.8     29.1
SNOWDEPTH AVG.      1                 4      -3        2
DAYS >= 1.0         7              10.3    -3.3        5
GREATEST
 SNOW DEPTH        13   12/18                          9  12/28
 24 HR TOTAL      7.8   12/10 TO 12/11               9.0

DEGREE_DAYS
HEATING TOTAL    3169              3615    -446     3180
 SINCE 7/1         MM              4980      MM       MM
COOLING TOTAL       0                 0       0        0
 SINCE 1/1          0                 0       0        0

FREEZE DATES
RECORD
 EARLIEST     09/20/1956
 LATEST       05/27/1961
EARLIEST                        10/17
LATEST                          04/27
.................................................................

WIND (MPH)
AVERAGE WIND SPEED              10.2
RESULTANT WIND SPEED/DIRECTION   6/265
HIGHEST WIND SPEED/DIRECTION    41/230    DATE  12/26
HIGHEST GUST SPEED/DIRECTION    54/220    DATE  12/26

SKY COVER
POSSIBLE SUNSHINE (PERCENT)   MM
AVERAGE SKY COVER           0.70
NUMBER OF DAYS FAIR           13
NUMBER OF DAYS PC             35
NUMBER OF DAYS CLOUDY         42

AVERAGE RH (PERCENT)     67

WEATHER CONDITIONS. NUMBER OF DAYS WITH
THUNDERSTORM              1     MIXED PRECIP               0
HEAVY RAIN                0     RAIN                       9
LIGHT RAIN               22     FREEZING RAIN              0
LT FREEZING RAIN          5     HAIL                       1
HEAVY SNOW                0     SNOW                       8
LIGHT SNOW               28     SLEET                      3
FOG                      41     FOG W/VIS <= 1/4 MILE     12
HAZE                     35

-  INDICATES NEGATIVE NUMBERS.
R  INDICATES RECORD WAS SET OR TIED.
MM INDICATES DATA IS MISSING.
T  INDICATES TRACE AMOUNT.

&&

THIS SEASON WAS TIED FOR 10TH WARMEST DJF.

$$
