000
CXUS53 KMKX 011820 RRA
CLSMSN

CLIMATE REPORT
NATIONAL WEATHER SERVICE IN MILWAUKEE
108 PM CDT SUN JUN 1 2014

...................................

...THE MADISON WI CLIMATE SUMMARY FOR THE SEASON, FROM
3/1/2014 TO 5/31/2014...

CLIMATE NORMAL PERIOD 1981 TO 2010
CLIMATE RECORD PERIOD 1871 TO 2014

WEATHER         OBSERVED          NORMAL  DEPART  LAST YEAR`S
                 VALUE   DATE(S)  VALUE   FROM    VALUE  DATE(S)
                                          NORMAL
................................................................
TEMPERATURE (F)
RECORD
 HIGH             101   05/31/1934
 LOW              -29   03/01/1962
HIGHEST            87   05/31        85       2       88  05/14
LOWEST             -8   03/03         3     -11       -3  03/03
AVG. MAXIMUM     54.7              56.3    -1.6     52.7
AVG. MINIMUM     33.9              35.6    -1.7     33.9
MEAN             44.3              45.9    -1.6     43.3
DAYS MAX >= 90      0               0.1    -0.1        0
DAYS MAX <= 32      9               5.2     3.8       13
DAYS MIN <= 32     36              35.7     0.3       40
DAYS MIN <= 0       4               0.4     3.6        1

PRECIPITATION (INCHES)
RECORD
 MAXIMUM        17.42   1973
 MINIMUM         2.35   1936
TOTALS           9.86              9.15    0.71    14.81
DAILY AVG.       0.11              0.10    0.01     0.16
DAYS >= .01        36              34.5     1.5       42
DAYS >= .10        19              19.2    -0.2       23
DAYS >= .50         4               5.7    -1.7       15
DAYS >= 1.00        3               1.7     1.3        4
GREATEST
 24 HR. TOTAL    2.03 04/13 TO 04/14                1.97  04/09 TO 04/10

SNOWFALL (INCHES)
RECORDS
 TOTAL           32.7   1923
TOTALS            9.2               9.8    -0.6     15.5
SINCE 7/1        59.2              50.9     8.3     70.6
SNOWDEPTH AVG.      1                MM      MM        2
DAYS >= 1.0         5               2.8     2.2        3
GREATEST
 SNOW DEPTH        11   03/05                         11  03/08
                                                          03/06
                                                          03/07
 24 HR TOTAL      2.6   03/04 TO 03/04               6.4  03/05

DEGREE_DAYS
HEATING TOTAL    1936              1786     150     2027
 SINCE 7/1         MM              7273      MM       MM
COOLING TOTAL      51                30      21       53
 SINCE 1/1         51                30      21       53

FREEZE DATES
RECORD
 EARLIEST     09/12/1955
 LATEST       05/31/1966
EARLIEST                        10/01
LATEST                          05/10
.................................................................

WIND (MPH)
AVERAGE WIND SPEED              8.8
RESULTANT WIND SPEED/DIRECTION   1/125
HIGHEST WIND SPEED/DIRECTION    37/170    DATE  03/31
HIGHEST GUST SPEED/DIRECTION    46/170    DATE  03/31

SKY COVER
POSSIBLE SUNSHINE (PERCENT)   MM
AVERAGE SKY COVER           0.60
NUMBER OF DAYS FAIR           15
NUMBER OF DAYS PC             50
NUMBER OF DAYS CLOUDY         27

AVERAGE RH (PERCENT)     65

WEATHER CONDITIONS. NUMBER OF DAYS WITH
THUNDERSTORM             13     MIXED PRECIP               0
HEAVY RAIN                5     RAIN                       8
LIGHT RAIN               34     FREEZING RAIN              0
LT FREEZING RAIN          1     HAIL                       0
HEAVY SNOW                1     SNOW                       4
LIGHT SNOW               15     SLEET                      0
FOG                      42     FOG W/VIS <= 1/4 MILE      3
HAZE                     19

-  INDICATES NEGATIVE NUMBERS.
R  INDICATES RECORD WAS SET OR TIED.
MM INDICATES DATA IS MISSING.
T  INDICATES TRACE AMOUNT.

$$
