000
CXUS54 KLZK 020020
CLSPBF


CLIMATE REPORT
NATIONAL WEATHER SERVICE LITTLE ROCK AR
715 PM CDT THU SEP 1 2016

...................................

...THE PINE BLUFF CLIMATE SUMMARY FOR THE SEASON, FROM
6/1/2016 TO 8/31/2016...

CLIMATE NORMAL PERIOD 1981 TO 2010
CLIMATE RECORD PERIOD 1883 TO 2016

WEATHER         OBSERVED          NORMAL  DEPART  LAST YEAR`S
                 VALUE   DATE(S)  VALUE   FROM    VALUE  DATE(S)
                                          NORMAL
................................................................
TEMPERATURE (F)
RECORD
 HIGH             112   08/15/1943
 LOW               49   06/02/1984
                        06/03/1956
                        06/12/1903
HIGHEST            99   08/05        91       8      100  08/07
                        07/23                             07/29
                        07/22
LOWEST             63   06/07        71      -8       57  08/28
AVG. MAXIMUM     90.8              91.0    -0.2     91.4
AVG. MINIMUM     72.6              70.5     2.1     71.1
MEAN             81.7              80.8     0.9     81.3
DAYS MAX >= 90     63              57.0     6.0       68
DAYS MAX <= 32      0               0.0     0.0        0
DAYS MIN <= 32      0               0.0     0.0        0
DAYS MIN <= 0       0               0.0     0.0        0

PRECIPITATION (INCHES)
RECORD
 MAXIMUM        20.33   1989
 MINIMUM         0.66   1930
TOTALS          12.95              9.99    2.96     6.66
DAILY AVG.       0.14              0.11    0.03     0.07
DAYS >= .01        28              24.9     3.1       17
DAYS >= .10        19                                 12
DAYS >= .50         8                                  5
DAYS >= 1.00        4               2.8     1.2        2
GREATEST
 24 HR. TOTAL    2.34   08/16 TO 08/16

SNOWFALL (INCHES)
TOTALS            0.0               0.0     0.0      0.0
 LIQUID EQUIV    0.00              0.00    0.00     0.00
SINCE 7/1         0.0               0.0     0.0      0.0
 LIQUID 7/1      0.00              0.00    0.00     0.00
SNOWDEPTH AVG.      0                 0       0        0
DAYS >= TRACE       0               0.0     0.0        0
DAYS >= 1.0         0               0.0     0.0        0
GREATEST
 SNOW DEPTH         0
 24 HR TOTAL      0.0

DEGREE_DAYS
HEATING TOTAL       0                 0       0        0
 SINCE 7/1          0                 0       0        0
COOLING TOTAL    1560              1451     109     1518
 SINCE 1/1       1808              1758      50     1847

FREEZE DATES
RECORD
 EARLIEST     10/10/2000
 LATEST       04/25/1910
EARLIEST                        11/12
LATEST                          03/16
.....................................................

WIND (MPH)
AVERAGE WIND SPEED              4.9
HIGHEST WIND SPEED/DIRECTION    45/300    DATE  07/15
HIGHEST GUST SPEED/DIRECTION    64/250    DATE  07/15

SKY COVER
POSSIBLE SUNSHINE (PERCENT)   MM
AVERAGE SKY COVER           0.20
NUMBER OF DAYS FAIR           67
NUMBER OF DAYS PC             22
NUMBER OF DAYS CLOUDY          3

AVERAGE RH (PERCENT)     76

WEATHER CONDITIONS. NUMBER OF DAYS WITH
THUNDERSTORM              0     MIXED PRECIP               0
HEAVY RAIN               16     RAIN                      20
LIGHT RAIN               37     FREEZING RAIN              0
LT FREEZING RAIN          0     HAIL                       0
HEAVY SNOW                0     SNOW                       0
LIGHT SNOW                0     SLEET                      0
FOG                      57     FOG W/VIS <= 1/4 MILE      5
HAZE                      4

-  INDICATES NEGATIVE NUMBERS.
R  INDICATES RECORD WAS SET OR TIED.
MM INDICATES DATA IS MISSING.
T  INDICATES TRACE AMOUNT.

&&

...DATA FOR PINE BLUFF SUMMER OF 2016...

.SEASONAL TEMPERATURES...
THE AVERAGE HIGH TEMPERATURE WAS THE COOLEST SINCE 2014. THE AVERAGE LOW
TEMPERATURE WAS THE WARMEST SINCE 2011...AND 8TH WARMEST ON RECORD. THE
AVERAGE SEASONAL TEMPERATURE WAS THE WARMEST SINCE 2011.

.SEASONAL RAINFALL...
SUMMER RAINFALL WAS A LITTLE ABOVE AVERAGE. THERE WERE 28 DAYS WITH MEASURABLE
RAINFALL...WHICH WAS THE MOST SINCE 2009.

$$

57
