081
CXUS51 KPBZ 011824
CLSPIT


CLIMATE REPORT
NATIONAL WEATHER SERVICE PITTSBURGH PA
123 PM EST THU DEC 1 2016

...................................

...THE PITTSBURGH PA CLIMATE SUMMARY FOR THE SEASON, FROM
9/1/2016 TO 11/30/2016...

CLIMATE NORMAL PERIOD 1981 TO 2010
CLIMATE RECORD PERIOD 1871 TO 2016

WEATHER         OBSERVED          NORMAL  DEPART  LAST YEAR`S
                 VALUE   DATE(S)  VALUE   FROM    VALUE  DATE(S)
                                          NORMAL
................................................................
TEMPERATURE (F)
RECORD
 HIGH             102   09/06/1881
 LOW                    11/30/1958
HIGHEST            89   09/10        75      14       91  09/09
                                                          09/07
                                                          09/08
LOWEST             23   11/23        18       5       20  11/23
                        11/22
AVG. MAXIMUM     67.9              62.7     5.2     67.0
AVG. MINIMUM     47.1              43.8     3.3     47.8
MEAN             57.5              53.3     4.2     57.4
DAYS MAX >= 90      0               0.3    -0.3        5
DAYS MAX <= 32      0               1.0    -1.0        0
DAYS MIN <= 32     11              14.9    -3.9       11
DAYS MIN <= 0       0               0.0     0.0        0

PRECIPITATION (INCHES)
RECORD
 MAXIMUM        16.60   2004
 MINIMUM         2.35   1908
TOTALS           8.45              8.63   -0.18
DAILY AVG.       0.09              0.09    0.00     0.11
DAYS >= .01        31              33.1    -2.1       31
DAYS >= .10        18              19.2    -1.2       17
DAYS >= .50         5               5.6    -0.6        5
DAYS >= 1.00        3               1.1     1.9        2
GREATEST
 24 HR. TOTAL    2.33

SNOWFALL (INCHES)
RECORDS
 TOTAL           30.3   1950
TOTALS            2.1               2.5    -0.4        T
SINCE 7/1         2.1               2.4    -0.3        T
SNOWDEPTH AVG.      0                                  0
DAYS >= TRACE       4               3.3     0.7        4
DAYS >= 1.0         1               0.7     0.3        0
GREATEST
 24 HR TOTAL      1.6   MM                           0.0

DEGREE_DAYS
HEATING TOTAL     846              1151    -305      848
 SINCE 7/1         MM              1163      MM      854
COOLING TOTAL     183                84      99      176
 SINCE 1/1       1158               736     422      979
.................................................................

WIND (MPH)
AVERAGE WIND SPEED              6.4
HIGHEST WIND SPEED/DIRECTION    38/300    DATE  09/10
HIGHEST GUST SPEED/DIRECTION    49/320    DATE  10/20

AVERAGE RH (PERCENT)     72

WEATHER CONDITIONS. NUMBER OF DAYS WITH
THUNDERSTORM              0     MIXED PRECIP               0
HEAVY RAIN                5     RAIN                       9
LIGHT RAIN               39     FREEZING RAIN              0
LT FREEZING RAIN          0     HAIL                       0
HEAVY SNOW                0     SNOW                       2
LIGHT SNOW                4     SLEET                      0
FOG                      43     FOG W/VIS <= 1/4 MILE      3
HAZE                      3

-  INDICATES NEGATIVE NUMBERS.
R  INDICATES RECORD WAS SET OR TIED.
MM INDICATES DATA IS MISSING.
T  INDICATES TRACE AMOUNT.

$$
