000
CXUS53 KGRB 052054
CLSRHI

CLIMATE REPORT
NATIONAL WEATHER SERVICE GREEN BAY
354 PM CDT MON SEP 5 2016

...THE RHINELANDER WI SUMMER CLIMATE SUMMARY FROM 6/1/2016 TO
8/31/2016...

CLIMATE NORMAL PERIOD 1981 TO 2010
CLIMATE RECORD PERIOD 1908 TO 2016

WEATHER         OBSERVED          NORMAL  DEPART  LAST YEAR`S
                 VALUE   DATE(S)  VALUE   FROM    VALUE  DATE(S)
                                          NORMAL
................................................................
TEMPERATURE (F)
RECORD
 HIGH             108   07/13/1936
 LOW               27   06/01/2003
HIGHEST            91   07/22        92      -1       89  08/15
                                                          08/14
LOWEST             32   06/08        35      -3       35  06/06
                                                          06/02
AVG. MAXIMUM     77.8              76.8     1.0     75.3
AVG. MINIMUM     54.7              52.6     2.1     51.7
MEAN             66.2              64.7     1.5     63.5
DAYS MAX >= 90      2               2.1    -0.1        0
DAYS MAX <= 32      0               0.0     0.0        0
DAYS MIN <= 32      1               0.5     0.5        0
DAYS MIN <= 0       0               0.0     0.0        0

PRECIPITATION (INCHES)
RECORD
 MAXIMUM        21.33   1978
 MINIMUM         5.37   1910
TOTALS          16.51             11.20    5.31    10.08
DAILY AVG.       0.18              0.12    0.06     0.11
DAYS >= .01        37                MM      MM       34
DAYS >= .10        29                MM      MM       21
DAYS >= .50        10                MM      MM        8
DAYS >= 1.00        4                MM      MM        2

SNOWFALL (INCHES)
RECORDS
 TOTAL              T   1945
 24 HR TOTAL       MM
TOTALS            0.0                MM      MM      0.0
SINCE 7/1         0.0                MM      MM      0.0
DAYS >= TRACE       0                MM      MM       MM
DAYS >= 1.0         0                MM      MM       MM
GREATEST
 SNOW DEPTH         0   MM                             0  MM
 24 HR TOTAL      0.0   MM

DEGREE_DAYS
HEATING TOTAL     153               261    -108      269
 SINCE 7/1         61               127     -66      137
COOLING TOTAL     293               230      63      157
 SINCE 1/1        308               241      67      162

FREEZE DATES
RECORD
 EARLIEST     08/27/1915
 LATEST       07/30/1928
EARLIEST                        09/23
LATEST                          05/20
.................................................................

WIND (MPH)
AVERAGE WIND SPEED              6.1
RESULTANT WIND SPEED/DIRECTION   2/236
HIGHEST WIND SPEED/DIRECTION    37/280    DATE  06/10
HIGHEST GUST SPEED/DIRECTION    55/270    DATE  06/10

SKY COVER
POSSIBLE SUNSHINE (PERCENT)   MM
AVERAGE SKY COVER           0.40
NUMBER OF DAYS FAIR           48
NUMBER OF DAYS PC             34
NUMBER OF DAYS CLOUDY         10

AVERAGE RH (PERCENT)     73

WEATHER CONDITIONS. NUMBER OF DAYS WITH
THUNDERSTORM             10     MIXED PRECIP               0
HEAVY RAIN               22     RAIN                      25
LIGHT RAIN               44     FREEZING RAIN              0
LT FREEZING RAIN          0     HAIL                       0
HEAVY SNOW                0     SNOW                       0
LIGHT SNOW                0     SLEET                      0
FOG                      71     FOG W/VIS <= 1/4 MILE     22
HAZE                      0

-  INDICATES NEGATIVE NUMBERS.
R  INDICATES RECORD WAS SET OR TIED.
MM INDICATES DATA IS MISSING.
T  INDICATES TRACE AMOUNT.

$$
