000
CXUS55 KLKN 011919
CLSTPH


CLIMATE REPORT
NATIONAL WEATHER SERVICE ELKO NV
1208 PM PDT FRI SEP 1 2017

...................................

...THE TONOPAH AIRPORT NV CLIMATE SUMMARY FOR THE SEASON, FROM
6/1/2017 TO 8/31/2017...

CLIMATE NORMAL PERIOD 1981 TO 2010
CLIMATE RECORD PERIOD 1954 TO 2017

WEATHER         OBSERVED          NORMAL  DEPART  LAST YEAR`S
                 VALUE   DATE(S)  VALUE   FROM    VALUE  DATE(S)
                                          NORMAL
................................................................
TEMPERATURE (F)
RECORD
 HIGH             104   07/28/2016
                        07/18/1960
                        07/18/1960
 LOW               27   06/01/1971
HIGHEST           102   07/08       100       2      104  07/28
                        06/20
LOWEST             34   06/12        39      -5       43  06/17
AVG. MAXIMUM     92.2              88.8     3.4     92.5
AVG. MINIMUM     59.9              54.8     5.1     57.6
MEAN             76.1              71.8     4.3     75.1
DAYS MAX >= 90     67              46.3    20.7       72
DAYS MAX <= 32      0               0.0     0.0        0
DAYS MIN <= 32      0               0.1    -0.1        0
DAYS MIN <= 0       0               0.0     0.0        0

PRECIPITATION (INCHES)
RECORD
 MAXIMUM         4.36   1984
 MINIMUM         0.18   1980
TOTALS           1.17              1.24   -0.07     0.19
DAILY AVG.          T              0.01   -0.01        T
DAYS >= .01        12               8.3     3.7        5
DAYS >= .10         5               3.3     1.7        0
DAYS >= .50         0               0.5    -0.5        0
DAYS >= 1.00        0               0.1    -0.1        0
GREATEST
 24 HR. TOTAL    0.26   07/26 TO 07/26              0.08

DEGREE_DAYS
HEATING TOTAL      31                57     -26       10
 SINCE 7/1          0                 6      -6        0
COOLING TOTAL    1072               686     386      955
 SINCE 1/1       1105               713     392      963
.................................................................

WIND (MPH)
AVERAGE WIND SPEED              9.5
HIGHEST WIND SPEED/DIRECTION    45/030    DATE  08/04
HIGHEST GUST SPEED/DIRECTION    55/020    DATE  07/23

AVERAGE RH (PERCENT)     28

WEATHER CONDITIONS. NUMBER OF DAYS WITH
THUNDERSTORM              0     MIXED PRECIP               0
HEAVY RAIN                5     RAIN                       3
LIGHT RAIN               22     FREEZING RAIN              0
LT FREEZING RAIN          0     HAIL                       0
HEAVY SNOW                0     SNOW                       0
LIGHT SNOW                0     SLEET                      0
FOG                       2     FOG W/VIS <= 1/4 MILE      0
HAZE                      4

-  INDICATES NEGATIVE NUMBERS.
R  INDICATES RECORD WAS SET OR TIED.
MM INDICATES DATA IS MISSING.
T  INDICATES TRACE AMOUNT.

&&

=====================================================================

...WARMEST METEOROLOGICAL SUMMER (JUNE - AUGUST) ON RECORD IN TONOPAH
   WITH AND AVERAGE TEMPERATURE OF 76.1 DEGREES...

$$

DS
