481
CXUS54 KHGX 310709
CF611R
PRELIMINARY LOCAL CLIMATOLOGICAL DATA (WS FORM: F-6)
STATION: BRENHAM
MONTH: APRIL
YEAR: 2020
LATITUDE: 30 13 N
LONGITUDE: 96 22 W
TEMPERATURE IN F: :PCPN: SNOW: WIND :SUNSHINE: SKY :PK WND
================================================================================
1 2 3 4 5 6A 6B 7 8 9 10 11 12 13 14 15 16 17 18
12Z AVG MX 2MIN
DY MAX MIN AVG DEP HDD CDD WTR SNW DPTH SPD SPD DIR MIN PSBL S-S WX SPD DR
================================================================================
1 76 47 62 M 3 0 0.00 0.0 0 4.7 12 130 M M 0 17 130
2 77 59 68 M 0 3 0.14 0.0 0 6.4 16 140 M M 6 22 150
3 81 51 66 M 0 1 0.72 0.0 0 7.5 16 350 M M 10 3 22 360
4 54 47 51 M 14 0 0.39 M 0 9.9 15 340 M M 10 12 23 360
5 71 52 62 M 3 0 0.00 0.0 0 5.1 12 350 M M 9 12 M M
6 79 61 70 M 0 5 0.00 0.0 0 2.9 7 110 M M 8 1 M M
7 86 73 80 M 0 15 0.00 0.0 0 4.8 8 200 M M 7 1 M M
8 89 73 81 M 0 16 0.00 0.0 0 5.4 9 220 M M 5 1 M M
9 89 68 79 M 0 14 0.43 0.0 0 5.7 23 10 M M 3 13 36 10
10 74 62 68 M 0 3 0.00 0.0 0 5.0 10 70 M M 3 1 M M
11 78 57 68 M 0 3 0.00 0.0 0 6.8 13 140 M M 7 21 140
12 86 63 75 M 0 10 0.00 0.0 0 10.6 20 340 M M 4 1 28 340
13 64 46 55 M 10 0 0.00 0.0 0 10.5 18 340 M M 1 24 340
14 66 46 56 M 9 0 0.00 0.0 0 8.2 13 10 M M 2 21 360
15 68 44 56 M 9 0 0.00 0.0 0 3.4 8 10 M M 0 M M
16 78 45 62 M 3 0 0.00 0.0 0 6.5 13 130 M M 0 18 140
17 80 58 69 M 0 4 0.00 0.0 0 5.3 15 350 M M 8 16 320
18 70 56 63 M 2 0 0.11 0.0 0 4.2 10 10 M M 10 13 16 10
19 87 60 74 M 0 9 0.00 0.0 0 5.2 14 260 M M 6 123 21 260
20 79 57 68 M 0 3 0.00 0.0 0 2.9 8 160 M M 5 1 M M
21 85 68 77 M 0 12 0.00 0.0 0 5.8 13 130 M M 5 1 20 110
22 83 70 77 M 0 12 0.00 0.0 0 6.9 13 170 M M 8 13 21 160
23 85 60 73 M 0 8 0.00 0.0 0 8.1 17 350 M M 2 1 24 350
24 93 58 76 M 0 11 0.00 0.0 0 6.6 14 230 M M 1 22 170
25 79 60 70 M 0 5 0.02 0.0 0 5.8 15 360 M M 5 3 21 20
26 84 52 68 M 0 3 0.00 0.0 0 2.9 8 100 M M 0 M M
27 86 55 71 M 0 6 0.00 0.0 0 8.2 16 170 M M 3 23 170
28 87 72 80 M 0 15 0.12 0.0 0 9.6 15 170 M M 7 3 24 180
29 82 60 71 M 0 6 0.27 0.0 0 9.8 21 330 M M 4 3 28 330
30 82 52 67 M 0 2 0.00 0.0 0 1.8 6 260 M M 0 M M
================================================================================
SM 2378 1732 53 166 2.20 0.0 186.5 M 139
================================================================================
AV 79.3 57.7 6.2 FASTST M M 5 MAX(MPH)
MISC ----> # 23 10 # 36 10
================================================================================
NOTES:
# LAST OF SEVERAL OCCURRENCES
COLUMN 17 PEAK WIND IN M.P.H.
PRELIMINARY LOCAL CLIMATOLOGICAL DATA (WS FORM: F-6) , PAGE 2
STATION: BRENHAM
MONTH: APRIL
YEAR: 2020
LATITUDE: 30 13 N
LONGITUDE: 96 22 W
[TEMPERATURE DATA] [PRECIPITATION DATA] SYMBOLS USED IN COLUMN 16
AVERAGE MONTHLY: 68.5 TOTAL FOR MONTH: 2.20 1 = FOG OR MIST
DPTR FM NORMAL: 16.1 DPTR FM NORMAL: -1.42 2 = FOG REDUCING VISIBILITY
HIGHEST: 93 ON 24 GRTST 24HR 0.72 ON 3- 3 TO 1/4 MILE OR LESS
LOWEST: 44 ON 15 3 = THUNDER
SNOW, ICE PELLETS, HAIL 4 = ICE PELLETS
TOTAL MONTH: 0.0 INCH 5 = HAIL
GRTST 24HR 0.0 6 = FREEZING RAIN OR DRIZZLE
GRTST DEPTH: 0 7 = DUSTSTORM OR SANDSTORM:
VSBY 1/2 MILE OR LESS
8 = SMOKE OR HAZE
[NO. OF DAYS WITH] [WEATHER - DAYS WITH] 9 = BLOWING SNOW
X = TORNADO
MAX 32 OR BELOW: 0 0.01 INCH OR MORE: 8
MAX 90 OR ABOVE: 1 0.10 INCH OR MORE: 7
MIN 32 OR BELOW: 0 0.50 INCH OR MORE: 1
MIN 0 OR BELOW: 0 1.00 INCH OR MORE: 0
[HDD (BASE 65) ]
TOTAL THIS MO. 53 CLEAR (SCALE 0-3) 11
DPTR FM NORMAL M PTCLDY (SCALE 4-7) 13
TOTAL FM JUL 1 1315 CLOUDY (SCALE 8-10) 6
DPTR FM NORMAL M
[CDD (BASE 65) ]
TOTAL THIS MO. 166
DPTR FM NORMAL M [PRESSURE DATA]
TOTAL FM JAN 1 394 HIGHEST SLP M ON M
DPTR FM NORMAL M LOWEST SLP M ON M
[REMARKS]
#FINAL-04-20#