000
CXUS53 KUNR 011030
CF62WX
PRELIMINARY LOCAL CLIMATOLOGICAL DATA (WS FORM: F-6)
STATION: BUFFALO SD
MONTH: NOVEMBER
YEAR: 2023
LATITUDE: 45 35 N
LONGITUDE: 103 33 W
TEMPERATURE IN F: :PCPN: SNOW: WIND :SUNSHINE: SKY :PK WND
================================================================================
1 2 3 4 5 6A 6B 7 8 9 10 11 12 13 14 15 16 17 18
12Z AVG MX 2MIN
DY MAX MIN AVG DEP HDD CDD WTR SNW DPTH SPD SPD DIR MIN PSBL S-S WX SPD DR
================================================================================
1 45 25 35 -4 30 0 0.00 M M 7.0 14 320 M M M 16 320
2 57 24 41 3 24 0 0.01 M M 6.3 16 260 M M M 20 280
3 50 37 44 6 21 0 0.00 M M 7.7 15 310 M M M 19 310
4 62 35 49 12 16 0 0.06 M M 7.6 20 350 M M 0 24 350
5 63 38 51 14 14 0 0.00 M M 8.3 24 300 M M 0 32 280
6 61 35 48 11 17 0 0.00 M M 9.2 20 140 M M 0 25 140
7 59 35 47 11 18 0 0.00 M M 11.3 24 270 M M M 31 290
8 48 30 39 3 26 0 0.00 M M 18.3 38 310 M M M 48 310
9 42 24 33 -2 32 0 0.00 M M 14.6 33 310 M M M 43 310
10 45 22 34 -1 31 0 0.00 M M 9.0 21 160 M M M 28 170
11 58 23 41 6 24 0 0.00 M M 7.2 20 220 M M M 25 210
12 59 30 45 11 20 0 0.00 M M 13.5 30 310 M M M 37 290
13 55 33 44 10 21 0 0.00 M M 6.6 20 160 M M M 24 180
14 56 34 45 12 20 0 0.00 M M 8.2 32 320 M M M 42 330
15 64 28 46 13 19 0 0.00 M M 5.3 18 250 M M M 22 250
16 50 24 37 4 28 0 0.00 M M 14.3 45 320 M M M 57 320
17 58 25 42 10 23 0 0.00 M M 10.1 22 300 M M M 27 300
18 60 28 44 12 21 0 0.00 M M 4.5 12 110 M M M 14 60
19 52 30 41 9 24 0 0.00 M M 3.7 8 60 M M M M M
20 50 29 40 9 25 0 0.00 M M 19.9 41 300 M M M 52 300
21 55 22 39 8 26 0 0.00 M M 9.1 22 250 M M M 25 240
22 59 30 45 15 20 0 0.00 M M 18.0 39 310 M M M 50 310
23 30 10 20 -10 45 0 0.00 M M 9.5 17 20 M M M 22 30
24 25 7 16 -14 49 0 0.00 M M 7.6 16 170 M M M 20 180
25 36 10 23 -6 42 0 0.00 M M 16.5 36 320 M M M 46 320
26 32 18 25 -4 40 0 0.00 M M 21.7 43 320 M M M 54 300
27 40 20 30 2 35 0 0.00 M M 13.1 29 310 M M M 38 320
28 53 25 39 11 26 0 0.00 M M 13.7 28 290 M M M 36 270
29 53 24 39 11 26 0 0.00 M M 12.2 24 300 M M M 29 300
30 35 16 26 -1 39 0 0.00 M M 6.3 13 330 M M M 19 300
================================================================================
SM 1512 771 802 0 0.07 M 320.3 M 0
================================================================================
AV 50.4 25.7 10.7 FASTST M M 0 MAX(MPH)
MISC ----> 45 320 57 320
================================================================================
NOTES:
# LAST OF SEVERAL OCCURRENCES
COLUMN 17 PEAK WIND IN M.P.H.
PRELIMINARY LOCAL CLIMATOLOGICAL DATA (WS FORM: F-6) , PAGE 2
STATION: BUFFALO SD
MONTH: NOVEMBER
YEAR: 2023
LATITUDE: 45 35 N
LONGITUDE: 103 33 W
[TEMPERATURE DATA] [PRECIPITATION DATA] SYMBOLS USED IN COLUMN 16
AVERAGE MONTHLY: 38.1 TOTAL FOR MONTH: 0.07 1 = FOG OR MIST
DPTR FM NORMAL: 5.2 DPTR FM NORMAL: -0.25 2 = FOG REDUCING VISIBILITY
HIGHEST: 64 ON 15 GRTST 24HR 0.06 ON 4- 4 TO 1/4 MILE OR LESS
LOWEST: 7 ON 24 3 = THUNDER
SNOW, ICE PELLETS, HAIL 4 = ICE PELLETS
TOTAL MONTH: M 5 = HAIL
GRTST 24HR M ON M 6 = FREEZING RAIN OR DRIZZLE
GRTST DEPTH: M ON M 7 = DUSTSTORM OR SANDSTORM:
VSBY 1/2 MILE OR LESS
8 = SMOKE OR HAZE
[NO. OF DAYS WITH] [WEATHER - DAYS WITH] 9 = BLOWING SNOW
X = TORNADO
MAX 32 OR BELOW: 3 0.01 INCH OR MORE: 2
MAX 90 OR ABOVE: 0 0.10 INCH OR MORE: 0
MIN 32 OR BELOW: 23 0.50 INCH OR MORE: 0
MIN 0 OR BELOW: 0 1.00 INCH OR MORE: 0
[HDD (BASE 65) ]
TOTAL THIS MO. 802 CLEAR (SCALE 0-3) 3
DPTR FM NORMAL -161 PTCLDY (SCALE 4-7) 0
TOTAL FM JUL 1 1511 CLOUDY (SCALE 8-10) 27
DPTR FM NORMAL -282
[CDD (BASE 65) ]
TOTAL THIS MO. 0
DPTR FM NORMAL 0 [PRESSURE DATA]
TOTAL FM JAN 1 695 HIGHEST SLP 30.68 ON 24
DPTR FM NORMAL 116 LOWEST SLP 29.55 ON 16
[REMARKS]
#FINAL-11-23#