000
CXUS55 KBOU 011000
CF633V
PRELIMINARY LOCAL CLIMATOLOGICAL DATA (WS FORM: F-6)
STATION: WALDEN
MONTH: JANUARY
YEAR: 2022
LATITUDE: 40 45 N
LONGITUDE: 106 16 W
TEMPERATURE IN F: :PCPN: SNOW: WIND :SUNSHINE: SKY :PK WND
================================================================================
1 2 3 4 5 6A 6B 7 8 9 10 11 12 13 14 15 16 17 18
12Z AVG MX 2MIN
DY MAX MIN AVG DEP HDD CDD WTR SNW DPTH SPD SPD DIR MIN PSBL S-S WX SPD DR
================================================================================
1 12 -15 -1 M 66 0 M M M 8.3 20 350 M M 5 23 350
2 10 -13 -1 M 66 0 M M M 5.2 12 140 M M 0 17 140
3 30 1 16 M 49 0 M M M 12.2 23 160 M M 0 28 160
4 28 19 24 M 41 0 M M M 15.4 27 220 M M 8 35 250
5 30 19 25 M 40 0 M M M 16.1 24 290 M M 10 31 250
6 34 18 26 M 39 0 M M M 12.9 31 230 M M 10 36 230
7 39 30 35 M 30 0 M M M 18.2 28 230 M M 1 41 180
8 34 5 20 M 45 0 M M M 8.2 23 210 M M 5 26 210
9 23 -4 10 M 55 0 M M M 7.0 13 130 M M 0 M M
10 10 -9 1 M 64 0 M M M 3.3 10 140 M M 0 M M
11 28 -9 10 M 55 0 M M M 6.3 18 200 M M 0 22 200
12 34 18 26 M 39 0 M M M 10.9 17 220 M M 1 23 220
13 30 14 22 M 43 0 M M M 5.4 10 130 M M 1 M M
14 32 16 24 M 41 0 M M M 11.1 23 360 M M 9 29 330
15 19 0 10 M 55 0 M M M 4.2 10 140 M M 1 M M
16 32 10 21 M 44 0 M M M 7.2 15 130 M M 1 M M
17 32 9 21 M 44 0 M M M 5.3 10 150 M M 0 M M
18 32 18 25 M 40 0 M M M 7.4 15 190 M M 2 17 180
19 28 9 19 M 46 0 M M M 3.2 7 20 M M 6 M M
20 23 -8 8 M 57 0 M M M 4.1 13 180 M M 6 20 180
21 28 9 19 M 46 0 M M M 8.1 23 220 M M 8 31 220
22 10 -4 3 M 62 0 M M M 2.1 6 150 M M 1 M M
23 14 -9 3 M 62 0 M M M 2.1 9 130 M M 0 M M
24 18 -4 7 M 58 0 M M M 3.8 9 140 M M 2 M M
25 21 -8 7 M 58 0 M M M 4.5 12 60 M M 6 M M
26 18 -20 -1 M 66 0 M M M 3.8 12 190 M M 2 20 190
27 19 -8 6 M 59 0 M M M 8.6 16 360 M M 3 20 360
28 10 -9 1 M 64 0 M M M 3.6 9 140 M M 0 M M
29 14 -11 2 M 63 0 M M M 2.3 9 100 M M 0 M M
30 14 -13 1 M 64 0 M M M 1.7 7 140 M M 0 M M
31 34 -8 13 M 52 0 0.00 M M 13.1 33 250 M M 2 39 250
================================================================================
SM 740 43 1613 0 0.00 M 225.6 M 90
================================================================================
AV 23.9 1.4 7.3 FASTST M M 3 MAX(MPH)
MISC ----> 33 250 41 180
================================================================================
NOTES:
# LAST OF SEVERAL OCCURRENCES
COLUMN 17 PEAK WIND IN M.P.H.
PRELIMINARY LOCAL CLIMATOLOGICAL DATA (WS FORM: F-6) , PAGE 2
STATION: WALDEN
MONTH: JANUARY
YEAR: 2022
LATITUDE: 40 45 N
LONGITUDE: 106 16 W
[TEMPERATURE DATA] [PRECIPITATION DATA] SYMBOLS USED IN COLUMN 16
AVERAGE MONTHLY: 12.6 TOTAL FOR MONTH: 0.00 1 = FOG OR MIST
DPTR FM NORMAL: 0.0 DPTR FM NORMAL: M 2 = FOG REDUCING VISIBILITY
HIGHEST: 39 ON 7 GRTST 24HR 0.25 ON 25-25 TO 1/4 MILE OR LESS
LOWEST: -20 ON 26 3 = THUNDER
SNOW, ICE PELLETS, HAIL 4 = ICE PELLETS
TOTAL MONTH: M 5 = HAIL
GRTST 24HR M ON M 6 = FREEZING RAIN OR DRIZZLE
GRTST DEPTH: M ON M 7 = DUSTSTORM OR SANDSTORM:
VSBY 1/2 MILE OR LESS
8 = SMOKE OR HAZE
[NO. OF DAYS WITH] [WEATHER - DAYS WITH] 9 = BLOWING SNOW
X = TORNADO
MAX 32 OR BELOW: 26 0.01 INCH OR MORE: 0
MAX 90 OR ABOVE: 0 0.10 INCH OR MORE: 0
MIN 32 OR BELOW: 31 0.50 INCH OR MORE: 0
MIN 0 OR BELOW: 17 1.00 INCH OR MORE: 0
[HDD (BASE 65) ]
TOTAL THIS MO. 1613 CLEAR (SCALE 0-3) 20
DPTR FM NORMAL M PTCLDY (SCALE 4-7) 8
TOTAL FM JUL 1 5180 CLOUDY (SCALE 8-10) 3
DPTR FM NORMAL M
[CDD (BASE 65) ]
TOTAL THIS MO. 0
DPTR FM NORMAL M [PRESSURE DATA]
TOTAL FM JAN 1 0 HIGHEST SLP M ON M
DPTR FM NORMAL M LOWEST SLP M ON M
[REMARKS]
#FINAL-01-22#