000
CXUS54 KMAF 012209
CF66R6
PRELIMINARY LOCAL CLIMATOLOGICAL DATA (WS FORM: F-6)
STATION: TERRELL COUNTY AIRPORT
MONTH: FEBRUARY
YEAR: 2022
LATITUDE: 30 2 N
LONGITUDE: 102 13 W
TEMPERATURE IN F: :PCPN: SNOW: WIND :SUNSHINE: SKY :PK WND
================================================================================
1 2 3 4 5 6A 6B 7 8 9 10 11 12 13 14 15 16 17 18
12Z AVG MX 2MIN
DY MAX MIN AVG DEP HDD CDD WTR SNW DPTH SPD SPD DIR MIN PSBL S-S WX SPD DR
================================================================================
1 75 37 56 4 9 0 0.00 M M 6.1 14 150 M M 0 17 150
2 59 32 46 -6 19 0 0.15 M M 12.8 24 20 M M 0 29 10
3 32 22 27 -25 38 0 0.24 M M 15.3 25 350 M M 0 33 340
4 42 20 31 -21 34 0 0.00 M M 7.9 16 330 M M 0 22 20
5 50 24 37 -15 28 0 0.00 M M 6.6 14 210 M M 0 19 140
6 64 26 45 -7 20 0 0.00 M M 6.8 22 340 M M 0 27 340
7 58 36 47 -6 18 0 0.00 M M 9.7 16 350 M M 0 21 20
8 65 30 48 -5 17 0 0.00 M M 9.8 22 230 M M 0 27 220
9 69 32 51 -2 14 0 0.00 M M 5.0 10 150 M M 0 14 70
10 69 33 51 -2 14 0 0.00 M M 4.7 12 10 M M 0 12 10
11 78 38 58 4 7 0 0.00 M M 12.3 23 230 M M 0 30 250
12 56 37 47 -7 18 0 0.00 M M 14.1 26 20 M M 0 36 30
13 63 28 46 -8 19 0 0.00 M M 5.0 9 190 M M 0 12 230
14 70 30 50 -4 15 0 0.00 M M 7.0 14 130 M M 0 18 140
15 73 35 54 0 11 0 0.00 M M 10.0 22 110 M M 0 28 110
16 75 48 62 7 3 0 0.00 M M 7.8 29 330 M M 0 37 330
17 64 36 50 -5 15 0 0.00 M M 12.9 26 10 M M 0 36 10
18 59 25 42 -13 23 0 0.00 M M 4.3 10 120 M M 0 14 110
19 64 32 48 -7 17 0 0.00 M M 8.5 18 110 M M 0 27 160
20 71 39 55 -1 10 0 0.00 M M 6.7 14 120 M M 0 20 120
21 83 41 62 6 3 0 0.00 M M 8.5 22 230 M M 0 29 230
22 83 56 70 14 0 5 0.00 M M 9.8 21 240 M M 0 28 230
23 57 30 44 -12 21 0 0.00 M M 14.8 26 10 M M 0 34 10
24 52 24 38 -19 27 0 0.00 M M 8.4 18 20 M M 0 24 40
25 53 30 42 -15 23 0 0.00 M M 9.1 18 100 M M 0 24 110
26 57 36 47 -10 18 0 0.00 M M 6.0 13 110 M M 0 16 110
27 63 29 46 -11 19 0 0.00 M M 5.7 13 30 M M 0 18 30
28 69 30 50 -8 15 0 0.00 M M 7.5 14 120 M M 0 19 120
================================================================================
SM 1773 916 475 5 0.39 M 243.1 M 0
================================================================================
AV 63.3 32.7 8.7 FASTST M M 0 MAX(MPH)
MISC ----> 29 330 37 330
================================================================================
NOTES:
# LAST OF SEVERAL OCCURRENCES
COLUMN 17 PEAK WIND IN M.P.H.
PRELIMINARY LOCAL CLIMATOLOGICAL DATA (WS FORM: F-6) , PAGE 2
STATION: TERRELL COUNTY AIRPORT
MONTH: FEBRUARY
YEAR: 2022
LATITUDE: 30 2 N
LONGITUDE: 102 13 W
[TEMPERATURE DATA] [PRECIPITATION DATA] SYMBOLS USED IN COLUMN 16
AVERAGE MONTHLY: 48.0 TOTAL FOR MONTH: 0.39 1 = FOG OR MIST
DPTR FM NORMAL: -6.4 DPTR FM NORMAL: -0.20 2 = FOG REDUCING VISIBILITY
HIGHEST: 83 ON 21,22 GRTST 24HR 0.39 ON 2- 3 TO 1/4 MILE OR LESS
LOWEST: 20 ON 4 3 = THUNDER
SNOW, ICE PELLETS, HAIL 4 = ICE PELLETS
TOTAL MONTH: M 5 = HAIL
GRTST 24HR M ON M 6 = FREEZING RAIN OR DRIZZLE
GRTST DEPTH: M ON M 7 = DUSTSTORM OR SANDSTORM:
VSBY 1/2 MILE OR LESS
8 = SMOKE OR HAZE
[NO. OF DAYS WITH] [WEATHER - DAYS WITH] 9 = BLOWING SNOW
X = TORNADO
MAX 32 OR BELOW: 1 0.01 INCH OR MORE: 2
MAX 90 OR ABOVE: 0 0.10 INCH OR MORE: 2
MIN 32 OR BELOW: 16 0.50 INCH OR MORE: 0
MIN 0 OR BELOW: 0 1.00 INCH OR MORE: 0
[HDD (BASE 65) ]
TOTAL THIS MO. 475 CLEAR (SCALE 0-3) 28
DPTR FM NORMAL 169 PTCLDY (SCALE 4-7) 0
TOTAL FM JUL 1 1302 CLOUDY (SCALE 8-10) 0
DPTR FM NORMAL -234
[CDD (BASE 65) ]
TOTAL THIS MO. 5
DPTR FM NORMAL -4 [PRESSURE DATA]
TOTAL FM JAN 1 5 HIGHEST SLP 30.70 ON 4
DPTR FM NORMAL -2 LOWEST SLP 29.58 ON 16
[REMARKS]
#FINAL-02-22#