000
CXUS55 KABR 011100
CF68D3
PRELIMINARY LOCAL CLIMATOLOGICAL DATA (WS FORM: F-6)
STATION: SISSETON SD
MONTH: JULY
YEAR: 2021
LATITUDE: 45 40 N
LONGITUDE: 96 59 W
TEMPERATURE IN F: :PCPN: SNOW: WIND :SUNSHINE: SKY :PK WND
================================================================================
1 2 3 4 5 6A 6B 7 8 9 10 11 12 13 14 15 16 17 18
12Z AVG MX 2MIN
DY MAX MIN AVG DEP HDD CDD WTR SNW DPTH SPD SPD DIR MIN PSBL S-S WX SPD DR
================================================================================
1 91 59 75 5 0 10 0.00 0.0 0 2.8 9 110 M M 0 14 70
2 91 63 77 6 0 12 0.00 0.0 0 6.5 13 140 M M 0 17 130
3 92 64 78 7 0 13 0.00 0.0 0 11.8 24 210 M M 0 34 180
4 96 69 83 12 0 18 0.00 0.0 0 14.4 30 230 M M 0 42 220
5 90 65 78 7 0 13 0.00 0.0 0 4.1 9 20 M M 0 13 20
6 75 63 69 -2 0 4 0.87 0.0 0 9.2 23 260 M M 0 29 270
7 75 57 66 -5 0 1 0.00 0.0 0 6.0 14 350 M M 0 19 360
8 75 58 67 -4 0 2 0.00 0.0 0 8.1 15 140 M M 0 24 150
9 74 61 68 -4 0 3 0.07 0.0 0 6.2 14 130 M M 0 18 130
10 81 61 71 -1 0 6 0.75 0.0 0 5.4 14 10 M M 0 21 70
11 84 57 71 -1 0 6 0.00 0.0 0 3.1 7 210 M M 0 10 140
12 84 58 71 -1 0 6 0.00 0.0 0 7.0 23 160 M M 0 33 150
13 84 60 72 0 0 7 0.00 0.0 0 7.2 17 250 M M 0 25 240
14 82 58 70 -2 0 5 0.00 0.0 0 3.1 12 60 M M 0 16 40
15 83 55 69 -3 0 4 0.00 0.0 0 3.7 12 150 M M 0 18 170
16 83 60 72 0 0 7 0.00 0.0 0 7.7 17 150 M M 0 25 160
17 83 57 70 -2 0 5 0.00 0.0 0 7.6 17 160 M M 0 23 140
18 86 60 73 1 0 8 0.00 0.0 0 7.2 14 140 M M 0 22 150
19 90 63 77 5 0 12 0.00 0.0 0 7.0 33 20 M M 0 51 30
20 90 63 77 5 0 12 0.00 0.0 0 3.8 9 130 M M 0 13 150
21 88 69 79 7 0 14 0.00 0.0 0 9.4 18 160 M M 0 28 170
22 93 74 84 12 0 19 0.00 0.0 0 8.8 14 220 M M 0 23 180
23 98 67 83 11 0 18 1.03 0.0 M 10.7 37 330 M M 0 52 330
24 89 61 75 3 0 10 0.05 0.0 0 4.3 14 330 M M 0 19 340
25 87 56 72 0 0 7 0.00 0.0 0 6.0 20 60 M M 0 29 50
26 90 66 78 6 0 13 0.04 0.0 0 8.9 18 210 M M 0 27 220
27 90 72 81 9 0 16 0.00 0.0 0 6.8 21 230 M M 0 29 220
28 95 72 84 13 0 19 0.00 0.0 0 11.1 20 350 M M 0 31 350
29 80 59 70 -1 0 5 0.00 0.0 0 7.8 15 360 M M 0 20 360
30 78 63 71 0 0 6 0.00 0.0 0 4.6 17 250 M M 0 23 240
31 84 57 71 0 0 6 0.00 0.0 0 11.8 21 260 M M 0 32 260
================================================================================
SM 2661 1927 0 287 2.81 0.0 222.1 M 0
================================================================================
AV 85.8 62.2 7.2 FASTST M M 0 MAX(MPH)
MISC ----> 37 330 52 330
================================================================================
NOTES:
# LAST OF SEVERAL OCCURRENCES
COLUMN 17 PEAK WIND IN M.P.H.
PRELIMINARY LOCAL CLIMATOLOGICAL DATA (WS FORM: F-6) , PAGE 2
STATION: SISSETON SD
MONTH: JULY
YEAR: 2021
LATITUDE: 45 40 N
LONGITUDE: 96 59 W
[TEMPERATURE DATA] [PRECIPITATION DATA] SYMBOLS USED IN COLUMN 16
AVERAGE MONTHLY: 74.0 TOTAL FOR MONTH: 2.81 1 = FOG OR MIST
DPTR FM NORMAL: 2.6 DPTR FM NORMAL: -0.68 2 = FOG REDUCING VISIBILITY
HIGHEST: 98 ON 23 GRTST 24HR 1.08 ON 23-24 TO 1/4 MILE OR LESS
LOWEST: 55 ON 15 3 = THUNDER
SNOW, ICE PELLETS, HAIL 4 = ICE PELLETS
TOTAL MONTH: 0.0 INCH 5 = HAIL
GRTST 24HR 0.0 6 = FREEZING RAIN OR DRIZZLE
GRTST DEPTH: 0 7 = DUSTSTORM OR SANDSTORM:
VSBY 1/2 MILE OR LESS
8 = SMOKE OR HAZE
[NO. OF DAYS WITH] [WEATHER - DAYS WITH] 9 = BLOWING SNOW
X = TORNADO
MAX 32 OR BELOW: 0 0.01 INCH OR MORE: 6
MAX 90 OR ABOVE: 12 0.10 INCH OR MORE: 3
MIN 32 OR BELOW: 0 0.50 INCH OR MORE: 3
MIN 0 OR BELOW: 0 1.00 INCH OR MORE: 1
[HDD (BASE 65) ]
TOTAL THIS MO. 0 CLEAR (SCALE 0-3) 31
DPTR FM NORMAL -11 PTCLDY (SCALE 4-7) 0
TOTAL FM JUL 1 0 CLOUDY (SCALE 8-10) 0
DPTR FM NORMAL 0
[CDD (BASE 65) ]
TOTAL THIS MO. 287
DPTR FM NORMAL 76 [PRESSURE DATA]
TOTAL FM JAN 1 615 HIGHEST SLP 30.20 ON 19
DPTR FM NORMAL 255 LOWEST SLP 29.59 ON 4
[REMARKS]
#FINAL-07-21#