000
CXUS52 KTAE 010800
CF6AAF
PRELIMINARY LOCAL CLIMATOLOGICAL DATA (WS FORM: F-6)
STATION: APALACHICOLA
MONTH: APRIL
YEAR: 2023
LATITUDE: 29 43 N
LONGITUDE: 85 2 W
TEMPERATURE IN F: :PCPN: SNOW: WIND :SUNSHINE: SKY :PK WND
================================================================================
1 2 3 4 5 6A 6B 7 8 9 10 11 12 13 14 15 16 17 18
12Z AVG MX 2MIN
DY MAX MIN AVG DEP HDD CDD WTR SNW DPTH SPD SPD DIR MIN PSBL S-S WX SPD DR
================================================================================
1 78 70 74 10 0 9 0.00 0.0 0 11.2 21 250 M M 1 1 27 250
2 82 61 72 8 0 7 0.00 0.0 0 5.5 14 180 M M 1 12 18 190
3 80 69 75 10 0 10 0.00 0.0 0 8.8 17 190 M M 4 1 23 200
4 81 67 74 9 0 9 0.00 0.0 0 8.0 16 150 M M 4 1 20 160
5 83 65 74 9 0 9 0.00 0.0 0 6.5 15 150 M M 1 1 18 150
6 82 66 74 9 0 9 0.00 0.0 0 5.7 13 160 M M 0 1 17 150
7 83 64 74 9 0 9 0.00 0.0 0 4.9 12 190 M M 0 1 15 190
8 81 63 72 6 0 7 2.13 0.0 0 6.4 17 90 M M 2 123 21 210
9 63 51 57 -9 8 0 0.02 0.0 0 14.2 21 40 M M 6 1 27 40
10 64 54 59 -7 6 0 0.71 0.0 0 10.6 17 40 M M 8 1 25 60
11 75 56 66 0 0 1 0.08 0.0 0 10.9 18 90 M M 1 1 25 110
12 74 59 67 1 0 2 0.11 M M 11.9 21 90 M M 2 1 34 70
13 77 64 71 4 0 6 0.05 M M 10.5 23 160 M M 1 13 34 100
14 80 64 72 5 0 7 0.00 0.0 0 8.8 17 250 M M 0 22 250
15 79 59 69 2 0 4 0.79 0.0 0 5.9 30 300 M M 1 13 42 300
16 80 64 72 5 0 7 0.00 0.0 0 6.4 22 260 M M 0 27 270
17 77 51 64 -4 1 0 0.00 0.0 0 7.8 23 10 M M 0 30 10
18 77 46 62 -6 3 0 0.00 0.0 0 5.5 15 160 M M 0 19 40
19 79 56 68 0 0 3 0.00 0.0 0 5.9 14 140 M M 0 17 90
20 78 54 66 -2 0 1 0.00 0.0 M 5.9 16 120 M M 0 21 140
21 74 59 67 -1 0 2 0.00 0.0 M 8.8 15 150 M M 0 21 120
22 85 65 75 6 0 10 0.02 0.0 M 6.5 15 350 M M 2 12 20 360
23 79 54 67 -2 0 2 0.00 0.0 0 7.9 17 110 M M 0 22 130
24 77 61 69 0 0 4 0.00 0.0 M 9.0 17 100 M M 0 22 100
25 78 61 70 1 0 5 0.00 0.0 0 7.2 16 140 M M 0 21 160
26 79 64 72 2 0 7 0.00 0.0 0 6.9 16 110 M M 0 21 120
27 77 64 71 1 0 6 1.54 0.0 0 M M M M M 0 M M
28 82 63 73 3 0 8 0.00 0.0 0 8.8 22 240 M M 0 29 240
29 77 67 72 2 0 7 0.67 M M 10.6 25 200 M M 2 13 34 200
30 76 65 71 1 0 6 0.22 0.0 0 14.6 26 300 M M 1 1 34 300
================================================================================
SM 2337 1826 18 157 6.34 0.0 241.6 M 37
================================================================================
AV 77.9 60.9 8.3 FASTST M M 1 MAX(MPH)
MISC ----> 30 300 42 300
================================================================================
NOTES:
# LAST OF SEVERAL OCCURRENCES
COLUMN 17 PEAK WIND IN M.P.H.
PRELIMINARY LOCAL CLIMATOLOGICAL DATA (WS FORM: F-6) , PAGE 2
STATION: APALACHICOLA
MONTH: APRIL
YEAR: 2023
LATITUDE: 29 43 N
LONGITUDE: 85 2 W
[TEMPERATURE DATA] [PRECIPITATION DATA] SYMBOLS USED IN COLUMN 16
AVERAGE MONTHLY: 69.4 TOTAL FOR MONTH: 6.34 1 = FOG OR MIST
DPTR FM NORMAL: 2.1 DPTR FM NORMAL: 3.43 2 = FOG REDUCING VISIBILITY
HIGHEST: 85 ON 22 GRTST 24HR 2.15 ON 8- 9 TO 1/4 MILE OR LESS
LOWEST: 46 ON 18 3 = THUNDER
SNOW, ICE PELLETS, HAIL 4 = ICE PELLETS
TOTAL MONTH: 0.0 INCH 5 = HAIL
GRTST 24HR 0.0 6 = FREEZING RAIN OR DRIZZLE
GRTST DEPTH: 0 7 = DUSTSTORM OR SANDSTORM:
VSBY 1/2 MILE OR LESS
8 = SMOKE OR HAZE
[NO. OF DAYS WITH] [WEATHER - DAYS WITH] 9 = BLOWING SNOW
X = TORNADO
MAX 32 OR BELOW: 0 0.01 INCH OR MORE: 11
MAX 90 OR ABOVE: 0 0.10 INCH OR MORE: 7
MIN 32 OR BELOW: 0 0.50 INCH OR MORE: 5
MIN 0 OR BELOW: 0 1.00 INCH OR MORE: 2
[HDD (BASE 65) ]
TOTAL THIS MO. 18 CLEAR (SCALE 0-3) 26
DPTR FM NORMAL -23 PTCLDY (SCALE 4-7) 4
TOTAL FM JUL 1 854 CLOUDY (SCALE 8-10) 0
DPTR FM NORMAL -368
[CDD (BASE 65) ]
TOTAL THIS MO. 157
DPTR FM NORMAL 48 [PRESSURE DATA]
TOTAL FM JAN 1 373 HIGHEST SLP 30.24 ON 10
DPTR FM NORMAL 200 LOWEST SLP 29.54 ON 29
[REMARKS]
#FINAL-04-23#