000
CXUS52 KTAE 010800
CF6AAF
PRELIMINARY LOCAL CLIMATOLOGICAL DATA (WS FORM: F-6)
STATION: APALACHICOLA
MONTH: SEPTEMBER
YEAR: 2020
LATITUDE: 29 43 N
LONGITUDE: 85 2 W
TEMPERATURE IN F: :PCPN: SNOW: WIND :SUNSHINE: SKY :PK WND
================================================================================
1 2 3 4 5 6A 6B 7 8 9 10 11 12 13 14 15 16 17 18
12Z AVG MX 2MIN
DY MAX MIN AVG DEP HDD CDD WTR SNW DPTH SPD SPD DIR MIN PSBL S-S WX SPD DR
================================================================================
1 91 78 85 4 0 20 0.01 0.0 0 6.4 16 250 M M 2 3 22 250
2 90 77 84 3 0 19 0.00 0.0 0 5.1 14 200 M M 1 18 200
3 91 75 83 2 0 18 0.00 M M 4.2 14 210 M M 0 18 200
4 92 76 84 3 0 19 0.00 0.0 M 4.4 14 200 M M 0 3 18 200
5 95 78 87 6 0 22 0.00 0.0 M 4.6 14 160 M M 2 3 17 170
6 93 75 84 3 0 19 1.07 0.0 M 5.3 24 240 M M 1 13 32 230
7 89 74 82 1 0 17 0.00 0.0 M 6.0 15 130 M M 1 18 130
8 89 75 82 2 0 17 0.10 0.0 M 7.7 20 30 M M 3 18 23 60
9 89 74 82 2 0 17 0.00 0.0 M 8.3 16 120 M M 2 20 120
10 87 75 81 1 0 16 0.54 0.0 M 6.5 16 90 M M 3 13 24 90
11 91 75 83 3 0 18 T 0.0 M 8.6 16 30 M M 2 22 40
12 92 76 84 4 0 19 0.01 0.0 M 10.0 23 110 M M 4 3 30 120
13 86 76 81 1 0 16 0.47 0.0 M 13.2 24 100 M M 7 13 33 90
14 82 74 78 -2 0 13 3.26 0.0 M 16.1 26 150 M M 7 1 43 140
15 81 76 79 0 0 14 4.96 0.0 M 16.9 25 130 M M 10 123 41 130
16 83 77 80 1 0 15 M 0.0 M 21.1 38 180 M M 10 13 54 180
17 85 74 80 1 0 15 T 0.0 M 12.8 23 260 M M 8 33 260
18 90 72 81 2 0 16 0.00 0.0 M 4.6 13 300 M M 2 15 220
19 82 72 77 -2 0 12 T 0.0 M 9.3 16 50 M M 5 1 21 70
20 76 68 72 -6 0 7 0.00 0.0 M 13.1 21 50 M M 7 27 50
21 79 69 74 -4 0 9 0.00 0.0 M 13.8 21 50 M M 0 27 60
22 81 65 73 -5 0 8 T 0.0 M 9.6 18 90 M M 0 27 100
23 83 73 78 0 0 13 0.00 0.0 M 8.2 14 140 M M 1 21 130
24 84 76 80 3 0 15 0.11 0.0 M 9.8 24 170 M M 6 18 32 170
25 88 74 81 4 0 16 0.00 0.0 M 6.1 13 310 M M 2 16 250
26 87 71 79 2 0 14 0.00 0.0 M 4.7 13 180 M M 0 16 90
27 79 72 76 -1 0 11 7.95 0.0 M 5.5 16 40 M M 2 123 23 80
28 84 74 79 3 0 14 0.24 0.0 M 3.6 14 250 M M 1 1 22 250
29 83 60 72 -4 0 7 0.03 0.0 M 5.5 21 350 M M 2 1 28 360
30 79 55 67 -9 0 2 0.00 0.0 M 3.2 12 350 M M 0 16 10
================================================================================
SM 2581 2186 0 438 18.75 0.0 254.2 M 91
================================================================================
AV 86.0 72.9 8.5 FASTST M M 3 MAX(MPH)
MISC ----> 38 180 54 180
================================================================================
NOTES:
# LAST OF SEVERAL OCCURRENCES
COLUMN 17 PEAK WIND IN M.P.H.
PRELIMINARY LOCAL CLIMATOLOGICAL DATA (WS FORM: F-6) , PAGE 2
STATION: APALACHICOLA
MONTH: SEPTEMBER
YEAR: 2020
LATITUDE: 29 43 N
LONGITUDE: 85 2 W
[TEMPERATURE DATA] [PRECIPITATION DATA] SYMBOLS USED IN COLUMN 16
AVERAGE MONTHLY: 79.5 TOTAL FOR MONTH: 18.75 1 = FOG OR MIST
DPTR FM NORMAL: 0.4 DPTR FM NORMAL: 12.02 2 = FOG REDUCING VISIBILITY
HIGHEST: 95 ON 5 GRTST 24HR 7.95 ON 27-27 TO 1/4 MILE OR LESS
LOWEST: 55 ON 30 3 = THUNDER
SNOW, ICE PELLETS, HAIL 4 = ICE PELLETS
TOTAL MONTH: 0.0 INCH 5 = HAIL
GRTST 24HR 0.0 6 = FREEZING RAIN OR DRIZZLE
GRTST DEPTH: 0 7 = DUSTSTORM OR SANDSTORM:
VSBY 1/2 MILE OR LESS
8 = SMOKE OR HAZE
[NO. OF DAYS WITH] [WEATHER - DAYS WITH] 9 = BLOWING SNOW
X = TORNADO
MAX 32 OR BELOW: 0 0.01 INCH OR MORE: 12
MAX 90 OR ABOVE: 9 0.10 INCH OR MORE: 9
MIN 32 OR BELOW: 0 0.50 INCH OR MORE: 5
MIN 0 OR BELOW: 0 1.00 INCH OR MORE: 4
[HDD (BASE 65) ]
TOTAL THIS MO. 0 CLEAR (SCALE 0-3) 21
DPTR FM NORMAL 0 PTCLDY (SCALE 4-7) 6
TOTAL FM JUL 1 0 CLOUDY (SCALE 8-10) 3
DPTR FM NORMAL 0
[CDD (BASE 65) ]
TOTAL THIS MO. 438
DPTR FM NORMAL 18 [PRESSURE DATA]
TOTAL FM JAN 1 2407 HIGHEST SLP 30.17 ON 21
DPTR FM NORMAL 61 LOWEST SLP 29.71 ON 17
[REMARKS]
#FINAL-09-20#