000
CXUS56 KMFR 010930
CF6AAT
PRELIMINARY LOCAL CLIMATOLOGICAL DATA (WS FORM: F-6)
STATION: ALTURAS CA
MONTH: APRIL
YEAR: 2021
LATITUDE: 41 29 N
LONGITUDE: 120 34 W
TEMPERATURE IN F: :PCPN: SNOW: WIND :SUNSHINE: SKY :PK WND
================================================================================
1 2 3 4 5 6A 6B 7 8 9 10 11 12 13 14 15 16 17 18
12Z AVG MX 2MIN
DY MAX MIN AVG DEP HDD CDD WTR SNW DPTH SPD SPD DIR MIN PSBL S-S WX SPD DR
================================================================================
1 69 20 45 5 20 0 0.00 M M 6.1 18 250 M M 0 30 220
2 70 22 46 6 19 0 0.00 M M 5.6 20 270 M M 0 8 23 240
3 71 30 51 11 14 0 0.00 M M 5.4 17 270 M M 0 21 270
4 69 22 46 5 19 0 0.00 M M 7.3 23 270 M M 0 29 270
5 54 21 38 -3 27 0 0.00 M M 8.6 25 300 M M 2 31 290
6 66 14 40 -1 25 0 0.00 M M 3.3 14 250 M M 0 17 230
7 65 28 47 6 18 0 0.00 M M 8.3 25 270 M M 0 18 33 280
8 60 26 43 2 22 0 0.00 M M 6.8 20 280 M M 0 23 310
9 68 16 42 0 23 0 0.00 M M 5.2 17 280 M M 0 22 260
10 63 22 43 1 22 0 0.00 M M 8.3 25 320 M M 0 32 310
11 61 17 39 -3 26 0 0.00 M M 6.3 15 20 M M 0 20 20
12 64 23 44 2 21 0 0.00 M M 6.0 15 10 M M 0 22 10
13 55 35 45 3 20 0 0.00 M M 13.3 24 360 M M 5 30 10
14 56 32 44 1 21 0 0.00 M M 9.1 17 10 M M 3 23 20
15 59 17 38 -5 27 0 0.00 M M 2.7 7 120 M M 0 17 99
16 64 26 45 2 20 0 0.00 M M 5.6 16 360 M M 2 22 80
17 68 25 47 4 18 0 0.00 M M 5.4 18 100 M M 0 26 110
18 74 21 48 4 17 0 0.00 M M 4.2 17 320 M M 0 25 300
19 72 27 50 6 15 0 0.00 M M 5.4 16 10 M M 2 22 40
20 62 42 52 8 13 0 T M M 11.0 21 40 M M 6 28 20
21 67 32 50 6 15 0 0.00 M M 9.2 17 360 M M 0 25 20
22 69 21 45 0 20 0 0.00 M M 9.6 28 290 M M 0 36 290
23 69 22 46 1 19 0 T M M 7.9 23 260 M M 1 30 270
24 51 38 45 0 20 0 0.35 M M 11.3 25 270 M M 9 1 31 270
25 50 31 41 -5 24 0 0.09 M M 9.2 23 220 M M 10 18 29 230
26 46 31 39 -7 26 0 0.04 M M 6.6 24 320 M M 9 18 31 330
27 60 28 44 -2 21 0 0.00 M M 5.2 16 10 M M 2 1 21 360
28 72 24 48 1 17 0 0.00 M M 1.3 10 140 M M 0 15 150
29 84 30 57 10 8 0 0.00 M M 3.9 16 270 M M 0 20 270
30 80 36 58 11 7 0 0.00 M M 6.5 22 270 M M 0 27 270
================================================================================
SM 1938 779 584 0 0.48 M 204.6 M 51
================================================================================
AV 64.6 26.0 6.8 FASTST M M 2 MAX(MPH)
MISC ----> 28 290 36 290
================================================================================
NOTES:
# LAST OF SEVERAL OCCURRENCES
COLUMN 17 PEAK WIND IN M.P.H.
PRELIMINARY LOCAL CLIMATOLOGICAL DATA (WS FORM: F-6) , PAGE 2
STATION: ALTURAS CA
MONTH: APRIL
YEAR: 2021
LATITUDE: 41 29 N
LONGITUDE: 120 34 W
[TEMPERATURE DATA] [PRECIPITATION DATA] SYMBOLS USED IN COLUMN 16
AVERAGE MONTHLY: 45.3 TOTAL FOR MONTH: 0.48 1 = FOG OR MIST
DPTR FM NORMAL: 2.1 DPTR FM NORMAL: -1.08 2 = FOG REDUCING VISIBILITY
HIGHEST: 84 ON 29 GRTST 24HR 0.35 ON 23-24 TO 1/4 MILE OR LESS
LOWEST: 14 ON 6 3 = THUNDER
SNOW, ICE PELLETS, HAIL 4 = ICE PELLETS
TOTAL MONTH: M 5 = HAIL
GRTST 24HR M ON M 6 = FREEZING RAIN OR DRIZZLE
GRTST DEPTH: M ON M 7 = DUSTSTORM OR SANDSTORM:
VSBY 1/2 MILE OR LESS
8 = SMOKE OR HAZE
[NO. OF DAYS WITH] [WEATHER - DAYS WITH] 9 = BLOWING SNOW
X = TORNADO
MAX 32 OR BELOW: 0 0.01 INCH OR MORE: 3
MAX 90 OR ABOVE: 0 0.10 INCH OR MORE: 1
MIN 32 OR BELOW: 26 0.50 INCH OR MORE: 0
MIN 0 OR BELOW: 0 1.00 INCH OR MORE: 0
[HDD (BASE 65) ]
TOTAL THIS MO. 584 CLEAR (SCALE 0-3) 24
DPTR FM NORMAL -68 PTCLDY (SCALE 4-7) 3
TOTAL FM JUL 1 5848 CLOUDY (SCALE 8-10) 3
DPTR FM NORMAL -496
[CDD (BASE 65) ]
TOTAL THIS MO. 0
DPTR FM NORMAL 0 [PRESSURE DATA]
TOTAL FM JAN 1 0 HIGHEST SLP M ON M
DPTR FM NORMAL 0 LOWEST SLP 29.67 ON 25
[REMARKS]
#FINAL-04-21#