000
CXUS51 KPHI 010815
CF6ABE
PRELIMINARY LOCAL CLIMATOLOGICAL DATA (WS FORM: F-6)
STATION: ALLENTOWN PA
MONTH: MARCH
YEAR: 2022
LATITUDE: 40 39 N
LONGITUDE: 75 26 W
TEMPERATURE IN F: :PCPN: SNOW: WIND :SUNSHINE: SKY :PK WND
================================================================================
1 2 3 4 5 6A 6B 7 8 9 10 11 12 13 14 15 16 17 18
12Z AVG MX 2MIN
DY MAX MIN AVG DEP HDD CDD WTR SNW DPTH SPD SPD DIR MIN PSBL S-S WX SPD DR
================================================================================
1 47 23 35 -1 30 0 T 0.0 0 6.4 16 210 M M 8 8 24 240
2 52 32 42 6 23 0 T 0.0 0 6.4 17 250 M M 2 24 270
3 43 21 32 -4 33 0 0.07 0.0 0 12.0 25 330 M M 3 30 320
4 38 13 26 -11 39 0 0.00 0.0 0 4.5 17 240 M M 0 29 220
5 50 19 35 -2 30 0 0.00 0.0 0 4.3 14 150 M M 0 23 150
6 72 36 54 17 11 0 0.04 0.0 0 6.9 24 230 M M 5 33 230
7 73 43 58 20 7 0 0.20 0.0 0 10.7 31 290 M M 5 13 52 290
8 45 31 38 0 27 0 T 0.0 0 10.4 23 300 M M 4 31 300
9 37 30 34 -4 31 0 0.42 0.3 0 5.8 13 60 M M 7 1 15 80
10 49 24 37 -2 28 0 0.00 0.0 0 2.6 9 40 M M 1 12 11 50
11 57 25 41 2 24 0 0.00 0.0 0 5.1 16 190 M M 0 1 26 170
12 43 19 31 -8 34 0 0.44 4.4 0 14.1 35 320 M M 8 12 44 330
13 29 17 23 -17 42 0 0.00 0.0 4 10.8 24 280 M M 5 32 290
14 54 19 37 -3 28 0 0.00 0.0 2 4.3 15 230 M M 2 22 250
15 67 27 47 7 18 0 T 0.0 0 4.7 17 230 M M 3 25 220
16 70 36 53 13 12 0 0.00 0.0 0 5.4 18 190 M M 0 23 190
17 56 43 50 9 15 0 0.29 0.0 0 6.3 13 50 M M 8 1 14 60
18 74 46 60 19 5 0 0.00 0.0 0 5.4 16 160 M M 6 128 21 160
19 74 53 64 22 1 0 0.22 0.0 0 8.1 23 220 M M 7 13 30 180
20 54 46 50 8 15 0 T 0.0 0 11.7 22 320 M M 7 30 320
21 61 36 49 7 16 0 0.00 0.0 0 9.6 23 290 M M 1 31 300
22 58 39 49 6 16 0 0.00 0.0 0 8.1 18 330 M M 2 23 330
23 49 35 42 -1 23 0 0.31 0.0 0 11.7 20 80 M M 6 1 25 80
24 45 36 41 -2 24 0 0.49 0.0 0 11.6 18 70 M M 10 1 25 80
25 55 38 47 3 18 0 T 0.0 0 8.4 21 250 M M 9 12 27 240
26 50 37 44 0 21 0 T 0.0 0 10.0 24 260 M M 7 35 270
27 41 25 33 -11 32 0 T T 0 14.4 26 300 M M 7 37 300
28 31 20 26 -19 39 0 T T 0 16.3 28 320 M M 5 38 330
29 39 22 31 -14 34 0 0.00 0.0 0 11.3 23 320 M M 5 32 310
30 45 21 33 -13 32 0 T 0.0 0 3.9 13 160 M M 3 20 160
31 70 40 55 9 10 0 1.80 0.0 0 10.4 35 260 M M 8 13 43 200
================================================================================
SM 1628 952 718 0 4.28 4.7 261.6 M 144
================================================================================
AV 52.5 30.7 8.4 FASTST M M 5 MAX(MPH)
MISC ----> # 35 320 52 290
================================================================================
NOTES:
# LAST OF SEVERAL OCCURRENCES
COLUMN 17 PEAK WIND IN M.P.H.
PRELIMINARY LOCAL CLIMATOLOGICAL DATA (WS FORM: F-6) , PAGE 2
STATION: ALLENTOWN PA
MONTH: MARCH
YEAR: 2022
LATITUDE: 40 39 N
LONGITUDE: 75 26 W
[TEMPERATURE DATA] [PRECIPITATION DATA] SYMBOLS USED IN COLUMN 16
AVERAGE MONTHLY: 41.6 TOTAL FOR MONTH: 4.28 1 = FOG OR MIST
DPTR FM NORMAL: 0.9 DPTR FM NORMAL: 0.65 2 = FOG REDUCING VISIBILITY
HIGHEST: 74 ON 19,18 GRTST 24HR 1.80 ON 31-31 TO 1/4 MILE OR LESS
LOWEST: 13 ON 4 3 = THUNDER
SNOW, ICE PELLETS, HAIL 4 = ICE PELLETS
TOTAL MONTH: 4.7 INCHES 5 = HAIL
GRTST 24HR 4.4 ON 12-12 6 = FREEZING RAIN OR DRIZZLE
GRTST DEPTH: 4 ON 13 7 = DUSTSTORM OR SANDSTORM:
VSBY 1/2 MILE OR LESS
8 = SMOKE OR HAZE
[NO. OF DAYS WITH] [WEATHER - DAYS WITH] 9 = BLOWING SNOW
X = TORNADO
MAX 32 OR BELOW: 2 0.01 INCH OR MORE: 10
MAX 90 OR ABOVE: 0 0.10 INCH OR MORE: 8
MIN 32 OR BELOW: 17 0.50 INCH OR MORE: 1
MIN 0 OR BELOW: 0 1.00 INCH OR MORE: 1
[HDD (BASE 65) ]
TOTAL THIS MO. 718 CLEAR (SCALE 0-3) 12
DPTR FM NORMAL -37 PTCLDY (SCALE 4-7) 16
TOTAL FM JUL 1 4605 CLOUDY (SCALE 8-10) 3
DPTR FM NORMAL -115
[CDD (BASE 65) ]
TOTAL THIS MO. 0
DPTR FM NORMAL 0 [PRESSURE DATA]
TOTAL FM JAN 1 0 HIGHEST SLP 30.59 ON 4
DPTR FM NORMAL 0 LOWEST SLP 29.38 ON 12
[REMARKS]
#FINAL-03-22#