000
CXUS54 KSJT 031112
CF6ABI
PRELIMINARY LOCAL CLIMATOLOGICAL DATA (WS FORM: F-6)
STATION: ABILENE
MONTH: DECEMBER
YEAR: 2020
LATITUDE: 32 25 N
LONGITUDE: 99 41 W
TEMPERATURE IN F: :PCPN: SNOW: WIND :SUNSHINE: SKY :PK WND
================================================================================
1 2 3 4 5 6A 6B 7 8 9 10 11 12 13 14 15 16 17 18
12Z AVG MX 2MIN
DY MAX MIN AVG DEP HDD CDD WTR SNW DPTH SPD SPD DIR MIN PSBL S-S WX SPD DR
================================================================================
1 65 33 49 1 16 0 0.00 0.0 0 16.0 29 200 M M 0 41 210
2 50 37 44 -4 21 0 0.00 0.0 0 16.4 29 330 M M 2 39 320
3 45 29 37 -11 28 0 0.00 0.0 0 13.6 26 330 M M 7 33 330
4 60 25 43 -4 22 0 0.00 0.0 0 4.6 13 290 M M 0 17 300
5 58 29 44 -3 21 0 0.04 0.0 0 4.3 21 310 M M 4 24 300
6 61 37 49 2 16 0 0.02 0.0 0 8.7 20 350 M M 3 27 350
7 67 30 49 3 16 0 0.00 0.0 0 4.3 10 160 M M 0 14 330
8 73 31 52 6 13 0 0.00 0.0 0 5.1 10 180 M M 0 16 290
9 77 38 58 12 7 0 0.00 0.0 0 7.4 15 200 M M 0 22 210
10 82 48 65 19 0 0 0.00 0.0 0 13.2 22 170 M M 2 33 190
11 64 41 53 7 12 0 0.04 0.0 0 7.3 16 340 M M 4 20 340
12 56 30 43 -2 22 0 0.00 0.0 0 6.4 18 140 M M 0 27 140
13 46 29 38 -7 27 0 0.01 T 0 13.3 31 340 M M 6 14 42 350
14 52 19 36 -9 29 0 0.00 0.0 0 8.9 22 150 M M 0 31 140
15 57 32 45 0 20 0 0.00 0.0 0 14.1 28 320 M M 2 37 310
16 54 25 40 -5 25 0 0.00 0.0 0 6.9 15 300 M M 0 20 310
17 63 29 46 1 19 0 0.00 0.0 0 8.7 21 180 M M 0 30 190
18 62 44 53 9 12 0 0.00 0.0 0 15.4 32 190 M M 0 46 200
19 59 37 48 4 17 0 0.00 0.0 0 9.2 18 310 M M 3 24 340
20 64 33 49 5 16 0 0.00 0.0 0 7.2 13 320 M M 0 17 310
21 73 37 55 11 10 0 0.00 0.0 0 7.8 13 210 M M 0 16 220
22 73 43 58 14 7 0 0.00 0.0 0 16.6 30 200 M M 1 43 180
23 63 35 49 5 16 0 0.00 0.0 0 19.6 32 360 M M 1 8 46 200
24 58 25 42 -2 23 0 0.00 0.0 0 10.4 28 270 M M 0 40 270
25 70 30 50 6 15 0 0.00 0.0 0 6.1 15 280 M M 0 23 270
26 70 37 54 10 11 0 0.00 0.0 0 13.6 25 200 M M 0 34 220
27 72 46 59 15 6 0 0.00 0.0 0 12.4 26 200 M M 0 38 220
28 57 37 47 3 18 0 0.00 0.0 0 9.2 29 120 M M 5 37 110
29 73 57 65 21 0 0 0.00 0.0 0 22.7 38 190 M M 5 50 200
30 62 36 49 5 16 0 0.73 0.0 0 16.7 37 360 M M 9 13 50 350
31 36 31 34 -10 31 0 0.98 2.6 0 17.8 30 340 M M 10 146 40 360
================================================================================
SM 1922 1070 512 0 1.82 2.6 343.9 M 64
================================================================================
AV 62.0 34.5 11.1 FASTST M M 2 MAX(MPH)
MISC ----> 38 190 # 50 200
================================================================================
NOTES:
# LAST OF SEVERAL OCCURRENCES
COLUMN 17 PEAK WIND IN M.P.H.
PRELIMINARY LOCAL CLIMATOLOGICAL DATA (WS FORM: F-6) , PAGE 2
STATION: ABILENE
MONTH: DECEMBER
YEAR: 2020
LATITUDE: 32 25 N
LONGITUDE: 99 41 W
[TEMPERATURE DATA] [PRECIPITATION DATA] SYMBOLS USED IN COLUMN 16
AVERAGE MONTHLY: 48.3 TOTAL FOR MONTH: 1.82 1 = FOG OR MIST
DPTR FM NORMAL: 3.0 DPTR FM NORMAL: 0.59 2 = FOG REDUCING VISIBILITY
HIGHEST: 82 ON 10 GRTST 24HR 0.98 ON 31-31 TO 1/4 MILE OR LESS
LOWEST: 19 ON 14 3 = THUNDER
SNOW, ICE PELLETS, HAIL 4 = ICE PELLETS
TOTAL MONTH: 2.6 INCHES 5 = HAIL
GRTST 24HR 2.6 ON 31-31 6 = FREEZING RAIN OR DRIZZLE
GRTST DEPTH: 0 7 = DUSTSTORM OR SANDSTORM:
VSBY 1/2 MILE OR LESS
8 = SMOKE OR HAZE
[NO. OF DAYS WITH] [WEATHER - DAYS WITH] 9 = BLOWING SNOW
X = TORNADO
MAX 32 OR BELOW: 0 0.01 INCH OR MORE: 6
MAX 90 OR ABOVE: 0 0.10 INCH OR MORE: 2
MIN 32 OR BELOW: 14 0.50 INCH OR MORE: 2
MIN 0 OR BELOW: 0 1.00 INCH OR MORE: 0
[HDD (BASE 65) ]
TOTAL THIS MO. 512 CLEAR (SCALE 0-3) 23
DPTR FM NORMAL -100 PTCLDY (SCALE 4-7) 6
TOTAL FM JUL 1 878 CLOUDY (SCALE 8-10) 2
DPTR FM NORMAL -167
[CDD (BASE 65) ]
TOTAL THIS MO. 0
DPTR FM NORMAL -1 [PRESSURE DATA]
TOTAL FM JAN 1 2763 HIGHEST SLP 30.43 ON 24
DPTR FM NORMAL 354 LOWEST SLP 29.71 ON 29
[REMARKS]
#FINAL-12-20#