000
CXUS55 KABQ 011246
CF6ABQ
PRELIMINARY LOCAL CLIMATOLOGICAL DATA (WS FORM: F-6)
STATION: ALBUQUERQUE NM
MONTH: OCTOBER
YEAR: 2023
LATITUDE: 35 2 N
LONGITUDE: 106 37 W
TEMPERATURE IN F: :PCPN: SNOW: WIND :SUNSHINE: SKY :PK WND
================================================================================
1 2 3 4 5 6A 6B 7 8 9 10 11 12 13 14 15 16 17 18
12Z AVG MX 2MIN
DY MAX MIN AVG DEP HDD CDD WTR SNW DPTH SPD SPD DIR MIN PSBL S-S WX SPD DR
================================================================================
1 84 63 74 9 0 9 0.00 0.0 0 19.1 37 170 M M 4 47 180
2 82 60 71 7 0 6 T 0.0 0 12.9 37 180 M M 7 3 51 170
3 74 49 62 -2 3 0 0.00 0.0 0 7.5 17 270 M M 1 23 260
4 76 50 63 0 2 0 0.00 0.0 0 8.4 15 340 M M 1 22 310
5 78 50 64 1 1 0 0.00 0.0 0 5.9 17 80 M M 0 21 90
6 78 53 66 4 0 1 0.00 0.0 0 12.2 35 90 M M 2 52 90
7 74 50 62 0 3 0 0.00 0.0 0 6.6 24 80 M M 2 34 80
8 80 53 67 5 0 2 0.00 0.0 0 4.4 16 240 M M 2 8 22 250
9 80 51 66 5 0 1 0.00 0.0 0 4.6 16 200 M M 3 22 200
10 79 51 65 4 0 0 T 0.0 0 5.7 22 220 M M 4 29 220
11 85 53 69 9 0 4 0.00 0.0 0 10.7 30 270 M M 1 41 270
12 69 49 59 -1 6 0 0.00 0.0 0 11.7 28 310 M M 2 39 310
13 67 39 53 -7 12 0 0.00 0.0 0 3.9 10 50 M M 2 12 30
14 73 46 60 1 5 0 0.00 0.0 0 5.0 14 350 M M 2 18 360
15 77 45 61 2 4 0 0.00 0.0 0 7.9 24 80 M M 0 30 90
16 75 47 61 3 4 0 0.00 0.0 0 4.7 12 340 M M 0 14 340
17 81 50 66 8 0 1 0.00 0.0 0 4.2 14 330 M M 1 19 320
18 85 48 67 9 0 2 0.00 0.0 0 5.5 22 90 M M 1 29 90
19 81 51 66 9 0 1 0.00 0.0 0 4.9 22 80 M M 0 28 90
20 83 49 66 9 0 1 0.00 0.0 0 4.9 15 10 M M 1 19 10
21 83 52 68 12 0 3 0.00 0.0 0 5.4 13 20 M M 3 18 360
22 81 51 66 10 0 1 0.00 0.0 0 6.0 10 190 M M 1 16 140
23 79 54 67 12 0 2 T 0.0 0 6.6 15 260 M M 3 19 110
24 70 51 61 6 4 0 T 0.0 0 7.4 32 200 M M 8 8 43 190
25 68 51 60 5 5 0 0.00 0.0 0 8.4 18 170 M M 6 28 160
26 71 45 58 4 7 0 0.00 0.0 0 7.4 16 180 M M 1 24 270
27 72 46 59 5 6 0 0.00 0.0 0 9.1 23 180 M M 1 29 180
28 73 47 60 7 5 0 0.00 0.0 0 5.5 16 220 M M 3 22 180
29 55 31 43 -10 22 0 0.00 0.0 0 18.5 36 80 M M 6 45 90
30 48 30 39 -13 26 0 0.00 0.0 0 8.5 30 90 M M 4 37 90
31 57 31 44 -8 21 0 0.00 0.0 0 4.8 14 10 M M 0 17 10
================================================================================
SM 2318 1496 136 34 T 0.0 238.3 M 72
================================================================================
AV 74.8 48.3 7.7 FASTST M M 2 MAX(MPH)
MISC ----> # 37 170 52 90
================================================================================
NOTES:
# LAST OF SEVERAL OCCURRENCES
COLUMN 17 PEAK WIND IN M.P.H.
PRELIMINARY LOCAL CLIMATOLOGICAL DATA (WS FORM: F-6) , PAGE 2
STATION: ALBUQUERQUE NM
MONTH: OCTOBER
YEAR: 2023
LATITUDE: 35 2 N
LONGITUDE: 106 37 W
[TEMPERATURE DATA] [PRECIPITATION DATA] SYMBOLS USED IN COLUMN 16
AVERAGE MONTHLY: 61.5 TOTAL FOR MONTH: T 1 = FOG OR MIST
DPTR FM NORMAL: 3.1 DPTR FM NORMAL: -0.87 2 = FOG REDUCING VISIBILITY
HIGHEST: 85 ON 18,11 GRTST 24HR T ON 2- 2 TO 1/4 MILE OR LESS
LOWEST: 30 ON 30 3 = THUNDER
SNOW, ICE PELLETS, HAIL 4 = ICE PELLETS
TOTAL MONTH: 0.0 INCH 5 = HAIL
GRTST 24HR 0.0 6 = FREEZING RAIN OR DRIZZLE
GRTST DEPTH: 0 7 = DUSTSTORM OR SANDSTORM:
VSBY 1/2 MILE OR LESS
8 = SMOKE OR HAZE
[NO. OF DAYS WITH] [WEATHER - DAYS WITH] 9 = BLOWING SNOW
X = TORNADO
MAX 32 OR BELOW: 0 0.01 INCH OR MORE: 0
MAX 90 OR ABOVE: 0 0.10 INCH OR MORE: 0
MIN 32 OR BELOW: 3 0.50 INCH OR MORE: 0
MIN 0 OR BELOW: 0 1.00 INCH OR MORE: 0
[HDD (BASE 65) ]
TOTAL THIS MO. 136 CLEAR (SCALE 0-3) 23
DPTR FM NORMAL -84 PTCLDY (SCALE 4-7) 8
TOTAL FM JUL 1 143 CLOUDY (SCALE 8-10) 0
DPTR FM NORMAL -95
[CDD (BASE 65) ]
TOTAL THIS MO. 34
DPTR FM NORMAL 21 [PRESSURE DATA]
TOTAL FM JAN 1 1790 HIGHEST SLP 30.48 ON 30
DPTR FM NORMAL 354 LOWEST SLP 29.28 ON 11
[REMARKS]
#FINAL-10-23#