000
CXUS54 KLZK 011230
CF6ADF
PRELIMINARY LOCAL CLIMATOLOGICAL DATA (WS FORM: F-6)
STATION: ARKADELPHIA AIRPORT
MONTH: JANUARY
YEAR: 2022
LATITUDE: 34 9 N
LONGITUDE: 93 4 W
TEMPERATURE IN F: :PCPN: SNOW: WIND :SUNSHINE: SKY :PK WND
================================================================================
1 2 3 4 5 6A 6B 7 8 9 10 11 12 13 14 15 16 17 18
12Z AVG MX 2MIN
DY MAX MIN AVG DEP HDD CDD WTR SNW DPTH SPD SPD DIR MIN PSBL S-S WX SPD DR
================================================================================
1 73 40 57 16 8 0 0.00 M M 9.0 12 190 M M 10 M M
2 M M M M M M 0.00 M M M M M M M M M M
3 43 15 29 -12 36 0 0.00 M M 1.4 8 280 M M 0 M M
4 54 17 36 -5 29 0 0.00 M M 4.1 14 170 M M 0 21 170
5 65 25 45 4 20 0 T M M 3.6 9 70 M M 1 M M
6 47 29 38 -3 27 0 0.01 M M 8.0 20 10 M M 6 26 10
7 41 24 33 -8 32 0 0.00 M M 4.9 7 30 M M 1 M M
8 62 34 48 7 17 0 1.35 M M 2.6 10 10 M M 10 13 M M
9 65 41 53 12 12 0 0.38 M M 9.5 20 20 M M 9 13 25 30
10 54 26 40 -1 25 0 0.00 M M 4.8 12 20 M M 0 M M
11 59 22 41 0 24 0 0.00 M M M M M M M M M M
12 62 24 43 2 22 0 0.00 M M M M M M M M M M
13 73 27 50 9 15 0 0.00 M M 3.9 12 330 M M 0 20 330
14 63 32 48 7 17 0 0.00 M M 2.3 7 99 M M 0 M M
15 52 30 41 0 24 0 0.07 M M 8.5 17 320 M M 8 1 25 320
16 49 29 39 -2 26 0 0.01 M M 7.5 13 320 M M 3 21 330
17 59 25 42 1 23 0 0.00 M M 3.4 10 290 M M 0 16 310
18 67 24 46 5 19 0 0.00 M M 3.9 17 190 M M 0 8 22 190
19 62 36 49 8 16 0 0.05 M M 4.8 21 20 M M 8 1 35 10
20 37 26 32 -9 33 0 0.00 M M 11.6 20 20 M M 2 27 20
21 37 18 28 -13 37 0 0.00 M M 6.4 12 10 M M 0 M M
22 46 10 28 -13 37 0 0.00 M M 1.0 5 120 M M 0 M M
23 61 17 39 -2 26 0 0.00 M M 4.1 15 250 M M 0 21 250
24 62 23 43 1 22 0 0.00 M M 3.6 15 230 M M 2 18 230
25 51 31 41 -1 24 0 0.00 M M 6.9 17 10 M M 1 1 21 40
26 44 27 36 -6 29 0 0.00 M M 5.2 10 50 M M 0 20 50
27 48 26 37 -5 28 0 0.00 M M 1.9 6 300 M M 9 M M
28 53 24 39 -3 26 0 0.00 M M 8.0 16 300 M M 3 26 330
29 55 15 35 -7 30 0 0.00 M M 3.7 14 220 M M 0 20 220
30 71 20 46 4 19 0 0.00 M M 3.3 9 210 M M 0 M M
31 70 23 47 5 18 0 0.00 M M 4.2 13 180 M M 4 18 170
================================================================================
SM 1685 760 721 0 1.87 M 142.1 M 77
================================================================================
AV 56.2 25.3 5.1 FASTST M M 3 MAX(MPH)
MISC ----> 21 20 35 10
================================================================================
NOTES:
# LAST OF SEVERAL OCCURRENCES
COLUMN 17 PEAK WIND IN M.P.H.
PRELIMINARY LOCAL CLIMATOLOGICAL DATA (WS FORM: F-6) , PAGE 2
STATION: ARKADELPHIA AIRPORT
MONTH: JANUARY
YEAR: 2022
LATITUDE: 34 9 N
LONGITUDE: 93 4 W
[TEMPERATURE DATA] [PRECIPITATION DATA] SYMBOLS USED IN COLUMN 16
AVERAGE MONTHLY: 40.8 TOTAL FOR MONTH: 1.87 1 = FOG OR MIST
DPTR FM NORMAL: -0.5 DPTR FM NORMAL: -1.98 2 = FOG REDUCING VISIBILITY
HIGHEST: 73 ON 13, 1 GRTST 24HR 1.35 ON 8- 8 TO 1/4 MILE OR LESS
LOWEST: 10 ON 22 3 = THUNDER
SNOW, ICE PELLETS, HAIL 4 = ICE PELLETS
TOTAL MONTH: M 5 = HAIL
GRTST 24HR M ON M 6 = FREEZING RAIN OR DRIZZLE
GRTST DEPTH: M ON M 7 = DUSTSTORM OR SANDSTORM:
VSBY 1/2 MILE OR LESS
8 = SMOKE OR HAZE
[NO. OF DAYS WITH] [WEATHER - DAYS WITH] 9 = BLOWING SNOW
X = TORNADO
MAX 32 OR BELOW: 0 0.01 INCH OR MORE: 6
MAX 90 OR ABOVE: 0 0.10 INCH OR MORE: 2
MIN 32 OR BELOW: 26 0.50 INCH OR MORE: 1
MIN 0 OR BELOW: 0 1.00 INCH OR MORE: 1
[HDD (BASE 65) ]
TOTAL THIS MO. 721 CLEAR (SCALE 0-3) 20
DPTR FM NORMAL -14 PTCLDY (SCALE 4-7) 2
TOTAL FM JUL 1 1615 CLOUDY (SCALE 8-10) 9
DPTR FM NORMAL -342
[CDD (BASE 65) ]
TOTAL THIS MO. 0
DPTR FM NORMAL 0 [PRESSURE DATA]
TOTAL FM JAN 1 0 HIGHEST SLP M ON M
DPTR FM NORMAL 0 LOWEST SLP M ON M
[REMARKS]
#FINAL-01-22#