000
CXUS54 KFWD 041950
CF6AFW
PRELIMINARY LOCAL CLIMATOLOGICAL DATA (WS FORM: F-6)
STATION: FORT WORTH ALLIANCE
MONTH: MARCH
YEAR: 2023
LATITUDE: 32 58 N
LONGITUDE: 97 19 W
TEMPERATURE IN F: :PCPN: SNOW: WIND :SUNSHINE: SKY :PK WND
================================================================================
1 2 3 4 5 6A 6B 7 8 9 10 11 12 13 14 15 16 17 18
12Z AVG MX 2MIN
DY MAX MIN AVG DEP HDD CDD WTR SNW DPTH SPD SPD DIR MIN PSBL S-S WX SPD DR
================================================================================
1 70 56 63 9 2 0 T M M 6.6 18 180 M M 10 1 23 180
2 81 52 67 13 0 2 0.91 M M 12.4 43 310 M M 9 13 61 310
3 64 44 54 0 11 0 0.13 M M 10.0 26 290 M M 2 1 35 300
4 76 44 60 5 5 0 0.00 M M 8.1 21 180 M M 0 29 180
5 77 51 64 9 1 0 0.00 M M 14.6 28 180 M M 3 36 180
6 82 56 69 14 0 4 0.00 M M 10.3 20 190 M M 7 26 200
7 74 59 67 11 0 2 0.00 M M 8.3 17 170 M M 6 18 22 140
8 60 49 55 -1 10 0 0.06 M M 10.5 20 330 M M 10 138 25 330
9 67 53 60 4 5 0 0.26 M M 7.1 22 10 M M 10 1238 28 10
10 65 42 54 -2 11 0 0.00 M M 8.3 18 160 M M 5 31 60
11 87 55 71 14 0 6 0.00 M M 15.2 24 190 M M 7 1 32 200
12 66 48 57 0 8 0 T M M 15.5 25 30 M M 7 35 20
13 58 42 50 -8 15 0 0.00 M M 11.3 18 40 M M 7 26 30
14 62 40 51 -7 14 0 0.00 M M 7.5 14 40 M M 6 21 40
15 68 45 57 -1 8 0 0.00 M M 17.6 29 160 M M 6 40 170
16 73 42 58 0 7 0 0.18 M M 21.7 38 350 M M 10 13 49 350
17 54 38 46 -13 19 0 0.00 M M 14.2 29 350 M M 7 40 340
18 55 37 46 -13 19 0 0.00 M M 8.8 21 20 M M 6 28 10
19 53 28 41 -18 24 0 0.00 M M 6.2 12 40 M M 3 23 60
20 56 38 47 -13 18 0 0.00 M M 17.1 29 170 M M 8 39 180
21 72 50 61 1 4 0 T M M 18.7 29 170 M M 9 1 37 170
22 82 67 75 15 0 10 0.00 M M 18.8 26 160 M M 9 34 170
23 83 69 76 16 0 11 0.00 M M 17.0 28 170 M M 9 36 180
24 75 57 66 5 0 1 0.74 M M 11.3 28 280 M M 7 13 39 280
25 74 49 62 1 3 0 T M M 9.4 24 290 M M 0 33 290
26 75 45 60 -1 5 0 0.00 M M 8.0 21 10 M M 0 30 340
27 69 44 57 -5 8 0 0.00 M M 7.8 15 30 M M 6 22 50
28 63 45 54 -8 11 0 0.00 M M 12.0 23 10 M M 7 30 10
29 63 45 54 -8 11 0 T M M 7.9 16 150 M M 8 20 140
30 73 60 67 5 0 2 0.01 M M 16.1 33 150 M M 10 1 44 150
31 84 61 73 10 0 8 T M M 18.1 33 270 M M 6 45 250
================================================================================
SM 2161 1511 219 46 2.29 M 376.4 M 200
================================================================================
AV 69.7 48.7 12.1 FASTST M M 6 MAX(MPH)
MISC ----> 43 310 61 310
================================================================================
NOTES:
# LAST OF SEVERAL OCCURRENCES
COLUMN 17 PEAK WIND IN M.P.H.
PRELIMINARY LOCAL CLIMATOLOGICAL DATA (WS FORM: F-6) , PAGE 2
STATION: FORT WORTH ALLIANCE
MONTH: MARCH
YEAR: 2023
LATITUDE: 32 58 N
LONGITUDE: 97 19 W
[TEMPERATURE DATA] [PRECIPITATION DATA] SYMBOLS USED IN COLUMN 16
AVERAGE MONTHLY: 59.2 TOTAL FOR MONTH: 2.29 1 = FOG OR MIST
DPTR FM NORMAL: 0.8 DPTR FM NORMAL: -0.58 2 = FOG REDUCING VISIBILITY
HIGHEST: 87 ON 11 GRTST 24HR 0.91 ON 2- 2 TO 1/4 MILE OR LESS
LOWEST: 28 ON 19 3 = THUNDER
SNOW, ICE PELLETS, HAIL 4 = ICE PELLETS
TOTAL MONTH: M 5 = HAIL
GRTST 24HR M ON M 6 = FREEZING RAIN OR DRIZZLE
GRTST DEPTH: M ON M 7 = DUSTSTORM OR SANDSTORM:
VSBY 1/2 MILE OR LESS
8 = SMOKE OR HAZE
[NO. OF DAYS WITH] [WEATHER - DAYS WITH] 9 = BLOWING SNOW
X = TORNADO
MAX 32 OR BELOW: 0 0.01 INCH OR MORE: 7
MAX 90 OR ABOVE: 0 0.10 INCH OR MORE: 5
MIN 32 OR BELOW: 1 0.50 INCH OR MORE: 2
MIN 0 OR BELOW: 0 1.00 INCH OR MORE: 0
[HDD (BASE 65) ]
TOTAL THIS MO. 219 CLEAR (SCALE 0-3) 5
DPTR FM NORMAL -29 PTCLDY (SCALE 4-7) 17
TOTAL FM JUL 1 1953 CLOUDY (SCALE 8-10) 9
DPTR FM NORMAL -162
[CDD (BASE 65) ]
TOTAL THIS MO. 46
DPTR FM NORMAL 5 [PRESSURE DATA]
TOTAL FM JAN 1 76 HIGHEST SLP 30.60 ON 19
DPTR FM NORMAL 22 LOWEST SLP 29.24 ON 2
[REMARKS]
#FINAL-03-23#