000
CXUS54 KFWD 010730
CF6AFW
PRELIMINARY LOCAL CLIMATOLOGICAL DATA (WS FORM: F-6)
STATION: FORT WORTH ALLIANCE
MONTH: MAY
YEAR: 2021
LATITUDE: 32 58 N
LONGITUDE: 97 19 W
TEMPERATURE IN F: :PCPN: SNOW: WIND :SUNSHINE: SKY :PK WND
================================================================================
1 2 3 4 5 6A 6B 7 8 9 10 11 12 13 14 15 16 17 18
12Z AVG MX 2MIN
DY MAX MIN AVG DEP HDD CDD WTR SNW DPTH SPD SPD DIR MIN PSBL S-S WX SPD DR
================================================================================
1 71 63 67 -2 0 2 0.05 M M 6.7 14 130 M M 10 18 24 110
2 81 65 73 3 0 8 0.05 M M 8.4 20 160 M M 7 1 24 170
3 89 69 79 9 0 14 0.02 M M 12.9 23 260 M M 4 3 33 260
4 74 55 65 -5 0 0 M M M 14.0 28 350 M M 5 35 350
5 76 48 62 -8 3 0 0.00 M M 5.6 13 60 M M 2 20 50
6 81 53 67 -4 0 2 0.00 M M 5.4 16 40 M M 2 24 10
7 84 58 71 0 0 6 0.00 M M 10.7 25 160 M M 3 32 160
8 87 63 75 4 0 10 0.00 M M 21.5 36 190 M M 5 45 190
9 80 62 71 -1 0 6 T M M 14.8 32 180 M M 5 43 170
10 62 55 59 -13 6 0 1.34 M M 11.4 32 250 M M 10 1358 56 250
11 60 56 58 -14 7 0 0.86 M M 10.6 20 50 M M 10 13 25 70
12 62 54 58 -15 7 0 T M M 9.1 17 10 M M 10 1 24 30
13 74 58 66 -7 0 1 0.00 M M 5.5 10 50 M M 6 20 70
14 77 60 69 -5 0 4 0.00 M M 9.7 20 150 M M 6 25 150
15 82 62 72 -2 0 7 0.00 M M 14.0 26 160 M M 8 35 160
16 80 67 74 0 0 9 1.11 M M 13.1 29 180 M M 9 13 34 160
17 81 66 74 -1 0 9 1.01 M M 11.1 33 150 M M 8 13 42 150
18 73 62 68 -7 0 3 1.29 M M 7.1 23 280 M M 9 13 32 300
19 81 64 73 -2 0 8 0.00 M M 6.2 17 140 M M 9 25 180
20 79 68 74 -2 0 9 0.00 M M 5.1 12 120 M M 8 18 80
21 86 69 78 2 0 13 0.00 M M 9.9 20 130 M M 8 26 130
22 77 69 73 -3 0 8 2.64 M M 10.9 18 120 M M 10 128 27 120
23 76 67 72 -5 0 7 0.10 M M 9.0 20 150 M M 10 1 25 140
24 75 67 71 -6 0 6 1.28 M M 8.7 23 120 M M 10 13 34 120
25 82 66 74 -4 0 9 0.63 M M 9.4 24 210 M M 8 13 34 230
26 90 72 81 3 0 16 0.00 M M 10.1 17 160 M M 6 24 160
27 88 74 81 3 0 16 T M M 14.8 32 40 M M 8 3 46 40
28 80 67 74 -4 0 9 T M M 5.7 26 10 M M 9 3 36 30
29 84 64 74 -5 0 9 0.00 M M 9.0 15 70 M M 5 20 50
30 76 65 71 -8 0 6 0.00 M M 10.4 17 110 M M 9 26 70
31 72 65 69 -11 0 4 1.72 M M 9.3 24 150 M M 10 13 31 160
================================================================================
SM 2420 1953 23 201 12.10 M 310.1 M 229
================================================================================
AV 78.1 63.0 10.0 FASTST M M 7 MAX(MPH)
MISC ----> 36 190 56 250
================================================================================
NOTES:
# LAST OF SEVERAL OCCURRENCES
COLUMN 17 PEAK WIND IN M.P.H.
PRELIMINARY LOCAL CLIMATOLOGICAL DATA (WS FORM: F-6) , PAGE 2
STATION: FORT WORTH ALLIANCE
MONTH: MAY
YEAR: 2021
LATITUDE: 32 58 N
LONGITUDE: 97 19 W
[TEMPERATURE DATA] [PRECIPITATION DATA] SYMBOLS USED IN COLUMN 16
AVERAGE MONTHLY: 70.5 TOTAL FOR MONTH: 12.10 1 = FOG OR MIST
DPTR FM NORMAL: -3.7 DPTR FM NORMAL: 8.00 2 = FOG REDUCING VISIBILITY
HIGHEST: 90 ON 26 GRTST 24HR 2.72 ON 22-23 TO 1/4 MILE OR LESS
LOWEST: 48 ON 5 3 = THUNDER
SNOW, ICE PELLETS, HAIL 4 = ICE PELLETS
TOTAL MONTH: M 5 = HAIL
GRTST 24HR M ON M 6 = FREEZING RAIN OR DRIZZLE
GRTST DEPTH: M ON M 7 = DUSTSTORM OR SANDSTORM:
VSBY 1/2 MILE OR LESS
8 = SMOKE OR HAZE
[NO. OF DAYS WITH] [WEATHER - DAYS WITH] 9 = BLOWING SNOW
X = TORNADO
MAX 32 OR BELOW: 0 0.01 INCH OR MORE: 13
MAX 90 OR ABOVE: 1 0.10 INCH OR MORE: 10
MIN 32 OR BELOW: 0 0.50 INCH OR MORE: 9
MIN 0 OR BELOW: 0 1.00 INCH OR MORE: 7
[HDD (BASE 65) ]
TOTAL THIS MO. 23 CLEAR (SCALE 0-3) 2
DPTR FM NORMAL 11 PTCLDY (SCALE 4-7) 14
TOTAL FM JUL 1 2249 CLOUDY (SCALE 8-10) 15
DPTR FM NORMAL 38
[CDD (BASE 65) ]
TOTAL THIS MO. 201
DPTR FM NORMAL -97 [PRESSURE DATA]
TOTAL FM JAN 1 298 HIGHEST SLP M ON M
DPTR FM NORMAL -164 LOWEST SLP 29.40 ON 3
[REMARKS]
#FINAL-05-21#